{"id":111112,"date":"2026-03-20T20:28:28","date_gmt":"2026-03-20T20:28:28","guid":{"rendered":"https:\/\/soydeaqui.ddns.net\/pachuca\/index.php\/producto\/protector-coaxial-contra-descargas-electricas-de-125-a-1000-mhz-con-conector-n-macho-a-la-antena\/"},"modified":"2026-03-20T20:28:29","modified_gmt":"2026-03-20T20:28:29","slug":"protector-coaxial-contra-descargas-electricas-de-125-a-1000-mhz-con-conector-n-macho-a-la-antena","status":"publish","type":"product","link":"https:\/\/soydeaqui.ddns.net\/pachuca\/index.php\/producto\/protector-coaxial-contra-descargas-electricas-de-125-a-1000-mhz-con-conector-n-macho-a-la-antena\/","title":{"rendered":"Protector Coaxial Contra Descargas El\u00e9ctricas de 125 a 1000 MHz Con Conector N Macho a la Antena"},"content":{"rendered":"<div style='width: 100%; max-width: 1200px; margin: 0 auto; font-family: sans-serif; line-height: 1.6; color: inherit; background-color: transparent;'> <!-- Secci\u00f3n de caracter\u00edsticas principales --> <\/p>\n<div style='display: flex; flex-wrap: wrap; gap: 30px; margin-bottom: 30px;'>\n<div style='flex: 1 1 300px; min-width: 280px;'>\n<h3 style='font-size: 22px; border-bottom: 2px solid currentColor; padding-bottom: 5px; margin-top: 0; color: inherit; opacity: 0.8;'>Caracter\u00edsticas Principales<\/h3>\n<ul style='padding-left: 20px; font-size: 15px; color: inherit;'>\n<li style='margin-bottom: 5px;'><strong>Bloqueo de DC:<\/strong> Para protecci\u00f3n el\u00e9ctrica avanzada<\/li>\n<li style='margin-bottom: 5px;'><strong>Rango de frecuencia:<\/strong> 125 MHz a 1.0 GHz<\/li>\n<li style='margin-bottom: 5px;'><strong>Voltaje de activaci\u00f3n:<\/strong> 1200VDC \u00b120%<\/li>\n<li style='margin-bottom: 5px;'><strong>Potencia RF:<\/strong> VHF 500 W&comma; UHF 250 W<\/li>\n<li style='margin-bottom: 5px;'><strong>Conector:<\/strong> N macho a la antena&comma; hembra al equipo<\/li>\n<\/ul><\/div>\n<\/p><\/div>\n<p> <!-- Secci\u00f3n de especificaciones t\u00e9cnicas --> <\/p>\n<div style='display: flex; flex-wrap: wrap; gap: 20px; margin-bottom: 30px;'>\n<div style='flex: 1 1 250px; border: 1px solid rgba(150&comma; 150&comma; 150&comma; 0.4); border-radius: 8px; overflow: hidden; display: flex; flex-direction: column;'>\n<div style='padding: 15px; border-bottom: 1px solid rgba(150&comma; 150&comma; 150&comma; 0.2); font-weight: bold; font-size: 18px; color: inherit;'>Especificaciones T\u00e9cnicas<\/div>\n<div style='padding: 15px; color: inherit;'>\n<ul style='padding-left: 20px; margin: 0; font-size: 14px; list-style-type: disc;'>\n<li style='margin-bottom: 5px;'><strong>Tipo:<\/strong> Bloqueo de DC<\/li>\n<li style='margin-bottom: 5px;'><strong>Tipo de montaje:<\/strong> Mampara<\/li>\n<li style='margin-bottom: 5px;'><strong>Tasa de PIM:<\/strong> N<\/li>\n<li style='margin-bottom: 5px;'><strong>Rango de frecuencia:<\/strong> 125 MHz a 1.0 GHz<\/li>\n<li style='margin-bottom: 5px;'><strong>Voltaje de activaci\u00f3n:<\/strong> 1200Vdc \u00b1 20%<\/li>\n<li style='margin-bottom: 5px;'><strong>Potencia en RF:<\/strong> VHF 500 W&comma; UHF 250 W<\/li>\n<li style='margin-bottom: 5px;'><strong>VSWR:<\/strong> \u22641.1 to 1 sobre el rango de frecuencia<\/li>\n<li style='margin-bottom: 5px;'><strong>P\u00e9rdida por inserci\u00f3n:<\/strong> \u22640.1dB sobre el rango de frecuencia<\/li>\n<\/ul><\/div>\n<\/p><\/div>\n<p> <!-- Secci\u00f3n de est\u00e1ndares y certificaciones --> <\/p>\n<div style='flex: 1 1 250px; border: 1px solid rgba(150&comma; 150&comma; 150&comma; 0.4); border-radius: 8px; overflow: hidden; display: flex; flex-direction: column;'>\n<div style='padding: 15px; border-bottom: 1px solid rgba(150&comma; 150&comma; 150&comma; 0.2); font-weight: bold; font-size: 18px; color: inherit;'>Est\u00e1ndares y Certificaciones<\/div>\n<div style='padding: 15px; color: inherit;'>\n<ul style='padding-left: 20px; margin: 0; font-size: 14px; list-style-type: disc;'>\n<li style='margin-bottom: 5px;'><strong>Estandares:<\/strong> CE Compliant&comma; ROHS Compliant<\/li>\n<\/ul><\/div>\n<\/p><\/div>\n<p> <!-- Secci\u00f3n de conectores --> <\/p>\n<div style='flex: 1 1 250px; border: 1px solid rgba(150&comma; 150&comma; 150&comma; 0.4); border-radius: 8px; overflow: hidden; display: flex; flex-direction: column;'>\n<div style='padding: 15px; border-bottom: 1px solid rgba(150&comma; 150&comma; 150&comma; 0.2); font-weight: bold; font-size: 18px; color: inherit;'>Conectores<\/div>\n<div style='padding: 15px; color: inherit;'>\n<ul style='padding-left: 20px; margin: 0; font-size: 14px; list-style-type: disc;'>\n<li style='margin-bottom: 5px;'><strong>Conectores:<\/strong> N<\/li>\n<li style='margin-bottom: 5px;'><strong>Conector sin protecci\u00f3n:<\/strong> N macho<\/li>\n<li style='margin-bottom: 5px;'><strong>Conector protegido:<\/strong> N hembra<\/li>\n<\/ul><\/div>\n<\/p><\/div>\n<p> <!-- Secci\u00f3n de aplicaciones --> <\/p>\n<div style='flex: 1 1 250px; border: 1px solid rgba(150&comma; 150&comma; 150&comma; 0.4); border-radius: 8px; overflow: hidden; display: flex; flex-direction: column;'>\n<div style='padding: 15px; border-bottom: 1px solid rgba(150&comma; 150&comma; 150&comma; 0.2); font-weight: bold; font-size: 18px; color: inherit;'>Aplicaciones<\/div>\n<div style='padding: 15px; color: inherit;'>\n<ul style='padding-left: 20px; margin: 0; font-size: 14px; list-style-type: disc;'>\n<li style='margin-bottom: 5px;'><strong>Protocolo\/Aplicaci\u00f3n:<\/strong> Para radios de 2 v\u00edas y aplicaciones de SCADA<\/li>\n<\/ul><\/div>\n<\/p><\/div>\n<p> <!-- Secci\u00f3n de especificaciones adicionales --> <\/p>\n<div style='flex: 1 1 250px; border: 1px solid rgba(150&comma; 150&comma; 150&comma; 0.4); border-radius: 8px; overflow: hidden; display: flex; flex-direction: column;'>\n<div style='padding: 15px; border-bottom: 1px solid rgba(150&comma; 150&comma; 150&comma; 0.2); font-weight: bold; font-size: 18px; color: inherit;'>Especificaciones Adicionales<\/div>\n<div style='padding: 15px; color: inherit;'>\n<ul style='padding-left: 20px; margin: 0; font-size: 14px; list-style-type: disc;'>\n<li style='margin-bottom: 5px;'><strong>Max Surge:<\/strong> 20 kA 8\/20\u00b5s Waveform<\/li>\n<li style='margin-bottom: 5px;'><strong>Perdida por inserci\u00f3n:<\/strong> \u22640.1dB<\/li>\n<li style='margin-bottom: 5px;'><strong>VSWR:<\/strong> \u22641.2:1 o mejor sobre rango de frecuencia<\/li>\n<li style='margin-bottom: 5px;'><strong>Return Loss:<\/strong> <20dB<\/li>\n<\/ul><\/div>\n<\/p><\/div>\n<\/p><\/div>\n<p> <!-- Separador --> <\/p>\n<hr style='border: 0; border-top: 1px solid rgba(150&comma; 150&comma; 150&comma; 0.3); margin: 30px 0;'> <!-- Secci\u00f3n de informaci\u00f3n adicional --> <\/p>\n<div style='display: flex; flex-wrap: wrap; gap: 30px; margin-bottom: 30px;'>\n<div style='flex: 1 1 300px; min-width: 280px;'>\n<h3 style='font-size: 22px; border-bottom: 2px solid currentColor; padding-bottom: 5px; margin-top: 0; color: inherit; opacity: 0.8;'>Informaci\u00f3n Adicional<\/h3>\n<ul style='padding-left: 20px; font-size: 15px; color: inherit;'>\n<li style='margin-bottom: 5px;'><strong>Montaje:<\/strong> Opciones flexibles de montaje en mampara y soporte<\/li>\n<li style='margin-bottom: 5px;'><strong>Tecnolog\u00eda:<\/strong> Patente de tecnolog\u00eda de supresi\u00f3n de sobretensi\u00f3n<\/li>\n<li style='margin-bottom: 5px;'><strong>Versiones:<\/strong> Disponible con conectores N y UHF<\/li>\n<li style='margin-bottom: 5px;'><strong>Versiones de alta potencia:<\/strong> Capaces hasta 3kW<\/li>\n<li style='margin-bottom: 5px;'><strong>Versiones EMP:<\/strong> Disponibles con conectores N<\/li>\n<\/ul><\/div>\n<\/p><\/div>\n<p> <!-- Separador --> <\/p>\n<hr style='border: 0; border-top: 1px solid rgba(150&comma; 150&comma; 150&comma; 0.3); margin: 30px 0;'> <!-- Secci\u00f3n de informaci\u00f3n de contacto --> <\/p>\n<div style='display: flex; flex-wrap: wrap; gap: 30px; margin-bottom: 30px;'>\n<div style='flex: 1 1 300px; min-width: 280px;'>\n<h3 style='font-size: 22px; border-bottom: 2px solid currentColor; padding-bottom: 5px; margin-top: 0; color: inherit; opacity: 0.8;'>Informaci\u00f3n de Contacto<\/h3>\n<p style='font-size: 15px; color: inherit; margin: 0;'>Para m\u00e1s informaci\u00f3n t\u00e9cnica y soporte&comma; visite nuestro sitio web o contacte a nuestros ingenieros especializados.<\/p>\n<p style='font-size: 15px; color: inherit; margin-top: 10px; margin-bottom: 0;'><strong>Tel\u00e9fono:<\/strong> +1.208.772.8515 | +1.800.882.9110<\/p>\n<p style='font-size: 15px; color: inherit; margin-top: 5px; margin-bottom: 0;'><strong>Sitio Web:<\/strong> <a href='https:\/\/www.polyphaser.com' style='color: inherit; text-decoration: underline;'>www.polyphaser.com<\/a><\/p>\n<\/p><\/div>\n<\/p><\/div>\n<\/p><\/div>\n","protected":false},"excerpt":{"rendered":"<p>Protector Coaxial Contra Descargas El\u00e9ctricas de 125 a 1000 MHz Con Conector N Macho a la Antena<\/p>\n","protected":false},"featured_media":111111,"comment_status":"open","ping_status":"closed","template":"","meta":[],"product_brand":[],"product_cat":[1334],"product_tag":[545,898,546],"class_list":{"0":"post-111112","1":"product","2":"type-product","3":"status-publish","4":"has-post-thumbnail","6":"product_cat-coaxial-proteccion-contra-descargas","7":"product_tag-coaxial","8":"product_tag-proteccion-contra-descargas","9":"product_tag-transtector","11":"first","12":"instock","13":"sale","14":"shipping-taxable","15":"purchasable","16":"product-type-simple"},"_links":{"self":[{"href":"https:\/\/soydeaqui.ddns.net\/pachuca\/index.php\/wp-json\/wp\/v2\/product\/111112","targetHints":{"allow":["GET"]}}],"collection":[{"href":"https:\/\/soydeaqui.ddns.net\/pachuca\/index.php\/wp-json\/wp\/v2\/product"}],"about":[{"href":"https:\/\/soydeaqui.ddns.net\/pachuca\/index.php\/wp-json\/wp\/v2\/types\/product"}],"replies":[{"embeddable":true,"href":"https:\/\/soydeaqui.ddns.net\/pachuca\/index.php\/wp-json\/wp\/v2\/comments?post=111112"}],"wp:featuredmedia":[{"embeddable":true,"href":"https:\/\/soydeaqui.ddns.net\/pachuca\/index.php\/wp-json\/wp\/v2\/media\/111111"}],"wp:attachment":[{"href":"https:\/\/soydeaqui.ddns.net\/pachuca\/index.php\/wp-json\/wp\/v2\/media?parent=111112"}],"wp:term":[{"taxonomy":"product_brand","embeddable":true,"href":"https:\/\/soydeaqui.ddns.net\/pachuca\/index.php\/wp-json\/wp\/v2\/product_brand?post=111112"},{"taxonomy":"product_cat","embeddable":true,"href":"https:\/\/soydeaqui.ddns.net\/pachuca\/index.php\/wp-json\/wp\/v2\/product_cat?post=111112"},{"taxonomy":"product_tag","embeddable":true,"href":"https:\/\/soydeaqui.ddns.net\/pachuca\/index.php\/wp-json\/wp\/v2\/product_tag?post=111112"}],"curies":[{"name":"wp","href":"https:\/\/api.w.org\/{rel}","templated":true}]}}