{"id":110950,"date":"2026-03-20T20:19:57","date_gmt":"2026-03-20T20:19:57","guid":{"rendered":"https:\/\/soydeaqui.ddns.net\/pachuca\/index.php\/producto\/inversor-de-corriente-cd-ca-600w-onda-sinusoidal-pura-ent12-vcc-sal-120-vca-60-hz\/"},"modified":"2026-03-20T20:20:08","modified_gmt":"2026-03-20T20:20:08","slug":"inversor-de-corriente-cd-ca-600w-onda-sinusoidal-pura-ent12-vcc-sal-120-vca-60-hz","status":"publish","type":"product","link":"https:\/\/soydeaqui.ddns.net\/pachuca\/index.php\/producto\/inversor-de-corriente-cd-ca-600w-onda-sinusoidal-pura-ent12-vcc-sal-120-vca-60-hz\/","title":{"rendered":"Inversor de Corriente (CD-CA) 600W Onda Sinusoidal Pura, Ent:12 Vcc, Sal: 120 Vca 60 Hz"},"content":{"rendered":"<div style='width: 100%; max-width: 1200px; margin: 0 auto; font-family: sans-serif; line-height: 1.6; color: inherit; background-color: transparent;'>\n<h1 style='text-align: center; font-size: 24px; margin-top: 0; margin-bottom: 20px; color: inherit;'><span style='display: block; font-size: 24pt;'>Inversores de CD-CA de onda sinusoidal pura serie PST<\/span><\/h1>\n<div style='display: flex; justify-content: center; margin-bottom: 20px;'> <img style='width: auto; max-width: 100%; height: auto; border: 1px solid rgba(150&comma;150&comma;150&comma;0.3); border-radius: 8px;' src='https:\/\/ftp3.syscom.mx\/usuarios\/anavarro\/Samlex\/SAM\/Samlexamerica.png' alt='Logo Samlex' width='511' height='118'> <\/div>\n<div style='display: flex; flex-wrap: wrap; gap: 20px; margin-bottom: 20px;'>\n<div style='flex: 1 1 400px; min-width: 300px;'> <img style='width: 100%; height: auto; border: 1px solid rgba(150&comma;150&comma;150&comma;0.3); border-radius: 8px;' src='https:\/\/ftp3.syscom.mx\/usuarios\/anavarro\/Samlex\/PST\/PST600\/PST-600-12_1100x680.jpg' alt='Inversor Samlex PST60012 frente'> <\/div>\n<div style='flex: 1 1 400px; min-width: 300px;'> <img style='width: 100%; height: auto; border: 1px solid rgba(150&comma;150&comma;150&comma;0.3); border-radius: 8px;' src='https:\/\/ftp3.syscom.mx\/usuarios\/anavarro\/Samlex\/PST\/PST600\/pst-600-back-1100x680.jpg' alt='Inversor Samlex PST60012 parte trasera'> <\/div>\n<\/p><\/div>\n<div style='text-align: right; margin-bottom: 20px; font-size: 14px; color: inherit; opacity: 0.7;'> *Imagen ilustrativa&comma; el producto f\u00edsico puede variar. <\/div>\n<div style='text-align: center; margin-bottom: 30px; font-size: 16px; color: inherit;'>\n<p style='margin: 0; padding: 0; font-size: 14pt;'>La serie PST de Samlex America es una serie de inversores de corriente dise\u00f1ada para aplicaciones de uso rudo y trabajo continuo&comma; ofreciendo una soluci\u00f3n confiable y de calidad para cubrir las necesidades energ\u00e9ticas en sistemas aislados de la red y una amplia gama aplicaciones m\u00f3viles.<\/p>\n<\/p><\/div>\n<div style='display: flex; flex-wrap: wrap; gap: 30px; margin-bottom: 30px;'>\n<div style='flex: 1 1 300px; min-width: 280px;'>\n<h3 style='font-size: 22px; border-bottom: 2px solid currentColor; padding-bottom: 5px; margin-top: 0; color: inherit; opacity: 0.8;'>Caracter\u00edsticas principales<\/h3>\n<ul style='padding-left: 20px; font-size: 15px; color: inherit; list-style-type: disc;'>\n<li style='margin-bottom: 5px; font-size: 14pt;'>Modelos de 120 a 3000 W en configuraci\u00f3n de 12 o 24 Vcc.<\/li>\n<li style='margin-bottom: 5px; font-size: 14pt;'>Dise\u00f1ados para trabajo continuo.<\/li>\n<li style='margin-bottom: 5px; font-size: 14pt;'>Tecnolog\u00eda de onda sinusoidal pura.<\/li>\n<li style='margin-bottom: 5px; font-size: 14pt;'>Alta eficiencia.<\/li>\n<li style='margin-bottom: 5px; font-size: 14pt;'>Ventilador controlado por temperatura.<\/li>\n<li style='margin-bottom: 5px; font-size: 14pt;'>Amplio rango de voltaje de entrada.<\/li>\n<\/ul><\/div>\n<div style='flex: 1 1 300px; min-width: 280px;'>\n<h3 style='font-size: 22px; border-bottom: 2px solid currentColor; padding-bottom: 5px; margin-top: 0; color: inherit; opacity: 0.8;'>Especificaciones<\/h3>\n<ul style='padding-left: 20px; font-size: 15px; color: inherit; list-style-type: disc;'>\n<li style='margin-bottom: 5px; font-size: 14pt;'><strong>Voltaje de entrada:<\/strong> 12 Vcc<\/li>\n<li style='margin-bottom: 5px; font-size: 14pt;'><strong>Voltaje de salida:<\/strong> 120 Vca<\/li>\n<li style='margin-bottom: 5px; font-size: 14pt;'><strong>Potencia nominal:<\/strong> 600 W<\/li>\n<li style='margin-bottom: 5px; font-size: 14pt;'><strong>Contactos de salida:<\/strong> 2<\/li>\n<li style='margin-bottom: 5px; font-size: 14pt;'><strong>Tipo de onda:<\/strong> Sinusoidal pura<\/li>\n<li style='margin-bottom: 5px; font-size: 14pt;'><strong>Dimensiones:<\/strong> 238 x 276.2 x 82 mm<\/li>\n<li style='margin-bottom: 5px; font-size: 14pt;'><strong>Peso:<\/strong> 2.7 kg<\/li>\n<\/ul><\/div>\n<\/p><\/div>\n<hr style='border: 0; border-top: 1px solid rgba(150&comma; 150&comma; 150&comma; 0.3); margin: 30px 0;'> <\/div>\n","protected":false},"excerpt":{"rendered":"<p>Inversor de Corriente (CD-CA) 600W Onda Sinusoidal Pura, Ent:12 Vcc, Sal: 120 Vca 60 Hz<\/p>\n","protected":false},"featured_media":110949,"comment_status":"open","ping_status":"closed","template":"","meta":[],"product_brand":[],"product_cat":[1120],"product_tag":[964,1121,1221],"class_list":{"0":"post-110950","1":"product","2":"type-product","3":"status-publish","4":"has-post-thumbnail","6":"product_cat-inversores-aislados-off-grid","7":"product_tag-energia-solar","8":"product_tag-inversores-aislados-off-grid","9":"product_tag-samlex","11":"first","12":"instock","13":"sale","14":"shipping-taxable","15":"purchasable","16":"product-type-simple"},"_links":{"self":[{"href":"https:\/\/soydeaqui.ddns.net\/pachuca\/index.php\/wp-json\/wp\/v2\/product\/110950","targetHints":{"allow":["GET"]}}],"collection":[{"href":"https:\/\/soydeaqui.ddns.net\/pachuca\/index.php\/wp-json\/wp\/v2\/product"}],"about":[{"href":"https:\/\/soydeaqui.ddns.net\/pachuca\/index.php\/wp-json\/wp\/v2\/types\/product"}],"replies":[{"embeddable":true,"href":"https:\/\/soydeaqui.ddns.net\/pachuca\/index.php\/wp-json\/wp\/v2\/comments?post=110950"}],"wp:featuredmedia":[{"embeddable":true,"href":"https:\/\/soydeaqui.ddns.net\/pachuca\/index.php\/wp-json\/wp\/v2\/media\/110949"}],"wp:attachment":[{"href":"https:\/\/soydeaqui.ddns.net\/pachuca\/index.php\/wp-json\/wp\/v2\/media?parent=110950"}],"wp:term":[{"taxonomy":"product_brand","embeddable":true,"href":"https:\/\/soydeaqui.ddns.net\/pachuca\/index.php\/wp-json\/wp\/v2\/product_brand?post=110950"},{"taxonomy":"product_cat","embeddable":true,"href":"https:\/\/soydeaqui.ddns.net\/pachuca\/index.php\/wp-json\/wp\/v2\/product_cat?post=110950"},{"taxonomy":"product_tag","embeddable":true,"href":"https:\/\/soydeaqui.ddns.net\/pachuca\/index.php\/wp-json\/wp\/v2\/product_tag?post=110950"}],"curies":[{"name":"wp","href":"https:\/\/api.w.org\/{rel}","templated":true}]}}