{"id":110527,"date":"2026-03-20T19:56:55","date_gmt":"2026-03-20T19:56:55","guid":{"rendered":"https:\/\/soydeaqui.ddns.net\/pachuca\/index.php\/producto\/pinza-profesional-para-cap-system\/"},"modified":"2026-03-20T19:57:08","modified_gmt":"2026-03-20T19:57:08","slug":"pinza-profesional-para-cap-system","status":"publish","type":"product","link":"https:\/\/soydeaqui.ddns.net\/pachuca\/index.php\/producto\/pinza-profesional-para-cap-system\/","title":{"rendered":"Pinza Profesional para CaP System"},"content":{"rendered":"<div style='width: 100%; max-width: 1200px; margin: 0 auto; font-family: sans-serif; line-height: 1.6; color: inherit; background-color: transparent;'>\n<div style='width: 100%; margin-bottom: 30px; text-align: center;'>\n<h1 style='font-size: 50px; font-weight: 500; line-height: 1.1; color: inherit; margin: 0; padding: 0;'> Una nueva manera de entender la <span style='color: #193654; font-weight: bold;'>conexi\u00f3n coaxial<\/span> <\/h1>\n<\/p><\/div>\n<div style='display: flex; flex-wrap: wrap; gap: 30px; margin-bottom: 30px;'>\n<div style='flex: 1 1 300px; min-width: 280px; text-align: center;'> <img style='width: 100%; max-width: 60%; height: auto; border: 1px solid rgba(150&comma;150&comma;150&comma;0.3); border-radius: 8px;' src='https:\/\/ftp3.syscom.mx\/usuarios\/xguereque\/Documentos\/folletos\/procap\/ProCaP1.jpg' alt='Pinza profesional'> <\/div>\n<div style='flex: 1 1 300px; min-width: 280px;'>\n<h2 style='font-size: 34px; font-weight: 500; line-height: 1.1; color: inherit; margin-top: 0; margin-bottom: 15px;'> Herramienta <span style='color: #193654; font-weight: bold;'>especializada<\/span> para personal profesional. <\/h2>\n<p style='font-size: 18px; line-height: 1.5; color: inherit; margin: 0 0 15px 0;'> Pinza profesional para la conexi\u00f3n y desconexi\u00f3n de los adaptadores coaxiales <span style='color: #193654; font-weight: bold;'>CaP System<\/span>. <\/p>\n<\/p><\/div>\n<\/p><\/div>\n<div style='display: flex; flex-wrap: wrap; gap: 30px; margin-bottom: 30px;'>\n<div style='flex: 1 1 300px; min-width: 280px;'>\n<h3 style='font-size: 22px; border-bottom: 2px solid currentColor; padding-bottom: 5px; margin-top: 0; margin-bottom: 15px; color: inherit; opacity: 0.8;'> Caracter\u00edsticas de <span style='color: #193654; font-weight: bold;'>PROCAP<\/span> <\/h3>\n<ul style='padding-left: 20px; font-size: 15px; color: inherit; margin: 0;'>\n<li style='margin-bottom: 5px;'>Peso: 275 g.<\/li>\n<li style='margin-bottom: 5px;'>Material: Acero inoxidable con asa antideslizante.<\/li>\n<li style='margin-bottom: 5px;'>1 Pieza<\/li>\n<li style='margin-bottom: 5px;'>Certificaciones: CE \u2013 RoHS<\/li>\n<\/ul><\/div>\n<div style='flex: 1 1 300px; min-width: 280px; text-align: center;'> <img style='width: 100%; max-width: 100%; height: auto; border: 1px solid rgba(150&comma;150&comma;150&comma;0.3); border-radius: 8px;' src='https:\/\/ftp3.syscom.mx\/usuarios\/xguereque\/Documentos\/folletos\/kbm-bnc_v2\/caracteristicas.png' alt='Caracter\u00edsticas'> <\/div>\n<\/p><\/div>\n<div style='width: 100%; margin-bottom: 30px; text-align: center;'>\n<h2 style='font-size: 40px; font-weight: 500; line-height: 1.1; color: inherit; margin: 0 0 15px 0;'> S\u00f3lo siga estos 3 <span style='color: #193654; font-weight: bold;'>sencillos<\/span> pasos <\/h2>\n<\/p><\/div>\n<div style='display: flex; flex-wrap: wrap; gap: 30px; margin-bottom: 30px; justify-content: center;'>\n<div style='flex: 1 1 300px; min-width: 280px; text-align: center;'>\n<h3 style='font-size: 22px; font-weight: 500; color: inherit; margin-top: 0; margin-bottom: 15px;'> <span style='color: #193654; font-weight: bold;'>1<\/span>.- Acomodar CaP&comma; cortar y pelar cable <\/h3>\n<p> <img style='width: 100%; height: auto; border: 1px solid rgba(150&comma;150&comma;150&comma;0.3); border-radius: 8px;' src='https:\/\/ftp3.syscom.mx\/usuarios\/xguereque\/Documentos\/folletos\/procap\/3.jpg' alt='Paso 1'> <\/div>\n<div style='flex: 1 1 300px; min-width: 280px; text-align: center;'>\n<h3 style='font-size: 22px; font-weight: 500; color: inherit; margin-top: 0; margin-bottom: 15px;'> <span style='color: #193654; font-weight: bold;'>2<\/span>.- Unir y acomodar cable <\/h3>\n<p> <img style='width: 100%; height: auto; border: 1px solid rgba(150&comma;150&comma;150&comma;0.3); border-radius: 8px;' src='https:\/\/ftp3.syscom.mx\/usuarios\/xguereque\/Documentos\/folletos\/procap\/4.jpg' alt='Paso 2'> <\/div>\n<div style='flex: 1 1 300px; min-width: 280px; text-align: center;'>\n<h3 style='font-size: 22px; font-weight: 500; color: inherit; margin-top: 0; margin-bottom: 15px;'> <span style='color: #193654; font-weight: bold;'>3<\/span>.- Ajustar con pinzas <span style='color: #193654; font-weight: bold;'>PROCAP<\/span> <\/h3>\n<p> <img style='width: 100%; height: auto; border: 1px solid rgba(150&comma;150&comma;150&comma;0.3); border-radius: 8px;' src='https:\/\/ftp3.syscom.mx\/usuarios\/xguereque\/Documentos\/folletos\/procap\/5.jpg' alt='Paso 3'> <\/div>\n<div style='flex: 1 1 300px; min-width: 280px; text-align: center;'> <img style='width: 100%; max-height: 400px; height: auto; border: 1px solid rgba(150&comma;150&comma;150&comma;0.3); border-radius: 8px;' src='https:\/\/ftp3.syscom.mx\/usuarios\/xguereque\/Documentos\/folletos\/procap\/6.jpg' alt='Resultado final'> <\/div>\n<\/p><\/div>\n<div style='display: flex; flex-wrap: wrap; gap: 30px; margin-bottom: 30px;'>\n<div style='flex: 1 1 300px; min-width: 280px;'>\n<h3 style='font-size: 22px; font-weight: 500; color: inherit; margin-top: 0; margin-bottom: 15px;'> <span style='color: #193654; font-weight: bold;'>\u00a1Listo!<\/span> <\/h3>\n<p style='font-size: 15px; line-height: 1.6; color: inherit; margin: 0 0 15px 0;'> El cable se encuentra preparado para utilizarse y en todo su armado no hubo necesidad de utilizar soldaduras. <\/p>\n<p> La ventaja de utilizar uniones de pl\u00e1stico se ve reflejado en <span style='color: #193654; font-weight: bold;'>una menor p\u00e9rdida de se\u00f1al de video en grandes distancias de cableado.<\/span> <\/p>\n<\/p><\/div>\n<\/p><\/div>\n<\/p><\/div>\n","protected":false},"excerpt":{"rendered":"<p>Pinza Profesional para CaP System<\/p>\n","protected":false},"featured_media":110526,"comment_status":"open","ping_status":"closed","template":"","meta":[],"product_brand":[],"product_cat":[2366],"product_tag":[488,2367,2368],"class_list":{"0":"post-110527","1":"product","2":"type-product","3":"status-publish","4":"has-post-thumbnail","6":"product_cat-rg59-tipo-cap","7":"product_tag-cables-y-conectores","8":"product_tag-rg59-tipo-cap","9":"product_tag-telecom-security","11":"first","12":"instock","13":"sale","14":"shipping-taxable","15":"purchasable","16":"product-type-simple"},"_links":{"self":[{"href":"https:\/\/soydeaqui.ddns.net\/pachuca\/index.php\/wp-json\/wp\/v2\/product\/110527","targetHints":{"allow":["GET"]}}],"collection":[{"href":"https:\/\/soydeaqui.ddns.net\/pachuca\/index.php\/wp-json\/wp\/v2\/product"}],"about":[{"href":"https:\/\/soydeaqui.ddns.net\/pachuca\/index.php\/wp-json\/wp\/v2\/types\/product"}],"replies":[{"embeddable":true,"href":"https:\/\/soydeaqui.ddns.net\/pachuca\/index.php\/wp-json\/wp\/v2\/comments?post=110527"}],"wp:featuredmedia":[{"embeddable":true,"href":"https:\/\/soydeaqui.ddns.net\/pachuca\/index.php\/wp-json\/wp\/v2\/media\/110526"}],"wp:attachment":[{"href":"https:\/\/soydeaqui.ddns.net\/pachuca\/index.php\/wp-json\/wp\/v2\/media?parent=110527"}],"wp:term":[{"taxonomy":"product_brand","embeddable":true,"href":"https:\/\/soydeaqui.ddns.net\/pachuca\/index.php\/wp-json\/wp\/v2\/product_brand?post=110527"},{"taxonomy":"product_cat","embeddable":true,"href":"https:\/\/soydeaqui.ddns.net\/pachuca\/index.php\/wp-json\/wp\/v2\/product_cat?post=110527"},{"taxonomy":"product_tag","embeddable":true,"href":"https:\/\/soydeaqui.ddns.net\/pachuca\/index.php\/wp-json\/wp\/v2\/product_tag?post=110527"}],"curies":[{"name":"wp","href":"https:\/\/api.w.org\/{rel}","templated":true}]}}