{"id":110495,"date":"2026-03-20T19:55:12","date_gmt":"2026-03-20T19:55:12","guid":{"rendered":"https:\/\/soydeaqui.ddns.net\/pachuca\/index.php\/producto\/conector-a-presin-rojo-para-conectores-bnc-instalacin-simple-rpida-resistente-y-de-calidad\/"},"modified":"2026-03-20T19:55:24","modified_gmt":"2026-03-20T19:55:24","slug":"conector-a-presin-rojo-para-conectores-bnc-instalacin-simple-rpida-resistente-y-de-calidad","status":"publish","type":"product","link":"https:\/\/soydeaqui.ddns.net\/pachuca\/index.php\/producto\/conector-a-presin-rojo-para-conectores-bnc-instalacin-simple-rpida-resistente-y-de-calidad\/","title":{"rendered":"Conector a Presi?n Rojo \/ Para Conectores BNC \/ Instalaci?n Simple, R?pida, Resistente y de Calidad"},"content":{"rendered":"<div style='width: 100%; max-width: 1200px; margin: 0 auto; font-family: sans-serif; line-height: 1.6; color: inherit; background-color: transparent;'>\n<div style='display: flex; flex-wrap: wrap; gap: 30px; margin-bottom: 30px;'>\n<div style='flex: 1 1 100%; text-align: center;'>\n<h1 style='font-size: 50px; font-weight: 500; line-height: 1.1; color: inherit; margin: 0;'>Una nueva manera de entender la <span style='color: inherit; font-weight: bold;'>conexi\u00f3n coaxial<\/span><\/h1>\n<\/p><\/div>\n<\/p><\/div>\n<div style='display: flex; flex-wrap: wrap; gap: 30px; margin-bottom: 30px;'>\n<div style='flex: 1 1 50%; min-width: 280px; display: flex; align-items: center; justify-content: center;'> <img style='width: 60%; height: auto; border: 1px solid rgba(150&comma;150&comma;150&comma;0.3); border-radius: 8px;' src='https:\/\/ftp3.syscom.mx\/usuarios\/xguereque\/Documentos\/folletos\/cap\/CaP-R-400x296.png' alt='Conector a Presi\u00f3n Rojo'> <\/div>\n<div style='flex: 1 1 50%; min-width: 280px; display: flex; flex-direction: column; justify-content: center;'>\n<h2 style='font-size: 34px; font-weight: 500; line-height: 1.1; color: inherit; margin: 0 0 15px;'>Herramienta <span style='color: inherit; font-weight: bold;'>especializada<\/span> para personal profesional.<\/h2>\n<p style='font-size: 18px; line-height: 1.5; color: inherit; margin: 0;'>Conector a presi\u00f3n <span style='color: inherit; font-weight: bold;'>para todo tipo de cable coaxial<\/span> (hasta 7 mm de di\u00e1metro). Producto patentado a nivel mundial. Simple&comma; r\u00e1pido&comma; econ\u00f3mico&comma; reutilizable y reciclable&comma; hecho en Italia&comma; mec\u00e1nicamente resistente&comma; el\u00e9ctricamente \u00f3ptimo&comma; disponible en 9 colores.<\/p>\n<\/p><\/div>\n<\/p><\/div>\n<div style='display: flex; flex-wrap: wrap; gap: 30px; margin-bottom: 30px;'>\n<div style='flex: 1 1 50%; min-width: 280px;'>\n<h3 style='font-size: 28px; font-weight: 500; border-bottom: 2px solid currentColor; padding-bottom: 5px; margin-top: 0; color: inherit; opacity: 0.8;'>Caracter\u00edsticas de <span style='color: inherit; font-weight: bold;'>CaP<\/span><\/h3>\n<ul style='padding-left: 20px; font-size: 15px; color: inherit; list-style-type: disc;'>\n<li style='margin-bottom: 5px;'><strong>Conector:<\/strong> Tipo F Macho<\/li>\n<li style='margin-bottom: 5px;'><strong>Material:<\/strong> Pl\u00e1stico color rojo<\/li>\n<li style='margin-bottom: 5px;'><strong>Peso:<\/strong> 1g.<\/li>\n<li style='margin-bottom: 5px;'><strong>Certificaciones:<\/strong> CE&comma; RoHS&comma; SCTE<\/li>\n<li style='margin-bottom: 5px;'><strong>Impedancia:<\/strong> ninguna&comma; puede ser utilizado en cualquier instalaci\u00f3n coaxial (50\u03a9&comma; 75\u03a9&comma; 95\u03a9&comma; etc.)<\/li>\n<li style='margin-bottom: 5px;'><strong>Atenuaci\u00f3n:<\/strong> clase A+<\/li>\n<li style='margin-bottom: 5px;'><strong>Temperatura de trabajo:<\/strong> de -40 a +120\u00b0C<\/li>\n<li style='margin-bottom: 5px;'><strong>Elasticidad hasta la ruptura:<\/strong> 650%<\/li>\n<\/ul><\/div>\n<div style='flex: 1 1 50%; min-width: 280px; display: flex; align-items: center; justify-content: center;'> <img style='width: 100%; height: auto; border: 1px solid rgba(150&comma;150&comma;150&comma;0.3); border-radius: 8px;' src='https:\/\/ftp3.syscom.mx\/usuarios\/xguereque\/Documentos\/folletos\/kbm-bnc_v2\/caracteristicas.png' alt='Caracter\u00edsticas t\u00e9cnicas'> <\/div>\n<\/p><\/div>\n<div style='display: flex; flex-wrap: wrap; gap: 30px; margin-bottom: 30px;'>\n<div style='flex: 1 1 100%;'>\n<h2 style='font-size: 34px; font-weight: 500; line-height: 1.1; color: inherit; margin: 0 0 15px;'>Tecnolog\u00eda <span style='color: inherit; font-weight: bold;'>CaP System<\/span><\/h2>\n<p style='font-size: 18px; line-height: 1.5; color: inherit; margin: 0;'>El CaP (Conector a Presi\u00f3n) es un conector coaxial patentado&comma; dise\u00f1ado y producido en Italia. Todos los conectores BNC&comma; utilizan la tecnolog\u00eda patentada del CaP System&comma; que garantiza una instalaci\u00f3n simple y r\u00e1pida&comma; mec\u00e1nicamente resistente y de calidad.<\/p>\n<\/p><\/div>\n<\/p><\/div>\n<div style='display: flex; flex-wrap: wrap; gap: 30px; margin-bottom: 30px;'>\n<div style='flex: 1 1 100%; text-align: center;'>\n<div style='position: relative; padding-bottom: 56.25%; height: 0; overflow: hidden; margin: 0 auto; max-width: 100%;'>   <\/div>\n<\/p><\/div>\n<\/p><\/div>\n<div style='display: flex; flex-wrap: wrap; gap: 30px; margin-bottom: 30px;'>\n<div style='flex: 1 1 100%; text-align: center;'>\n<h1 style='font-size: 50px; font-weight: 500; line-height: 1.1; color: inherit; margin: 0;'>S\u00f3lo siga estos 3 <span style='color: inherit; font-weight: bold;'>sencillos<\/span> pasos<\/h1>\n<\/p><\/div>\n<\/p><\/div>\n<div style='display: flex; flex-wrap: wrap; gap: 30px; margin-bottom: 30px;'>\n<div style='flex: 1 1 50%; min-width: 280px;'>\n<h3 style='font-size: 28px; font-weight: 500; line-height: 1.1; color: inherit; margin: 0 0 15px;'><span style='color: inherit; font-weight: bold;'>1<\/span>.- Acomodar CaP&comma; cortar y pelar cable<\/h3>\n<p> <img style='width: 100%; height: auto; border: 1px solid rgba(150&comma;150&comma;150&comma;0.3); border-radius: 8px;' src='https:\/\/ftp3.syscom.mx\/usuarios\/xguereque\/Documentos\/folletos\/procap\/3.jpg' alt='Paso 1'> <\/div>\n<div style='flex: 1 1 50%; min-width: 280px;'>\n<h3 style='font-size: 28px; font-weight: 500; line-height: 1.1; color: inherit; margin: 0 0 15px;'><span style='color: inherit; font-weight: bold;'>2<\/span>.- Unir y acomodar cable<\/h3>\n<p> <img style='width: 100%; height: auto; border: 1px solid rgba(150&comma;150&comma;150&comma;0.3); border-radius: 8px;' src='https:\/\/ftp3.syscom.mx\/usuarios\/xguereque\/Documentos\/folletos\/procap\/4.jpg' alt='Paso 2'> <\/div>\n<\/p><\/div>\n<div style='display: flex; flex-wrap: wrap; gap: 30px; margin-bottom: 30px;'>\n<div style='flex: 1 1 50%; min-width: 280px;'>\n<h3 style='font-size: 28px; font-weight: 500; line-height: 1.1; color: inherit; margin: 0 0 15px;'><span style='color: inherit; font-weight: bold;'>3<\/span>.- Ajustar con pinzas <span style='color: inherit; font-weight: bold;'>PROCAP<\/span><\/h3>\n<p> <img style='width: 100%; height: auto; border: 1px solid rgba(150&comma;150&comma;150&comma;0.3); border-radius: 8px;' src='https:\/\/ftp3.syscom.mx\/usuarios\/xguereque\/Documentos\/folletos\/procap\/5.jpg' alt='Paso 3'> <\/div>\n<div style='flex: 1 1 50%; min-width: 280px; display: flex; flex-direction: column; justify-content: center;'> <img style='width: 100%; height: auto; border: 1px solid rgba(150&comma;150&comma;150&comma;0.3); border-radius: 8px;' src='https:\/\/ftp3.syscom.mx\/usuarios\/xguereque\/Documentos\/folletos\/procap\/6.jpg' alt='Resultado final'> <\/div>\n<\/p><\/div>\n<div style='display: flex; flex-wrap: wrap; gap: 30px; margin-bottom: 30px;'>\n<div style='flex: 1 1 100%;'>\n<h3 style='font-size: 28px; font-weight: 500; line-height: 1.1; color: inherit; margin: 0 0 15px;'><span style='color: inherit; font-weight: bold;'>\u00a1Listo!<\/span><\/h3>\n<p style='font-size: 18px; line-height: 1.5; color: inherit; margin: 0;'>El cable se encuentra preparado para utilizarse y en todo su armado no hubo necesidad de utilizar soldaduras. La ventaja de utilizar uniones de pl\u00e1stico se ve reflejado en <span style='color: inherit; font-weight: bold;'>una menor p\u00e9rdida de se\u00f1al de video en grandes distancias de cableado.<\/span><\/p>\n<\/p><\/div>\n<\/p><\/div>\n<\/p><\/div>\n","protected":false},"excerpt":{"rendered":"<p>Conector a Presi?n Rojo \/ Para Conectores BNC \/ Instalaci?n Simple, R?pida, Resistente y de Calidad<\/p>\n","protected":false},"featured_media":110494,"comment_status":"open","ping_status":"closed","template":"","meta":[],"product_brand":[],"product_cat":[2366],"product_tag":[488,2367,2368],"class_list":{"0":"post-110495","1":"product","2":"type-product","3":"status-publish","4":"has-post-thumbnail","6":"product_cat-rg59-tipo-cap","7":"product_tag-cables-y-conectores","8":"product_tag-rg59-tipo-cap","9":"product_tag-telecom-security","11":"first","12":"instock","13":"sale","14":"shipping-taxable","15":"purchasable","16":"product-type-simple"},"_links":{"self":[{"href":"https:\/\/soydeaqui.ddns.net\/pachuca\/index.php\/wp-json\/wp\/v2\/product\/110495","targetHints":{"allow":["GET"]}}],"collection":[{"href":"https:\/\/soydeaqui.ddns.net\/pachuca\/index.php\/wp-json\/wp\/v2\/product"}],"about":[{"href":"https:\/\/soydeaqui.ddns.net\/pachuca\/index.php\/wp-json\/wp\/v2\/types\/product"}],"replies":[{"embeddable":true,"href":"https:\/\/soydeaqui.ddns.net\/pachuca\/index.php\/wp-json\/wp\/v2\/comments?post=110495"}],"wp:featuredmedia":[{"embeddable":true,"href":"https:\/\/soydeaqui.ddns.net\/pachuca\/index.php\/wp-json\/wp\/v2\/media\/110494"}],"wp:attachment":[{"href":"https:\/\/soydeaqui.ddns.net\/pachuca\/index.php\/wp-json\/wp\/v2\/media?parent=110495"}],"wp:term":[{"taxonomy":"product_brand","embeddable":true,"href":"https:\/\/soydeaqui.ddns.net\/pachuca\/index.php\/wp-json\/wp\/v2\/product_brand?post=110495"},{"taxonomy":"product_cat","embeddable":true,"href":"https:\/\/soydeaqui.ddns.net\/pachuca\/index.php\/wp-json\/wp\/v2\/product_cat?post=110495"},{"taxonomy":"product_tag","embeddable":true,"href":"https:\/\/soydeaqui.ddns.net\/pachuca\/index.php\/wp-json\/wp\/v2\/product_tag?post=110495"}],"curies":[{"name":"wp","href":"https:\/\/api.w.org\/{rel}","templated":true}]}}