{"id":110340,"date":"2026-03-20T19:46:39","date_gmt":"2026-03-20T19:46:39","guid":{"rendered":"https:\/\/soydeaqui.ddns.net\/pachuca\/index.php\/producto\/domo-turbohd-4k-8-megapixel-lente-mot-2-7-a-13-5-mm-40-mts-ir-exir-ip67-12-vcc-24-vca-tvi-ahd-cvi-cvbs-9-a-15-vcc\/"},"modified":"2026-03-20T19:46:54","modified_gmt":"2026-03-20T19:46:54","slug":"domo-turbohd-4k-8-megapixel-lente-mot-2-7-a-13-5-mm-40-mts-ir-exir-ip67-12-vcc-24-vca-tvi-ahd-cvi-cvbs-9-a-15-vcc","status":"publish","type":"product","link":"https:\/\/soydeaqui.ddns.net\/pachuca\/index.php\/producto\/domo-turbohd-4k-8-megapixel-lente-mot-2-7-a-13-5-mm-40-mts-ir-exir-ip67-12-vcc-24-vca-tvi-ahd-cvi-cvbs-9-a-15-vcc\/","title":{"rendered":"Domo TURBOHD 4K (8 Megapixel) \/ Lente Mot. 2.7 a 13.5 mm \/ 40 mts IR EXIR \/ IP67 \/ 12 Vcc \/ 24 VCA \/ TVI-AHD-CVI-CVBS \/ 9 a 15 Vcc"},"content":{"rendered":"<div style='width: 100%; max-width: 1200px; margin: 0 auto; font-family: sans-serif; line-height: 1.6; color: inherit; background-color: transparent;'>\n<div style='display: flex; flex-wrap: wrap; gap: 30px; margin-bottom: 30px;'>\n<div style='flex: 1 1 300px; min-width: 280px;'>\n<h3 style='font-size: 22px; border-bottom: 2px solid currentColor; padding-bottom: 5px; margin-top: 0; color: inherit; opacity: 0.8;'>Caracter\u00edsticas principales<\/h3>\n<ul style='padding-left: 20px; font-size: 15px; color: inherit;'>\n<li style='margin-bottom: 5px;'>Resoluci\u00f3n m\u00e1xima: 8.29 Megapixel (3840 x 2160)<\/li>\n<li style='margin-bottom: 5px;'>Sensor CMOS scan progresivo<\/li>\n<li style='margin-bottom: 5px;'>Lente motorizado: 2.7 a 13.5 mm (\u00e1ngulo de visi\u00f3n 108.1 a 45.6\u00ba)<\/li>\n<li style='margin-bottom: 5px;'>40 mts IR EXIR<\/li>\n<li style='margin-bottom: 5px;'>Soporta 4 tecnolog\u00edas (TVI \/ AHD \/ CVI \/ CVBS)<\/li>\n<li style='margin-bottom: 5px;'>Permite seleccionar la resoluci\u00f3n entre 8 Megapixel \/ 5 Megapixel \/ 4 Megapixel \/ 2 Megapixel<\/li>\n<li style='margin-bottom: 5px;'>Funciones: dWDR \/ BLC \/ DNR \/ Mirror<\/li>\n<\/ul><\/div>\n<div style='flex: 1 1 300px; min-width: 280px;'>\n<h3 style='font-size: 22px; border-bottom: 2px solid currentColor; padding-bottom: 5px; margin-top: 0; color: inherit; opacity: 0.8;'>Caracter\u00edsticas f\u00edsicas y el\u00e9ctricas<\/h3>\n<p style='font-size: 15px; color: inherit; margin-bottom: 15px;'><strong>NOTA:<\/strong> Para la aplicaci\u00f3n de mas de una camara se recomienda el uso de fuente en corriente alterna en conjunto con PLAD100I y el conector JR52.<\/p>\n<ul style='padding-left: 20px; font-size: 15px; color: inherit;'>\n<li style='margin-bottom: 5px;'>Temperatura de operaci\u00f3n: -40\u00baC a 60\u00baC<\/li>\n<li style='margin-bottom: 5px;'>Alimentaci\u00f3n: 9.6 a 14.4 Vcc \/ 19.2 a 28.8 Vca \/ 8.2 Watts<\/li>\n<li style='margin-bottom: 5px;'>Protecci\u00f3n: IP67<\/li>\n<li style='margin-bottom: 5px;'>Fabricado en metal<\/li>\n<li style='margin-bottom: 5px;'>Dimensiones: 145 x 111.3 mm<\/li>\n<li style='margin-bottom: 5px;'>Peso: 860 grs<\/li>\n<\/ul><\/div>\n<div style='flex: 1 1 300px; min-width: 280px;'>\n<h3 style='font-size: 22px; border-bottom: 2px solid currentColor; padding-bottom: 5px; margin-top: 0; color: inherit; opacity: 0.8;'>Accesorios<\/h3>\n<ul style='padding-left: 20px; font-size: 15px; color: inherit;'>\n<li style='margin-bottom: 5px;'><strong>Montaje de pared&comma; modelo: <\/strong><a href='https:\/\/www.syscom.mx\/producto\/DS-1273ZJ-140-DM45-HIKVISION-162828.html' style='color: inherit; text-decoration: underline;'>DS-1273ZJ-140-DM45<\/a><\/li>\n<li style='margin-bottom: 5px;'><strong>Montaje de poste vertical&comma; modelo: <\/strong><a href='https:\/\/www.syscom.mx\/producto\/DS-1275ZJ-SUS-HIKVISION-156172.html' style='color: inherit; text-decoration: underline;'>DS-1275ZJ-SUS<\/a><\/li>\n<li style='margin-bottom: 5px;'><strong>Montaje de esquina&comma; modelo: <\/strong><a href='https:\/\/www.syscom.mx\/producto\/DS-1276ZJ-SUS-HIKVISION-156173.html' style='color: inherit; text-decoration: underline;'>DS-1276ZJ-SUS<\/a><\/li>\n<li style='margin-bottom: 5px;'><strong>Caja de conexiones&comma; modelo: <\/strong><a href='https:\/\/www.syscom.mx\/producto\/DS-1280ZJ-DM45-HIKVISION-162831.html' style='color: inherit; text-decoration: underline;'>DS-1280ZJ-DM45<\/a><\/li>\n<li style='margin-bottom: 5px;'><strong>Montaje de techo inclinado&comma; modelo: <\/strong><a href='https:\/\/www.syscom.mx\/producto\/DS-1281ZJ-DM45-HIKVISION-162832.html' style='color: inherit; text-decoration: underline;'>DS-1281ZJ-DM45<\/a><\/li>\n<li style='margin-bottom: 5px;'><strong>Montaje colgante&comma; modelo: <\/strong><a href='https:\/\/ftp3.syscom.mx\/usuarios\/emendoza\/elesbanmch\/HIKVISON\/SPECS\/Especificaciones%20DS-2CE5AU1T-%28A%29VPIT3ZF.pdf' style='color: inherit; text-decoration: underline;'>DS-1271ZJ-140-DM45<\/a><\/li>\n<\/ul><\/div>\n<\/p><\/div>\n<div style='display: flex; flex-wrap: wrap; gap: 30px; margin-bottom: 30px;'>\n<div style='flex: 1 1 300px; min-width: 280px;'> <img style='width: 100%; height: auto; border: 1px solid rgba(150&comma;150&comma;150&comma;0.3); border-radius: 8px;' src='http:\/\/ftp3.syscom.mx\/usuarios\/jdelafuente\/HIKVISION\/hikvision%20logo%20complete.png' alt='Logo Hikvision'> <\/div>\n<\/p><\/div>\n<\/p><\/div>\n","protected":false},"excerpt":{"rendered":"<p>Domo TURBOHD 4K (8 Megapixel) \/ Lente Mot. 2.7 a 13.5 mm \/ 40 mts IR EXIR \/ IP67 \/ 12 Vcc \/ 24 VCA \/ TVI-AHD-CVI-CVBS \/ 9 a 15 Vcc<\/p>\n","protected":false},"featured_media":110339,"comment_status":"open","ping_status":"closed","template":"","meta":[],"product_brand":[],"product_cat":[2269],"product_tag":[2255,2057,54],"class_list":{"0":"post-110340","1":"product","2":"type-product","3":"status-publish","4":"has-post-thumbnail","6":"product_cat-domo-eyeball-turret-camaras-y-dvrs-hd-turbohd-ahd-hd-tvi","7":"product_tag-camaras-y-dvrs-hd-turbohd-ahd-hd-tvi","8":"product_tag-domo-eyeball-turret","9":"product_tag-hikvision","11":"first","12":"instock","13":"sale","14":"shipping-taxable","15":"purchasable","16":"product-type-simple"},"_links":{"self":[{"href":"https:\/\/soydeaqui.ddns.net\/pachuca\/index.php\/wp-json\/wp\/v2\/product\/110340","targetHints":{"allow":["GET"]}}],"collection":[{"href":"https:\/\/soydeaqui.ddns.net\/pachuca\/index.php\/wp-json\/wp\/v2\/product"}],"about":[{"href":"https:\/\/soydeaqui.ddns.net\/pachuca\/index.php\/wp-json\/wp\/v2\/types\/product"}],"replies":[{"embeddable":true,"href":"https:\/\/soydeaqui.ddns.net\/pachuca\/index.php\/wp-json\/wp\/v2\/comments?post=110340"}],"wp:featuredmedia":[{"embeddable":true,"href":"https:\/\/soydeaqui.ddns.net\/pachuca\/index.php\/wp-json\/wp\/v2\/media\/110339"}],"wp:attachment":[{"href":"https:\/\/soydeaqui.ddns.net\/pachuca\/index.php\/wp-json\/wp\/v2\/media?parent=110340"}],"wp:term":[{"taxonomy":"product_brand","embeddable":true,"href":"https:\/\/soydeaqui.ddns.net\/pachuca\/index.php\/wp-json\/wp\/v2\/product_brand?post=110340"},{"taxonomy":"product_cat","embeddable":true,"href":"https:\/\/soydeaqui.ddns.net\/pachuca\/index.php\/wp-json\/wp\/v2\/product_cat?post=110340"},{"taxonomy":"product_tag","embeddable":true,"href":"https:\/\/soydeaqui.ddns.net\/pachuca\/index.php\/wp-json\/wp\/v2\/product_tag?post=110340"}],"curies":[{"name":"wp","href":"https:\/\/api.w.org\/{rel}","templated":true}]}}