{"id":110306,"date":"2026-03-20T19:44:50","date_gmt":"2026-03-20T19:44:50","guid":{"rendered":"https:\/\/soydeaqui.ddns.net\/pachuca\/index.php\/producto\/convertidor-de-rs232-a-rs485-2\/"},"modified":"2026-03-20T19:45:11","modified_gmt":"2026-03-20T19:45:11","slug":"convertidor-de-rs232-a-rs485-2","status":"publish","type":"product","link":"https:\/\/soydeaqui.ddns.net\/pachuca\/index.php\/producto\/convertidor-de-rs232-a-rs485-2\/","title":{"rendered":"Convertidor de RS232 a RS485"},"content":{"rendered":"<div style='width: 100%; max-width: 1200px; margin: 0 auto; font-family: sans-serif; line-height: 1.6; color: inherit; background-color: transparent;'> <!-- T\u00edtulos --> <\/p>\n<div style='text-align: center; margin-bottom: 30px;'>\n<h1 style='font-size: 28px; margin: 0 0 10px 0; color: inherit;'><strong>485-D<\/strong><\/h1>\n<h3 style='font-size: 20px; margin: 0 0 20px 0; color: inherit;'>Convertidor de RS232 a RS485<\/h3>\n<p style='margin: 0 70px 0 70px; font-size: 15px; color: inherit;'>El convertidor RS232-RS485 se ha dise\u00f1ado para convertir las se\u00f1ales entre una interfaz RS232 y una interfaz RS485&comma; Se utiliza a menudo para aplicaciones de CCTV&comma; CONTROL DE ACCESO y en aplicaciones industriales. En modo 2 hilos &#8216;Half \u2013Duplex &#8216; ( RS485 ) &comma; el convertidor puede controlar el sentido de la transmisi\u00f3n en el bus por medio del flujo de datos. En este caso&comma; el convertidor ser\u00e1 el encargado de determinar autom\u00e1ticamente la inversi\u00f3n del bus en funci\u00f3n del sentido de los datos que se transmiten. De este modo&comma; se puede utilizar para conectar equipos en los que la gesti\u00f3n no se realiza mediante control de flujo. La velocidad m\u00e1xima del caudal de datos es de 115&comma;2Kbit\/s.<\/p>\n<\/p><\/div>\n<p> <!-- Secci\u00f3n de cards --> <\/p>\n<div style='display: flex; flex-wrap: wrap; gap: 30px; margin-bottom: 30px;'> <!-- Card 1 --> <\/p>\n<div style='flex: 1 1 300px; min-width: 280px; border: 1px solid rgba(150&comma; 150&comma; 150&comma; 0.3); border-radius: 8px; overflow: hidden; display: flex; flex-direction: column;'>\n<div style='background-color: rgba(238&comma; 238&comma; 238&comma; 0.8); padding: 0;'> <img style='width: 100%; height: auto; border: none; border-radius: 0;' src='http:\/\/ftp3.syscom.mx\/usuarios\/hallende\/Familia%20Centro\/485D\/485D-h.png' alt=''> <\/div>\n<div style='border-top: 5px solid #DF001D; padding: 15px; flex: 1 1 auto; display: flex; flex-direction: column;'>\n<h3 style='font-size: 20px; margin-top: 0; margin-bottom: 15px; color: inherit;'>Caracter\u00edsticas Principales:<\/h3>\n<ul style='padding-left: 20px; margin: 0; flex: 1 1 auto; display: flex; flex-direction: column; justify-content: space-between; color: inherit;'>\n<li style='margin-bottom: 8px; font-size: 14px; color: inherit;'><strong>Rango de Transferencia de Datos:<\/strong> 300-115200bps.<\/li>\n<li style='margin-bottom: 8px; font-size: 14px; color: inherit;'><strong>Distancia de Operaci\u00f3n:<\/strong> 1200 m por RS485&comma; 5m por RS232<\/li>\n<li style='font-size: 14px; color: inherit;'><strong>Modo de trabajo:<\/strong> As\u00edncrono&comma; half-duplex&comma; transmisi\u00f3n diferencial.<\/li>\n<\/ul><\/div>\n<\/p><\/div>\n<p> <!-- Card 2 --> <\/p>\n<div style='flex: 1 1 300px; min-width: 280px; border: 1px solid rgba(150&comma; 150&comma; 150&comma; 0.3); border-radius: 8px; overflow: hidden; display: flex; flex-direction: column;'>\n<div style='background-color: rgba(238&comma; 238&comma; 238&comma; 0.8); padding: 0;'> <img style='width: 100%; height: auto; border: none; border-radius: 0;' src='http:\/\/ftp3.syscom.mx\/usuarios\/hallende\/Familia%20Centro\/485D\/485D-AD-1-h.png' alt='...'> <\/div>\n<div style='border-top: 5px solid #DF001D; padding: 15px; flex: 1 1 auto; display: flex; flex-direction: column;'>\n<h3 style='font-size: 20px; margin-top: 0; margin-bottom: 15px; color: inherit;'>Caracter\u00edsticas F\u00edsicas y El\u00e9ctricas:<\/h3>\n<ul style='padding-left: 20px; margin: 0; flex: 1 1 auto; display: flex; flex-direction: column; justify-content: space-between; color: inherit;'>\n<li style='margin-bottom: 8px; font-size: 14px; color: inherit;'><strong>Alimentaci\u00f3n:<\/strong> 5~12 Vcc (Sugerida 12 Vcc)<\/li>\n<li style='margin-bottom: 8px; font-size: 14px; color: inherit;'><strong>Temperatura ambiente:<\/strong> -10\u00b0C a 85\u00b0C&comma; 5% a 95% RH<\/li>\n<li style='margin-bottom: 8px; font-size: 14px; color: inherit;'><strong>Dimensiones:<\/strong> 95 x 34 x 17 mm<\/li>\n<li style='font-size: 14px; color: inherit;'><strong>Peso:<\/strong> 36 grs.<\/li>\n<\/ul><\/div>\n<\/p><\/div>\n<p> <!-- Card 3 --> <\/p>\n<div style='flex: 1 1 300px; min-width: 280px; border: 1px solid rgba(150&comma; 150&comma; 150&comma; 0.3); border-radius: 8px; overflow: hidden; display: flex; flex-direction: column;'>\n<div style='background-color: rgba(238&comma; 238&comma; 238&comma; 0.8); padding: 0;'> <img style='width: 100%; height: auto; border: none; border-radius: 0;' src='http:\/\/ftp3.syscom.mx\/usuarios\/hallende\/Familia%20Centro\/485D\/485D-h.png' alt='...'> <\/div>\n<div style='border-top: 5px solid #DF001D; padding: 15px; flex: 1 1 auto; display: flex; flex-direction: column;'>\n<h3 style='font-size: 20px; margin-top: 0; margin-bottom: 15px; color: inherit;'>Caracter\u00edsticas Destacadas:<\/h3>\n<ul style='padding-left: 20px; margin: 0; flex: 1 1 auto; display: flex; flex-direction: column; justify-content: space-between; color: inherit;'>\n<li style='margin-bottom: 8px; font-size: 14px; color: inherit;'><strong>Interface:<\/strong> Compatible con EIA\/TIA RS-232C est\u00e1ndar y RS-485 est\u00e1ndar.<\/li>\n<li style='margin-bottom: 8px; font-size: 14px; color: inherit;'><strong>Medio de Transmisi\u00f3n:<\/strong> Par trenzado sin blindar UTP \u00f3 blindado FTP.<\/li>\n<li style='font-size: 14px; color: inherit;'><strong>APLICACIONES:<\/strong> CCTV&comma; Control de Acceso.<\/li>\n<\/ul><\/div>\n<\/p><\/div>\n<\/p><\/div>\n<p> <!-- Separador --> <\/p>\n<hr style='border: 0; border-top: 1px solid rgba(150&comma; 150&comma; 150&comma; 0.3); margin: 30px 0;'> <\/div>\n","protected":false},"excerpt":{"rendered":"<p>Convertidor de RS232 a RS485<\/p>\n","protected":false},"featured_media":110305,"comment_status":"open","ping_status":"closed","template":"","meta":[],"product_brand":[],"product_cat":[505],"product_tag":[506,488,454],"class_list":{"0":"post-110306","1":"product","2":"type-product","3":"status-publish","4":"has-post-thumbnail","6":"product_cat-adaptador-a-rca","7":"product_tag-adaptador-a-rca","8":"product_tag-cables-y-conectores","9":"product_tag-epcom-powerline","11":"first","12":"instock","13":"sale","14":"shipping-taxable","15":"purchasable","16":"product-type-simple"},"_links":{"self":[{"href":"https:\/\/soydeaqui.ddns.net\/pachuca\/index.php\/wp-json\/wp\/v2\/product\/110306","targetHints":{"allow":["GET"]}}],"collection":[{"href":"https:\/\/soydeaqui.ddns.net\/pachuca\/index.php\/wp-json\/wp\/v2\/product"}],"about":[{"href":"https:\/\/soydeaqui.ddns.net\/pachuca\/index.php\/wp-json\/wp\/v2\/types\/product"}],"replies":[{"embeddable":true,"href":"https:\/\/soydeaqui.ddns.net\/pachuca\/index.php\/wp-json\/wp\/v2\/comments?post=110306"}],"wp:featuredmedia":[{"embeddable":true,"href":"https:\/\/soydeaqui.ddns.net\/pachuca\/index.php\/wp-json\/wp\/v2\/media\/110305"}],"wp:attachment":[{"href":"https:\/\/soydeaqui.ddns.net\/pachuca\/index.php\/wp-json\/wp\/v2\/media?parent=110306"}],"wp:term":[{"taxonomy":"product_brand","embeddable":true,"href":"https:\/\/soydeaqui.ddns.net\/pachuca\/index.php\/wp-json\/wp\/v2\/product_brand?post=110306"},{"taxonomy":"product_cat","embeddable":true,"href":"https:\/\/soydeaqui.ddns.net\/pachuca\/index.php\/wp-json\/wp\/v2\/product_cat?post=110306"},{"taxonomy":"product_tag","embeddable":true,"href":"https:\/\/soydeaqui.ddns.net\/pachuca\/index.php\/wp-json\/wp\/v2\/product_tag?post=110306"}],"curies":[{"name":"wp","href":"https:\/\/api.w.org\/{rel}","templated":true}]}}