{"id":110227,"date":"2026-03-20T19:40:28","date_gmt":"2026-03-20T19:40:28","guid":{"rendered":"https:\/\/soydeaqui.ddns.net\/pachuca\/index.php\/producto\/body-camera-portatil-grabacion-a-2k-pantalla-2-4-lcd-ip67-h-265-32-gb-de-almacenamiento-gps-wifi-3g-y-4g-fotos-de-hasta-30-megapixel-microfono-integrado\/"},"modified":"2026-03-20T19:40:46","modified_gmt":"2026-03-20T19:40:46","slug":"body-camera-portatil-grabacion-a-2k-pantalla-2-4-lcd-ip67-h-265-32-gb-de-almacenamiento-gps-wifi-3g-y-4g-fotos-de-hasta-30-megapixel-microfono-integrado","status":"publish","type":"product","link":"https:\/\/soydeaqui.ddns.net\/pachuca\/index.php\/producto\/body-camera-portatil-grabacion-a-2k-pantalla-2-4-lcd-ip67-h-265-32-gb-de-almacenamiento-gps-wifi-3g-y-4g-fotos-de-hasta-30-megapixel-microfono-integrado\/","title":{"rendered":"Body Camera Port\u00e1til \/ Grabaci\u00f3n a 2K \/ Pantalla 2.4&#8243; LCD \/ IP67 \/ H.265 \/ 32 GB de Almacenamiento \/ GPS \/ WIFI \/ 3G y 4G \/ Fotos de Hasta 30 Megapixel \/ Micr\u00f3fono Integrado"},"content":{"rendered":"<div style='width: 100%; max-width: 1200px; margin: 0 auto; font-family: sans-serif; line-height: 1.6; color: inherit; background-color: transparent;'>\n<div style='text-align: center; margin: 20px 0;'> <img style='width: 100%; max-width: 528px; height: auto; border: 1px solid rgba(150&comma;150&comma;150&comma;0.3); border-radius: 8px;' src='https:\/\/ftp3.syscom.mx\/usuarios\/jsosa\/HIKVISION\/imagenes\/logo\/hikvision%20see%20far.png' alt='Logo Hikvision'> <\/div>\n<div style='display: flex; flex-wrap: wrap; gap: 30px; margin-bottom: 30px;'>\n<div style='flex: 1 1 300px; min-width: 280px;'>\n<h3 style='font-size: 22px; border-bottom: 2px solid currentColor; padding-bottom: 5px; margin-top: 0; color: inherit; opacity: 0.8;'>Caracter\u00edsticas principales<\/h3>\n<ul style='padding-left: 20px; font-size: 15px; color: inherit;'>\n<li style='margin-bottom: 5px;'><strong>Compresi\u00f3n:<\/strong> H.264 \/ H.265<\/li>\n<li style='margin-bottom: 5px;'><strong>Resoluci\u00f3n de v\u00eddeo:<\/strong> 2K hasta 2688 * 1512 P @30F<\/li>\n<li style='margin-bottom: 5px;'><strong>\u00c1ngulo de apertura:<\/strong> 134\u00ba horizontal<\/li>\n<li style='margin-bottom: 5px;'><strong>Dise\u00f1o:<\/strong> Bater\u00eda reemplazable<\/li>\n<li style='margin-bottom: 5px;'><strong>Tecnolog\u00eda:<\/strong> Reducci\u00f3n de ruido y eco<\/li>\n<li style='margin-bottom: 5px;'><strong>M\u00f3dulo GPS:<\/strong> S\u00ed<\/li>\n<li style='margin-bottom: 5px;'><strong>M\u00f3dulo WIFI:<\/strong> 802.11 a\/b\/g\/n\/ac<\/li>\n<li style='margin-bottom: 5px;'><strong>M\u00f3dulo 3G y 4G:<\/strong> S\u00ed (requiere SIM de datos para transmisi\u00f3n remota y licencias)<\/li>\n<li style='margin-bottom: 5px;'><strong>Almacenamiento interno:<\/strong> 32 GB (no extra\u00edble)<\/li>\n<li style='margin-bottom: 5px;'><strong>Resoluci\u00f3n de fotos:<\/strong> 30 Megapixel<\/li>\n<li style='margin-bottom: 5px;'><strong>Micr\u00f3fono:<\/strong> Integrado<\/li>\n<li style='margin-bottom: 5px;'><strong>Rango de IR:<\/strong> 10m<\/li>\n<li style='margin-bottom: 5px;'><strong>Bot\u00f3n SOS:<\/strong> Para alertas a la plataforma HCP<\/li>\n<li style='margin-bottom: 5px;'><strong>Bot\u00f3n PTT:<\/strong> Para comunicaci\u00f3n bidireccional con la plataforma HCP<\/li>\n<li style='margin-bottom: 5px;'><strong>Sistema operativo:<\/strong> Android 9.0<\/li>\n<\/ul><\/div>\n<div style='flex: 1 1 300px; min-width: 280px;'>\n<h3 style='font-size: 22px; border-bottom: 2px solid currentColor; padding-bottom: 5px; margin-top: 0; color: inherit; opacity: 0.8;'>Caracter\u00edsticas F\u00edsicas y El\u00e9ctricas<\/h3>\n<ul style='padding-left: 20px; font-size: 15px; color: inherit;'>\n<li style='margin-bottom: 5px;'><strong>Pantalla:<\/strong> 2.4 pulgadas TFT LCD&comma; 320*240<\/li>\n<li style='margin-bottom: 5px;'><strong>Protecci\u00f3n:<\/strong> IP67 para exterior<\/li>\n<li style='margin-bottom: 5px;'><strong>Dimensiones:<\/strong> 95 x 60 x 29 mm<\/li>\n<li style='margin-bottom: 5px;'><strong>Peso:<\/strong> 190 grs<\/li>\n<li style='margin-bottom: 5px;'><strong>Interfaz:<\/strong> Mini USB 2.0 para extracci\u00f3n de eventos<\/li>\n<li style='margin-bottom: 5px;'><strong>Alimentaci\u00f3n:<\/strong> Por medio de interfaz mini USB<\/li>\n<li style='margin-bottom: 5px;'><strong>Bater\u00eda:<\/strong> 3300 mAh&comma; permite grabar hasta 12 horas de v\u00eddeo con resoluci\u00f3n 720p<\/li>\n<li style='margin-bottom: 5px;'><strong>Incluye:<\/strong> Clip curvo de sujeci\u00f3n para solapa<\/li>\n<li style='margin-bottom: 5px;'><strong>Certificaci\u00f3n:<\/strong> MIL-STD-810G<\/li>\n<\/ul><\/div>\n<\/p><\/div>\n<hr style='border: 0; border-top: 1px solid rgba(150&comma; 150&comma; 150&comma; 0.3); margin: 30px 0;'>\n<div style='display: flex; flex-direction: column; gap: 20px;'>\n<div style='border: 1px solid rgba(150&comma; 150&comma; 150&comma; 0.4); border-radius: 8px; padding: 15px;'>\n<h3 style='font-size: 22px; border-bottom: 2px solid currentColor; padding-bottom: 5px; margin-top: 0; color: inherit; opacity: 0.8;'>Consideraciones para transmisi\u00f3n y centralizaci\u00f3n remota<\/h3>\n<p style='margin: 10px 0; font-size: 15px; color: inherit;'>Para tener transmisi\u00f3n y centralizaci\u00f3n remota se requiere:<\/p>\n<ul style='padding-left: 20px; font-size: 15px; color: inherit;'>\n<li style='margin-bottom: 5px;'>Licencia base para el software HikCentral Professional: <a style='color: #005cb9; text-decoration: none;' href='https:\/\/www.syscom.mx\/principal\/searchcont?route=HC-P-VSS-B\/0C-HIKVISION-188079&#038;autodetect=hcp'>HC-P-VSS-B\/0C<\/a><\/li>\n<li style='margin-bottom: 5px;'>Licencia adicional por c\u00e1mara: <a style='color: #005cb9; text-decoration: none;' href='https:\/\/www.syscom.mx\/principal\/searchcont?route=HC-P-BWC\/1C-HIKVISION-224585&#038;autodetect=HCPBWC\/1C'>HC-P-BWC\/1C<\/a><\/li>\n<\/ul>\n<p style='margin: 15px 0 5px 0; font-size: 15px; color: inherit;'><strong>Infraestructura de red requerida:<\/strong><\/p>\n<ul style='padding-left: 20px; font-size: 15px; color: inherit;'>\n<li style='margin-bottom: 5px;'>Servidor dedicado para Hik-Central Profesional (m\u00ednimo Core i5 y 8GB RAM)<\/li>\n<li style='margin-bottom: 5px;'>IP p\u00fablica fija y ancho de banda adecuado seg\u00fan cantidad de c\u00e1maras<\/li>\n<\/ul>\n<p style='margin: 15px 0 5px 0; font-size: 15px; color: inherit;'><strong>Estaci\u00f3n de descarga y carga:<\/strong> <a style='color: #005cb9; text-decoration: none;' href='https:\/\/www.syscom.mx\/principal\/searchcont?route=DS-MDS001\/2T\/2311-HIKVISION-210516&#038;autodetect=DS-MH2311\/32G\/GLE'>DS-MDS001\/2T\/2311<\/a><\/p>\n<\/p><\/div>\n<\/p><\/div>\n<hr style='border: 0; border-top: 1px solid rgba(150&comma; 150&comma; 150&comma; 0.3); margin: 30px 0;'>\n<div style='margin: 20px 0;'>\n<p style='font-size: 16px; color: inherit;'>La body camera es un dispositivo altamente dise\u00f1ado principalmente para la seguridad y el cumplimiento de la ley. Esta c\u00e1mara personal permite grabar el v\u00eddeo y el audio de la escena&comma; despu\u00e9s de los eventos podemos revisar la escena debido a su tama\u00f1o peque\u00f1o&comma; peso ligero&comma; f\u00e1cil de transportar y f\u00e1cil de operar. Todas estas ventajas la convierten en un buen ayudante para el cumplimiento de la ley.<\/p>\n<\/p><\/div>\n<div style='margin: 20px 0;'> <img style='width: 100%; height: auto; border: 1px solid rgba(150&comma;150&comma;150&comma;0.3); border-radius: 8px;' src='https:\/\/ftp3.syscom.mx\/usuarios\/jsosa\/HIKVISION\/imagenes\/banners\/solution%20complete.png' alt='Soluci\u00f3n completa Hikvision'> <\/div>\n<\/p><\/div>\n","protected":false},"excerpt":{"rendered":"<p>Body Camera Port\u00e1til \/ Grabaci\u00f3n a 2K \/ Pantalla 2.4&#8243; LCD \/ IP67 \/ H.265 \/ 32 GB de Almacenamiento \/ GPS \/ WIFI \/ 3G y 4G \/ Fotos de Hasta 30 Megapixel \/ Micr\u00f3fono Integrado<\/p>\n","protected":false},"featured_media":110226,"comment_status":"open","ping_status":"closed","template":"","meta":[],"product_brand":[],"product_cat":[2266,1406],"product_tag":[2267,1409,54,1345],"class_list":{"0":"post-110227","1":"product","2":"type-product","3":"status-publish","4":"has-post-thumbnail","6":"product_cat-body-cams-portatiles","7":"product_cat-videograbadoras-moviles-videovigilancia","8":"product_tag-body-cams-portatiles","9":"product_tag-dash-cams-y-body-cams","10":"product_tag-hikvision","11":"product_tag-videograbadoras-moviles","13":"first","14":"outofstock","15":"sale","16":"shipping-taxable","17":"purchasable","18":"product-type-simple"},"_links":{"self":[{"href":"https:\/\/soydeaqui.ddns.net\/pachuca\/index.php\/wp-json\/wp\/v2\/product\/110227","targetHints":{"allow":["GET"]}}],"collection":[{"href":"https:\/\/soydeaqui.ddns.net\/pachuca\/index.php\/wp-json\/wp\/v2\/product"}],"about":[{"href":"https:\/\/soydeaqui.ddns.net\/pachuca\/index.php\/wp-json\/wp\/v2\/types\/product"}],"replies":[{"embeddable":true,"href":"https:\/\/soydeaqui.ddns.net\/pachuca\/index.php\/wp-json\/wp\/v2\/comments?post=110227"}],"wp:featuredmedia":[{"embeddable":true,"href":"https:\/\/soydeaqui.ddns.net\/pachuca\/index.php\/wp-json\/wp\/v2\/media\/110226"}],"wp:attachment":[{"href":"https:\/\/soydeaqui.ddns.net\/pachuca\/index.php\/wp-json\/wp\/v2\/media?parent=110227"}],"wp:term":[{"taxonomy":"product_brand","embeddable":true,"href":"https:\/\/soydeaqui.ddns.net\/pachuca\/index.php\/wp-json\/wp\/v2\/product_brand?post=110227"},{"taxonomy":"product_cat","embeddable":true,"href":"https:\/\/soydeaqui.ddns.net\/pachuca\/index.php\/wp-json\/wp\/v2\/product_cat?post=110227"},{"taxonomy":"product_tag","embeddable":true,"href":"https:\/\/soydeaqui.ddns.net\/pachuca\/index.php\/wp-json\/wp\/v2\/product_tag?post=110227"}],"curies":[{"name":"wp","href":"https:\/\/api.w.org\/{rel}","templated":true}]}}