{"id":110202,"date":"2026-03-20T19:39:11","date_gmt":"2026-03-20T19:39:11","guid":{"rendered":"https:\/\/soydeaqui.ddns.net\/pachuca\/index.php\/producto\/bobina-de-cable-305-metros-1000-pies-cat6-calibre-23-climas-extremos-color-negro-sin-blindar-para-intemperie\/"},"modified":"2026-03-20T19:39:12","modified_gmt":"2026-03-20T19:39:12","slug":"bobina-de-cable-305-metros-1000-pies-cat6-calibre-23-climas-extremos-color-negro-sin-blindar-para-intemperie","status":"publish","type":"product","link":"https:\/\/soydeaqui.ddns.net\/pachuca\/index.php\/producto\/bobina-de-cable-305-metros-1000-pies-cat6-calibre-23-climas-extremos-color-negro-sin-blindar-para-intemperie\/","title":{"rendered":"Bobina de Cable 305 Metros (1000 Pies) Cat6+ Calibre 23, Climas Extremos, Color Negro, Sin Blindar, para Intemperie."},"content":{"rendered":"<div style='width: 100%; max-width: 1200px; margin: 0 auto; font-family: sans-serif; line-height: 1.6; color: inherit; background-color: transparent;'>\n<div style='display: flex; flex-direction: column; gap: 20px;'>\n<div style='width: 100%;'>\n<p style='margin: 0 0 15px; text-align: justify; font-size: 15px; color: inherit;'><strong>La soluci\u00f3n perfecta para corridas de cable que requieren estar expuestas a la intemperie.<\/strong> Transferencia Full Gigabit sobre condiciones extremas&comma; dise\u00f1ado por integradores profesionales de seguridad.<\/p>\n<p style='margin: 0 0 15px; font-size: 14px; color: inherit;'><strong>Compatible Unicamente con Plugs Terminados en campo<\/strong> <span style='color: #005cb9;'>LPKJ6A17U<\/span><\/p>\n<\/p><\/div>\n<div style='width: 100%;'> <img style='width: 100%; height: auto; border: 1px solid rgba(150&comma;150&comma;150&comma;0.3); border-radius: 8px;' src='https:\/\/ftp3.syscom.mx\/usuarios\/fotos\/PROCAT5EXT\/65736-linkedpro_ul_banner.jpg' alt='Banner de producto'> <\/div>\n<div style='display: grid; grid-template-columns: repeat(auto-fill&comma; minmax(280px&comma; 1fr)); gap: 20px;'>\n<div style='border: 1px solid rgba(150&comma; 150&comma; 150&comma; 0.4); border-radius: 8px; overflow: hidden;'>\n<div style='padding: 15px; border-bottom: 1px solid rgba(150&comma; 150&comma; 150&comma; 0.2); font-weight: bold; font-size: 16px; color: inherit;'>Caracter\u00edsticas<\/div>\n<div style='padding: 15px; color: inherit;'>\n<ul style='padding-left: 20px; margin: 0; font-size: 14px; list-style-type: disc;'>\n<li style='margin-bottom: 8px;'>Video surveillance IP Megapixel<\/li>\n<li style='margin-bottom: 8px;'>Instalaci\u00f3n de video an\u00e1logo<\/li>\n<li style='margin-bottom: 8px;'>Redes locales de alta velocidad.<\/li>\n<li style='margin-bottom: 8px;'>Redes inalambricas.<\/li>\n<li style='margin-bottom: 8px;'>Aplicaciones en 10BASE-T&comma; 100BASE-T y 1000BASET<\/li>\n<li style='margin-bottom: 8px;'>Instalaciones Gigabit de voz\/datos.<\/li>\n<li style='margin-bottom: 8px;'>Env\u00edo de PoE en largas distancias.<\/li>\n<li style='margin-bottom: 8px;'>Dise\u00f1ado para Aplicaciones de datos de alta velocidad&comma; Fast Ethernet y Gigabit Ethernet<\/li>\n<\/ul><\/div>\n<\/p><\/div>\n<div style='border: 1px solid rgba(150&comma; 150&comma; 150&comma; 0.4); border-radius: 8px; overflow: hidden;'>\n<div style='padding: 15px; border-bottom: 1px solid rgba(150&comma; 150&comma; 150&comma; 0.2); font-weight: bold; font-size: 16px; color: inherit;'>Caracter\u00edsticas f\u00edsicas y el\u00e9ctricas<\/div>\n<div style='padding: 15px; color: inherit;'>\n<ul style='padding-left: 20px; margin: 0; font-size: 14px; list-style-type: disc;'>\n<li style='margin-bottom: 8px;'><strong>Aplicaci\u00f3n:<\/strong> Intemperie.<\/li>\n<li style='margin-bottom: 8px;'>Conductores de puro cobre.<\/li>\n<li style='margin-bottom: 8px;'>Aislamiento PVC.<\/li>\n<li style='margin-bottom: 8px;'><strong>Conductor:<\/strong> 100% Cobre<\/li>\n<li style='margin-bottom: 8px;'><strong>Color Exterior:<\/strong> Negro.<\/li>\n<li style='margin-bottom: 8px;'>Construcci\u00f3n: UTP.<\/li>\n<li style='margin-bottom: 8px;'><strong>Conductor:<\/strong> Cobre solido 23 AWG.<\/li>\n<li style='margin-bottom: 8px;'><strong>Di\u00e1metro:<\/strong> 6.2 mm.<\/li>\n<\/ul><\/div>\n<\/p><\/div>\n<div style='border: 1px solid rgba(150&comma; 150&comma; 150&comma; 0.4); border-radius: 8px; overflow: hidden;'>\n<div style='padding: 15px; border-bottom: 1px solid rgba(150&comma; 150&comma; 150&comma; 0.2); font-weight: bold; font-size: 16px; color: inherit;'>Estandares y certificaciones<\/div>\n<div style='padding: 15px; color: inherit;'>\n<ul style='padding-left: 20px; margin: 0; font-size: 14px; list-style-type: disc;'>\n<li style='margin-bottom: 8px;'>UL (E488955)<\/li>\n<li style='margin-bottom: 8px;'>ANSI EIA\/TIA 568 C.2<\/li>\n<li style='margin-bottom: 8px;'>ISO\/IEC 11801 2nd Edition<\/li>\n<li style='margin-bottom: 8px;'>EN 50173; EN 50288-3-1<\/li>\n<li style='margin-bottom: 8px;'>Cumple con las Pruebas de Rendimiento para Enlace Permanente a 90 metros<\/li>\n<\/ul><\/div>\n<\/p><\/div>\n<\/p><\/div>\n<\/p><\/div>\n<\/p><\/div>\n","protected":false},"excerpt":{"rendered":"<p>Bobina de Cable 305 Metros (1000 Pies) Cat6+ Calibre 23, Climas Extremos, Color Negro, Sin Blindar, para Intemperie.<\/p>\n","protected":false},"featured_media":110201,"comment_status":"open","ping_status":"closed","template":"","meta":[],"product_brand":[],"product_cat":[576],"product_tag":[488,577,435],"class_list":{"0":"post-110202","1":"product","2":"type-product","3":"status-publish","4":"has-post-thumbnail","6":"product_cat-categoria-6","7":"product_tag-cables-y-conectores","8":"product_tag-categoria-6","9":"product_tag-linkedpro-by-epcom","11":"first","12":"instock","13":"sale","14":"shipping-taxable","15":"purchasable","16":"product-type-simple"},"_links":{"self":[{"href":"https:\/\/soydeaqui.ddns.net\/pachuca\/index.php\/wp-json\/wp\/v2\/product\/110202","targetHints":{"allow":["GET"]}}],"collection":[{"href":"https:\/\/soydeaqui.ddns.net\/pachuca\/index.php\/wp-json\/wp\/v2\/product"}],"about":[{"href":"https:\/\/soydeaqui.ddns.net\/pachuca\/index.php\/wp-json\/wp\/v2\/types\/product"}],"replies":[{"embeddable":true,"href":"https:\/\/soydeaqui.ddns.net\/pachuca\/index.php\/wp-json\/wp\/v2\/comments?post=110202"}],"wp:featuredmedia":[{"embeddable":true,"href":"https:\/\/soydeaqui.ddns.net\/pachuca\/index.php\/wp-json\/wp\/v2\/media\/110201"}],"wp:attachment":[{"href":"https:\/\/soydeaqui.ddns.net\/pachuca\/index.php\/wp-json\/wp\/v2\/media?parent=110202"}],"wp:term":[{"taxonomy":"product_brand","embeddable":true,"href":"https:\/\/soydeaqui.ddns.net\/pachuca\/index.php\/wp-json\/wp\/v2\/product_brand?post=110202"},{"taxonomy":"product_cat","embeddable":true,"href":"https:\/\/soydeaqui.ddns.net\/pachuca\/index.php\/wp-json\/wp\/v2\/product_cat?post=110202"},{"taxonomy":"product_tag","embeddable":true,"href":"https:\/\/soydeaqui.ddns.net\/pachuca\/index.php\/wp-json\/wp\/v2\/product_tag?post=110202"}],"curies":[{"name":"wp","href":"https:\/\/api.w.org\/{rel}","templated":true}]}}