{"id":110174,"date":"2026-03-20T19:37:38","date_gmt":"2026-03-20T19:37:38","guid":{"rendered":"https:\/\/soydeaqui.ddns.net\/pachuca\/index.php\/producto\/switch-administrable-l2-24-puertos-gigabit-c-ultra-poe-4-puertos-10g-sfp-c-display-600w\/"},"modified":"2026-03-20T19:37:41","modified_gmt":"2026-03-20T19:37:41","slug":"switch-administrable-l2-24-puertos-gigabit-c-ultra-poe-4-puertos-10g-sfp-c-display-600w","status":"publish","type":"product","link":"https:\/\/soydeaqui.ddns.net\/pachuca\/index.php\/producto\/switch-administrable-l2-24-puertos-gigabit-c-ultra-poe-4-puertos-10g-sfp-c-display-600w\/","title":{"rendered":"Switch Administrable L2+ 24 puertos gigabit c\/ Ultra PoE, 4 puertos 10G SFP, c\/Display, (600W)"},"content":{"rendered":"<div style='width: 100%; max-width: 1200px; margin: 0 auto; font-family: sans-serif; line-height: 1.6; color: inherit; background-color: transparent;'>\n<div style='display: flex; flex-wrap: wrap; gap: 30px; margin-bottom: 30px;'>\n<div style='flex: 1 1 300px; min-width: 280px;'>\n<h3 style='font-size: 22px; border-bottom: 2px solid currentColor; padding-bottom: 5px; margin-top: 0; color: inherit; opacity: 0.8;'>Caracter\u00edsticas principales<\/h3>\n<ul style='padding-left: 20px; font-size: 15px; color: inherit;'>\n<li style='margin-bottom: 5px;'><strong>Capa de conmutaci\u00f3n:<\/strong> L2+<\/li>\n<li style='margin-bottom: 5px;'><strong>Puertos:<\/strong> 24 puertos Gigabit Ethernet<\/li>\n<li style='margin-bottom: 5px;'><strong>PoE:<\/strong> 75 vatios por puerto Ultra PoE<\/li>\n<li style='margin-bottom: 5px;'><strong>Puertos 10G SFP:<\/strong> 4 puertos<\/li>\n<li style='margin-bottom: 5px;'><strong>Presupuesto de energ\u00eda:<\/strong> 600 vatios<\/li>\n<li style='margin-bottom: 5px;'><strong>Factor de forma:<\/strong> 1.25U<\/li>\n<li style='margin-bottom: 5px;'><strong>Pantalla:<\/strong> LCD t\u00e1ctil<\/li>\n<li style='margin-bottom: 5px;'><strong>Soporte IPv6:<\/strong> Doble pila IPv6\/IPv4<\/li>\n<\/ul><\/div>\n<div style='flex: 1 1 300px; min-width: 280px;'>\n<h3 style='font-size: 22px; border-bottom: 2px solid currentColor; padding-bottom: 5px; margin-top: 0; color: inherit; opacity: 0.8;'>Caracter\u00edsticas avanzadas<\/h3>\n<ul style='padding-left: 20px; font-size: 14px; color: inherit;'>\n<li style='margin-bottom: 5px;'>Control de administraci\u00f3n LCD intuitivo<\/li>\n<li style='margin-bottom: 5px;'>Soporte ONVIF para dispositivos de videovigilancia<\/li>\n<li style='margin-bottom: 5px;'>Detecci\u00f3n autom\u00e1tica de dispositivos PoE<\/li>\n<li style='margin-bottom: 5px;'>Gesti\u00f3n avanzada de energ\u00eda PoE<\/li>\n<li style='margin-bottom: 5px;'>Comprobaci\u00f3n activa de dispositivos PoE<\/li>\n<li style='margin-bottom: 5px;'>Reciclaje de energ\u00eda programado<\/li>\n<li style='margin-bottom: 5px;'>Monitoreo en tiempo real del uso de energ\u00eda<\/li>\n<li style='margin-bottom: 5px;'>Capacidad de enlace ascendente 10Gbps<\/li>\n<li style='margin-bottom: 5px;'>Dise\u00f1o de ventilador inteligente<\/li>\n<li style='margin-bottom: 5px;'>Soporte para VLAN Q-in-Q<\/li>\n<li style='margin-bottom: 5px;'>Seguridad avanzada (ACL&comma; 802.1x&comma; MAC&comma; VLAN privada)<\/li>\n<li style='margin-bottom: 5px;'>Funciones de diagn\u00f3stico SFP\/SFP+<\/li>\n<\/ul><\/div>\n<\/p><\/div>\n<div style='margin-bottom: 30px;'> <img style='width: 100%; height: auto; border: 1px solid rgba(150&comma;150&comma;150&comma;0.3); border-radius: 8px;' src='https:\/\/www.planet.com.tw\/storage\/products\/48993\/GS-5220-24UP4XVR_Front-Panel-Introducton_L.png' alt='Panel frontal del switch'> <\/div>\n<div style='display: flex; flex-wrap: wrap; gap: 20px; margin-bottom: 30px;'>\n<div style='flex: 1 1 250px; border: 1px solid rgba(150&comma; 150&comma; 150&comma; 0.4); border-radius: 8px; overflow: hidden; display: flex; flex-direction: column;'>\n<div style='padding: 15px; border-bottom: 1px solid rgba(150&comma; 150&comma; 150&comma; 0.2); font-weight: bold; font-size: 18px; color: inherit;'>Control LCD inteligente<\/div>\n<div style='padding: 15px; color: inherit;'>\n<ul style='padding-left: 20px; margin: 0; font-size: 14px; list-style-type: disc;'>\n<li style='margin-bottom: 5px;'>Configuraci\u00f3n de direcci\u00f3n IP&comma; VLAN y QoS<\/li>\n<li style='margin-bottom: 5px;'>Gesti\u00f3n y estado de PoE<\/li>\n<li style='margin-bottom: 5px;'>Administraci\u00f3n de puertos e informaci\u00f3n SFP<\/li>\n<li style='margin-bottom: 5px;'>Diagn\u00f3stico de cable y ping IP remoto<\/li>\n<li style='margin-bottom: 5px;'>Reinicio&comma; configuraci\u00f3n predeterminada y guardado de configuraci\u00f3n<\/li>\n<\/ul><\/div>\n<\/p><\/div>\n<div style='flex: 1 1 250px; border: 1px solid rgba(150&comma; 150&comma; 150&comma; 0.4); border-radius: 8px; overflow: hidden; display: flex; flex-direction: column;'>\n<div style='padding: 15px; border-bottom: 1px solid rgba(150&comma; 150&comma; 150&comma; 0.2); font-weight: bold; font-size: 18px; color: inherit;'>Funcionalidad Ultra PoE<\/div>\n<div style='padding: 15px; color: inherit;'>\n<ul style='padding-left: 20px; margin: 0; font-size: 14px; list-style-type: disc;'>\n<li style='margin-bottom: 5px;'>Soporta IEEE 802.3at\/af<\/li>\n<li style='margin-bottom: 5px;'>75W de potencia por puerto<\/li>\n<li style='margin-bottom: 5px;'>Cableado de 4 pares (cat5e\/6)<\/li>\n<li style='margin-bottom: 5px;'>Soporta domos PTZ&comma; clientes ligeros&comma; pantallas digitales&comma; etc.<\/li>\n<\/ul><\/div>\n<\/p><\/div>\n<div style='flex: 1 1 250px; border: 1px solid rgba(150&comma; 150&comma; 150&comma; 0.4); border-radius: 8px; overflow: hidden; display: flex; flex-direction: column;'>\n<div style='padding: 15px; border-bottom: 1px solid rgba(150&comma; 150&comma; 150&comma; 0.2); font-weight: bold; font-size: 18px; color: inherit;'>Caracter\u00edsticas PoE exclusivas<\/div>\n<div style='padding: 15px; color: inherit;'>\n<ul style='padding-left: 20px; margin: 0; font-size: 14px; list-style-type: disc;'>\n<li style='margin-bottom: 5px;'>Verificaci\u00f3n activa de dispositivos<\/li>\n<li style='margin-bottom: 5px;'>Reciclaje programado<\/li>\n<li style='margin-bottom: 5px;'>Programaci\u00f3n de energ\u00eda PoE<\/li>\n<li style='margin-bottom: 5px;'>Monitoreo en tiempo real del uso de energ\u00eda<\/li>\n<\/ul><\/div>\n<\/p><\/div>\n<div style='flex: 1 1 250px; border: 1px solid rgba(150&comma; 150&comma; 150&comma; 0.4); border-radius: 8px; overflow: hidden; display: flex; flex-direction: column;'>\n<div style='padding: 15px; border-bottom: 1px solid rgba(150&comma; 150&comma; 150&comma; 0.2); font-weight: bold; font-size: 18px; color: inherit;'>Caracter\u00edsticas de seguridad<\/div>\n<div style='padding: 15px; color: inherit;'>\n<ul style='padding-left: 20px; margin: 0; font-size: 14px; list-style-type: disc;'>\n<li style='margin-bottom: 5px;'>Listas de control de acceso (ACL) de capa 2 a capa 4<\/li>\n<li style='margin-bottom: 5px;'>Autenticaci\u00f3n 802.1x basada en puerto y MAC<\/li>\n<li style='margin-bottom: 5px;'>VLAN privada<\/li>\n<li style='margin-bottom: 5px;'>DHCP Snooping<\/li>\n<li style='margin-bottom: 5px;'>IP Source Guard<\/li>\n<li style='margin-bottom: 5px;'>Inspecci\u00f3n din\u00e1mica ARP<\/li>\n<\/ul><\/div>\n<\/p><\/div>\n<\/p><\/div>\n<div style='margin-bottom: 30px;'> <img style='width: 100%; height: auto; border: 1px solid rgba(150&comma;150&comma;150&comma;0.3); border-radius: 8px;' src='https:\/\/www.planet.com.tw\/storage\/products\/48993\/GS-5220-24UP4XVR-1_L.png' alt='Vista del switch con pantalla LCD'> <\/div>\n<div style='margin-bottom: 30px;'>\n<h3 style='font-size: 22px; border-bottom: 2px solid currentColor; padding-bottom: 5px; margin-top: 0; color: inherit; opacity: 0.8;'>Soporte ONVIF para dispositivos de videovigilancia<\/h3>\n<p style='font-size: 15px; color: inherit; margin-top: 10px; margin-bottom: 10px;'>Los conmutadores GS-5220-24UPL4XV y GS-5220-24UPL4XVR incluyen soporte ONVIF para facilitar la integraci\u00f3n con c\u00e1maras IP. Desde la interfaz web del conmutador&comma; los usuarios pueden:<\/p>\n<ul style='padding-left: 20px; font-size: 14px; color: inherit;'>\n<li style='margin-bottom: 5px;'>Buscar y mostrar todos los dispositivos ONVIF en la red<\/li>\n<li style='margin-bottom: 5px;'>Cargar planos de edificios para ubicar dispositivos<\/li>\n<li style='margin-bottom: 5px;'>Monitorear estado en tiempo real de c\u00e1maras<\/li>\n<li style='margin-bottom: 5px;'>Reiniciar c\u00e1maras PoE desde la interfaz<\/li>\n<\/ul><\/div>\n<div style='margin-bottom: 30px;'> <img style='width: 100%; height: auto; border: 1px solid rgba(150&comma;150&comma;150&comma;0.3); border-radius: 8px;' src='https:\/\/www.planet.com.tw\/storage\/products\/48993\/GS-5220-24UP4XVR-3_L.jpg' alt='Vista de pantalla LCD'> <\/div>\n<div style='margin-bottom: 30px;'> <img style='width: 100%; height: auto; border: 1px solid rgba(150&comma;150&comma;150&comma;0.3); border-radius: 8px;' src='https:\/\/www.planet.com.tw\/storage\/products\/48993\/GS-5220-24UP4XVR-2_L.jpg' alt='Vista frontal del switch'> <\/div>\n<div style='margin-bottom: 30px;'>\n<h3 style='font-size: 22px; border-bottom: 2px solid currentColor; padding-bottom: 5px; margin-top: 0; color: inherit; opacity: 0.8;'>Tecnolog\u00eda Ultra PoE de 4 pares<\/h3>\n<p style='font-size: 15px; color: inherit; margin-top: 10px; margin-bottom: 10px;'>Los modelos GS-5220-24UPL4XV y GS-5220-24UPL4XVR implementan la tecnolog\u00eda Ultra PoE que permite hasta 75W por puerto a trav\u00e9s de cableado de 4 pares (cat5e\/6). Esta tecnolog\u00eda utiliza dos controladores PSE para alimentar tanto los pares de datos como los pares de repuesto&comma; permitiendo alimentar dispositivos que requieren mayor potencia como:<\/p>\n<ul style='padding-left: 20px; font-size: 14px; color: inherit;'>\n<li style='margin-bottom: 5px;'>Domo PTZ PoE<\/li>\n<li style='margin-bottom: 5px;'>Dispositivos de red que requieren alta potencia<\/li>\n<li style='margin-bottom: 5px;'>Clientes ligeros<\/li>\n<li style='margin-bottom: 5px;'>PC t\u00e1ctiles todo en uno<\/li>\n<li style='margin-bottom: 5px;'>Pantallas de se\u00f1alizaci\u00f3n digital remota<\/li>\n<\/ul><\/div>\n<div style='margin-bottom: 30px;'> <img style='width: 100%; height: auto; border: 1px solid rgba(150&comma;150&comma;150&comma;0.3); border-radius: 8px;' src='https:\/\/www.planet.com.tw\/storage\/products\/48993\/GS-5220-16UP4S2X-1_L.png' alt='Vista del panel frontal'> <\/div>\n<div style='margin-bottom: 30px;'>\n<h3 style='font-size: 22px; border-bottom: 2px solid currentColor; padding-bottom: 5px; margin-top: 0; color: inherit; opacity: 0.8;'>Administraci\u00f3n inteligente de dispositivos PoE<\/h3>\n<p style='font-size: 15px; color: inherit; margin-top: 10px; margin-bottom: 10px;'>Los conmutadores GS-5220-24UPL4XV y GS-5220-24UPL4XVR ofrecen funciones avanzadas de administraci\u00f3n de dispositivos PoE:<\/p>\n<ul style='padding-left: 20px; font-size: 14px; color: inherit;'>\n<li style='margin-bottom: 5px;'>Verificaci\u00f3n activa de dispositivos para detecci\u00f3n de fallos<\/li>\n<li style='margin-bottom: 5px;'>Reciclaje programado para reinicio autom\u00e1tico<\/li>\n<li style='margin-bottom: 5px;'>Programaci\u00f3n de energ\u00eda PoE para ahorro energ\u00e9tico<\/li>\n<li style='margin-bottom: 5px;'>Monitoreo en tiempo real del uso de energ\u00eda<\/li>\n<\/ul>\n<p style='font-size: 15px; color: inherit; margin-top: 10px; margin-bottom: 10px;'>La verificaci\u00f3n activa de dispositivos permite monitorear el estado de los dispositivos alimentados en tiempo real. Si un dispositivo deja de responder&comma; el conmutador puede reiniciar autom\u00e1ticamente la alimentaci\u00f3n PoE del puerto para restaurar el funcionamiento del dispositivo&comma; mejorando as\u00ed la fiabilidad de la red y reduciendo la necesidad de intervenci\u00f3n manual.<\/p>\n<\/p><\/div>\n<div style='margin-bottom: 30px;'> <img style='width: 100%; height: auto; border: 1px solid rgba(150&comma;150&comma;150&comma;0.3); border-radius: 8px;' src='https:\/\/www.planet.com.tw\/storage\/products\/48993\/SGS-5220-24T2X-8_L.png' alt='Vista de pantalla de administraci\u00f3n'> <\/div>\n<div style='margin-bottom: 30px;'>\n<h3 style='font-size: 22px; border-bottom: 2px solid currentColor; padding-bottom: 5px; margin-top: 0; color: inherit; opacity: 0.8;'>Programaci\u00f3n de energ\u00eda PoE para ahorro energ\u00e9tico<\/h3>\n<p style='font-size: 15px; color: inherit; margin-top: 10px; margin-bottom: 10px;'>La funci\u00f3n de programaci\u00f3n PoE permite habilitar o deshabilitar la alimentaci\u00f3n de energ\u00eda para cada puerto durante intervalos de tiempo espec\u00edficos. Esta caracter\u00edstica permite:<\/p>\n<ul style='padding-left: 20px; font-size: 14px; color: inherit;'>\n<li style='margin-bottom: 5px;'>Ahorro de energ\u00eda y reducci\u00f3n de costos<\/li>\n<li style='margin-bottom: 5px;'>Aumento de la seguridad al desactivar dispositivos fuera de horario<\/li>\n<li style='margin-bottom: 5px;'>Automatizaci\u00f3n de tareas de administraci\u00f3n<\/li>\n<\/ul>\n<p style='font-size: 15px; color: inherit; margin-top: 10px; margin-bottom: 10px;'>El GS-5220-24UPL4XV y GS-5220-24UPL4XVR permiten programar reinicios de c\u00e1maras IP o puntos de acceso inal\u00e1mbricos a horas espec\u00edficas&comma; reduciendo la posibilidad de fallos por sobrecarga del dispositivo.<\/p>\n<\/p><\/div>\n<div style='margin-bottom: 30px;'> <img style='width: 100%; height: auto; border: 1px solid rgba(150&comma;150&comma;150&comma;0.3); border-radius: 8px;' src='https:\/\/www.planet.com.tw\/storage\/products\/48993\/SGS-5220-24T2X-6_L.png' alt='Vista de administraci\u00f3n de energ\u00eda'> <\/div>\n<div style='margin-bottom: 30px;'>\n<h3 style='font-size: 22px; border-bottom: 2px solid currentColor; padding-bottom: 5px; margin-top: 0; color: inherit; opacity: 0.8;'>Monitoreo de energ\u00eda PoE<\/h3>\n<p style='font-size: 15px; color: inherit; margin-top: 10px; margin-bottom: 10px;'>A trav\u00e9s de la tabla de uso de energ\u00eda en la interfaz de administraci\u00f3n web&comma; los conmutadores GS-5220-24UPL4XV y GS-5220-24UPL4XVR permiten monitorear en tiempo real el estado de uso de energ\u00eda de los dispositivos conectados&comma; mejorando as\u00ed la eficiencia de gesti\u00f3n de la red.<\/p>\n<\/p><\/div>\n<div style='margin-bottom: 30px;'>\n<h3 style='font-size: 22px; border-bottom: 2px solid currentColor; padding-bottom: 5px; margin-top: 0; color: inherit; opacity: 0.8;'>Capacidad de enlace ascendente 10Gbps<\/h3>\n<p style='font-size: 15px; color: inherit; margin-top: 10px; margin-bottom: 10px;'>Los cuatro puertos 10G SFP+ soportan:<\/p>\n<ul style='padding-left: 20px; font-size: 14px; color: inherit;'>\n<li style='margin-bottom: 5px;'>10GBASE-SR\/LR de doble velocidad<\/li>\n<li style='margin-bottom: 5px;'>1000BASE-SX\/LX<\/li>\n<\/ul>\n<p style='font-size: 15px; color: inherit; margin-top: 10px; margin-bottom: 10px;'>Esto permite a los administradores elegir el transceptor SFP\/SFP+ adecuado seg\u00fan la distancia y velocidad de transmisi\u00f3n requerida&comma; extendiendo eficientemente la red. La capacidad de enlace ascendente 10Gbps permite a las PYMES lograr un alto rendimiento sin necesidad de costosos conmutadores de capa 3.<\/p>\n<\/p><\/div>\n<div style='margin-bottom: 30px;'> <img style='width: 100%; height: auto; border: 1px solid rgba(150&comma;150&comma;150&comma;0.3); border-radius: 8px;' src='https:\/\/www.planet.com.tw\/storage\/products\/48993\/GS-5220-24UP4XVR_Rear-Panel-Introducton_L.png' alt='Panel trasero del switch'> <\/div>\n<div style='margin-bottom: 30px;'>\n<h3 style='font-size: 22px; border-bottom: 2px solid currentColor; padding-bottom: 5px; margin-top: 0; color: inherit; opacity: 0.8;'>Dise\u00f1o de ventilador inteligente<\/h3>\n<p style='font-size: 15px; color: inherit; margin-top: 10px; margin-bottom: 10px;'>Los modelos GS-5220-24UPL4XV y GS-5220-24UPL4XVR cuentan con un dise\u00f1o de ventilador inteligente que controla autom\u00e1ticamente la velocidad del ventilador incorporado para reducir el ruido y mantener la temperatura \u00f3ptima del conmutador PoE. El sistema de ventilaci\u00f3n eficiente permite que el conmutador opere de forma confiable y silenciosa en cualquier entorno sin afectar su rendimiento.<\/p>\n<\/p><\/div>\n<div style='margin-bottom: 30px;'>\n<h3 style='font-size: 22px; border-bottom: 2px solid currentColor; padding-bottom: 5px; margin-top: 0; color: inherit; opacity: 0.8;'>Soporte para red IPv6<\/h3>\n<p style='font-size: 15px; color: inherit; margin-top: 10px; margin-bottom: 10px;'>Con una pila dual IPv6\/IPv4&comma; los conmutadores GS-5220-24UPL4XV y GS-5220-24UPL4XVR son ideales para proveedores de servicios de videovigilancia IP&comma; VoIP y redes inal\u00e1mbricas que necesitan implementar redes IPv6. Estas unidades permiten a las PYMES actualizar su infraestructura a IPv6 sin inversi\u00f3n adicional&comma; ofreciendo:<\/p>\n<ul style='padding-left: 20px; font-size: 14px; color: inherit;'>\n<li style='margin-bottom: 5px;'>Soporte para enrutamiento VLAN IPv4\/IPv6<\/li>\n<li style='margin-bottom: 5px;'>Administraci\u00f3n segura y flexible<\/li>\n<li style='margin-bottom: 5px;'>Aplicaci\u00f3n de red simplificada<\/li>\n<\/ul><\/div>\n<div style='margin-bottom: 30px;'> <img style='width: 100%; height: auto; border: 1px solid rgba(150&comma;150&comma;150&comma;0.3); border-radius: 8px;' src='https:\/\/www.planet.com.tw\/storage\/products\/48993\/GS-5220-16UP2XV-4_L.png' alt='Vista de configuraci\u00f3n de red'> <\/div>\n<div style='margin-bottom: 30px;'>\n<h3 style='font-size: 22px; border-bottom: 2px solid currentColor; padding-bottom: 5px; margin-top: 0; color: inherit; opacity: 0.8;'>Caracter\u00edsticas avanzadas de capa 2<\/h3>\n<p style='font-size: 15px; color: inherit; margin-top: 10px; margin-bottom: 10px;'>La serie GS-5220 ofrece funciones avanzadas de administraci\u00f3n de conmutaci\u00f3n:<\/p>\n<ul style='padding-left: 20px; font-size: 14px; color: inherit;'>\n<li style='margin-bottom: 5px;'>Agregaci\u00f3n de enlace de puerto din\u00e1mico<\/li>\n<li style='margin-bottom: 5px;'>VLAN Q-in-Q<\/li>\n<li style='margin-bottom: 5px;'>Protocolo de \u00e1rbol de expansi\u00f3n m\u00faltiple (MSTP)<\/li>\n<li style='margin-bottom: 5px;'>QoS de capa 2\/4<\/li>\n<li style='margin-bottom: 5px;'>Control de ancho de banda<\/li>\n<li style='margin-bottom: 5px;'>IGMP\/MLD Snooping<\/li>\n<\/ul>\n<p style='font-size: 15px; color: inherit; margin-top: 10px; margin-bottom: 10px;'>Adem\u00e1s&comma; permite la creaci\u00f3n de hasta 14 grupos troncales con 4 puertos por grupo&comma; incluyendo soporte para conmutaci\u00f3n por error.<\/p>\n<\/p><\/div>\n<div style='margin-bottom: 30px;'> <img style='width: 100%; height: auto; border: 1px solid rgba(150&comma;150&comma;150&comma;0.3); border-radius: 8px;' src='https:\/\/www.planet.com.tw\/storage\/products\/48993\/GS-4210-24P4C-1_L.gif' alt='Vista de configuraci\u00f3n de seguridad'> <\/div>\n<div style='margin-bottom: 30px;'>\n<h3 style='font-size: 22px; border-bottom: 2px solid currentColor; padding-bottom: 5px; margin-top: 0; color: inherit; opacity: 0.8;'>Seguridad avanzada<\/h3>\n<p style='font-size: 15px; color: inherit; margin-top: 10px; margin-bottom: 10px;'>La serie GS-5220 ofrece una completa gama de funciones de seguridad:<\/p>\n<ul style='padding-left: 20px; font-size: 14px; color: inherit;'>\n<li style='margin-bottom: 5px;'>Listas de control de acceso (ACL) de capa 2 a capa 4<\/li>\n<li style='margin-bottom: 5px;'>Autenticaci\u00f3n 802.1x basada en puerto y MAC<\/li>\n<li style='margin-bottom: 5px;'>VLAN privada para evitar comunicaci\u00f3n entre puertos<\/li>\n<li style='margin-bottom: 5px;'>DHCP Snooping<\/li>\n<li style='margin-bottom: 5px;'>IP Source Guard<\/li>\n<li style='margin-bottom: 5px;'>Inspecci\u00f3n din\u00e1mica ARP para prevenir ataques<\/li>\n<\/ul><\/div>\n<div style='margin-bottom: 30px;'>\n<h3 style='font-size: 22px; border-bottom: 2px solid currentColor; padding-bottom: 5px; margin-top: 0; color: inherit; opacity: 0.8;'>Administraci\u00f3n segura y f\u00e1cil<\/h3>\n<p style='font-size: 15px; color: inherit; margin-top: 10px; margin-bottom: 10px;'>La serie GS-5220 ofrece m\u00faltiples interfaces de administraci\u00f3n:<\/p>\n<ul style='padding-left: 20px; font-size: 14px; color: inherit;'>\n<li style='margin-bottom: 5px;'>Consola de administraci\u00f3n<\/li>\n<li style='margin-bottom: 5px;'>Interfaz web intuitiva<\/li>\n<li style='margin-bottom: 5px;'>SNMP v1&comma; v2 y v3 para gesti\u00f3n remota<\/li>\n<li style='margin-bottom: 5px;'>Comandos similares a Cisco para reducir curva de aprendizaje<\/li>\n<li style='margin-bottom: 5px;'>Conexiones seguras mediante SSH&comma; SSL y SNMP v3<\/li>\n<\/ul>\n<p style='font-size: 15px; color: inherit; margin-top: 10px; margin-bottom: 10px;'>Estas caracter\u00edsticas permiten una administraci\u00f3n eficiente y segura de la red&comma; con cifrado completo de datos en todas las sesiones de gesti\u00f3n.<\/p>\n<\/p><\/div>\n<div style='margin-bottom: 30px;'> <img style='width: 100%; height: auto; border: 1px solid rgba(150&comma;150&comma;150&comma;0.3); border-radius: 8px;' src='https:\/\/www.planet.com.tw\/storage\/products\/48993\/GS-5220-24UP4XVR-5_L1.png' alt='Vista de diagn\u00f3stico SFP'> <\/div>\n<div style='margin-bottom: 30px;'>\n<h3 style='font-size: 22px; border-bottom: 2px solid currentColor; padding-bottom: 5px; margin-top: 0; color: inherit; opacity: 0.8;'>Diagn\u00f3stico inteligente de transceptores SFP\/SFP+<\/h3>\n<p style='font-size: 15px; color: inherit; margin-top: 10px; margin-bottom: 10px;'>Los conmutadores GS-5220-24UPL4XV y GS-5220-24UPL4XVR soportan la funci\u00f3n SFP-DDM (Digital Diagnostic Monitor) para monitorear en tiempo real par\u00e1metros de transceptores SFP\/SFP+:<\/p>\n<ul style='padding-left: 20px; font-size: 14px; color: inherit;'>\n<li style='margin-bottom: 5px;'>Potencia \u00f3ptica de salida<\/li>\n<li style='margin-bottom: 5px;'>Potencia \u00f3ptica de entrada<\/li>\n<li style='margin-bottom: 5px;'>Temperatura<\/li>\n<li style='margin-bottom: 5px;'>Corriente de polarizaci\u00f3n l\u00e1ser<\/li>\n<li style='margin-bottom: 5px;'>Voltaje de suministro del transceptor<\/li>\n<\/ul><\/div>\n<div style='margin-bottom: 30px;'> <img style='width: 100%; height: auto; border: 1px solid rgba(150&comma;150&comma;150&comma;0.3); border-radius: 8px;' src='https:\/\/www.planet.com.tw\/storage\/products\/48993\/GS-5220-24UP4XVR-6_L.png' alt='Vista de monitoreo de energ\u00eda'> <\/div>\n<\/p><\/div>\n","protected":false},"excerpt":{"rendered":"<p>Switch Administrable L2+ 24 puertos gigabit c\/ Ultra PoE, 4 puertos 10G SFP, c\/Display, (600W)<\/p>\n","protected":false},"featured_media":110173,"comment_status":"open","ping_status":"closed","template":"","meta":[],"product_brand":[],"product_cat":[1986],"product_tag":[664,2033,1987],"class_list":{"0":"post-110174","1":"product","2":"type-product","3":"status-publish","4":"has-post-thumbnail","6":"product_cat-switches-poe","7":"product_tag-networking","8":"product_tag-planet","9":"product_tag-switches-poe","11":"first","12":"outofstock","13":"sale","14":"shipping-taxable","15":"purchasable","16":"product-type-simple"},"_links":{"self":[{"href":"https:\/\/soydeaqui.ddns.net\/pachuca\/index.php\/wp-json\/wp\/v2\/product\/110174","targetHints":{"allow":["GET"]}}],"collection":[{"href":"https:\/\/soydeaqui.ddns.net\/pachuca\/index.php\/wp-json\/wp\/v2\/product"}],"about":[{"href":"https:\/\/soydeaqui.ddns.net\/pachuca\/index.php\/wp-json\/wp\/v2\/types\/product"}],"replies":[{"embeddable":true,"href":"https:\/\/soydeaqui.ddns.net\/pachuca\/index.php\/wp-json\/wp\/v2\/comments?post=110174"}],"wp:featuredmedia":[{"embeddable":true,"href":"https:\/\/soydeaqui.ddns.net\/pachuca\/index.php\/wp-json\/wp\/v2\/media\/110173"}],"wp:attachment":[{"href":"https:\/\/soydeaqui.ddns.net\/pachuca\/index.php\/wp-json\/wp\/v2\/media?parent=110174"}],"wp:term":[{"taxonomy":"product_brand","embeddable":true,"href":"https:\/\/soydeaqui.ddns.net\/pachuca\/index.php\/wp-json\/wp\/v2\/product_brand?post=110174"},{"taxonomy":"product_cat","embeddable":true,"href":"https:\/\/soydeaqui.ddns.net\/pachuca\/index.php\/wp-json\/wp\/v2\/product_cat?post=110174"},{"taxonomy":"product_tag","embeddable":true,"href":"https:\/\/soydeaqui.ddns.net\/pachuca\/index.php\/wp-json\/wp\/v2\/product_tag?post=110174"}],"curies":[{"name":"wp","href":"https:\/\/api.w.org\/{rel}","templated":true}]}}