{"id":110151,"date":"2026-03-20T19:36:25","date_gmt":"2026-03-20T19:36:25","guid":{"rendered":"https:\/\/soydeaqui.ddns.net\/pachuca\/index.php\/producto\/monitor-10-1-tft-lcd-ideal-para-colocar-en-vehiculos-o-dvr-nvr-entradas-de-video-hdmi-vga-y-rca-cvbs\/"},"modified":"2026-03-20T19:36:36","modified_gmt":"2026-03-20T19:36:36","slug":"monitor-10-1-tft-lcd-ideal-para-colocar-en-vehiculos-o-dvr-nvr-entradas-de-video-hdmi-vga-y-rca-cvbs","status":"publish","type":"product","link":"https:\/\/soydeaqui.ddns.net\/pachuca\/index.php\/producto\/monitor-10-1-tft-lcd-ideal-para-colocar-en-vehiculos-o-dvr-nvr-entradas-de-video-hdmi-vga-y-rca-cvbs\/","title":{"rendered":"Monitor 10.1&#8243; TFT-LCD ideal para colocar en veh\u00edculos o DVR\/NVR. Entradas de video HDMI, VGA y RCA (CVBS)"},"content":{"rendered":"<div style='width: 100%; max-width: 1200px; margin: 0 auto; font-family: sans-serif; line-height: 1.6; color: inherit; background-color: transparent;'>\n<div style='display: flex; flex-wrap: wrap; gap: 30px; margin-bottom: 30px;'>\n<div style='flex: 1 1 300px; min-width: 280px;'>\n<h3 style='font-size: 22px; border-bottom: 2px solid currentColor; padding-bottom: 5px; margin-top: 0; color: inherit; opacity: 0.8;'>Caracter\u00edsticas principales<\/h3>\n<ul style='padding-left: 20px; font-size: 15px; color: inherit;'>\n<li style='margin-bottom: 5px;'>Tama\u00f1o 10&#8242; TFT-LCD<\/li>\n<li style='margin-bottom: 5px;'>Relaci\u00f3n de aspecto 16:9<\/li>\n<li style='margin-bottom: 5px;'>Brillo t\u00edpico 300 cd\/m\u00b2<\/li>\n<li style='margin-bottom: 5px;'>Resoluci\u00f3n 1024 x 600 pix.<\/li>\n<\/ul><\/div>\n<div style='flex: 1 1 300px; min-width: 280px;'>\n<h3 style='font-size: 22px; border-bottom: 2px solid currentColor; padding-bottom: 5px; margin-top: 0; color: inherit; opacity: 0.8;'>Caracter\u00edsticas generales<\/h3>\n<ul style='padding-left: 20px; font-size: 15px; color: inherit;'>\n<li style='margin-bottom: 5px;'>Entrada de Video RCA (CVBS)\/HDMI\/VGA\/BNC (CVBS)\/USB<\/li>\n<li style='margin-bottom: 5px;'>Color Negro<\/li>\n<li style='margin-bottom: 5px;'>Montaje incluido<\/li>\n<li style='margin-bottom: 5px;'>Incluye Control Remoto<\/li>\n<li style='margin-bottom: 5px;'>Men\u00fa en pantalla<\/li>\n<\/ul><\/div>\n<div style='flex: 1 1 300px; min-width: 280px;'>\n<h3 style='font-size: 22px; border-bottom: 2px solid currentColor; padding-bottom: 5px; margin-top: 0; color: inherit; opacity: 0.8;'>Caracter\u00edsticas f\u00edsicas y el\u00e9ctricas<\/h3>\n<ul style='padding-left: 20px; font-size: 15px; color: inherit;'>\n<li style='margin-bottom: 5px;'>Temperatura de operaci\u00f3n: -20 a 70 \u00b0C<\/li>\n<li style='margin-bottom: 5px;'>Alimentaci\u00f3n: 12Vcc \/ 6W (No incluido&comma; ver adaptadores de pared).<\/li>\n<li style='margin-bottom: 5px;'>Dimensiones 253 x 166 x 35 mm.<\/li>\n<li style='margin-bottom: 5px;'>Peso: 520 g.<\/li>\n<\/ul><\/div>\n<\/p><\/div>\n<div style='margin-top: 30px; font-size: 14px; color: inherit;'> *1 A\u00f1o de Garant\u00eda. <\/div>\n<\/p><\/div>\n","protected":false},"excerpt":{"rendered":"<p>Monitor 10.1&#8243; TFT-LCD ideal para colocar en veh\u00edculos o DVR\/NVR. Entradas de video HDMI, VGA y RCA (CVBS)<\/p>\n","protected":false},"featured_media":110150,"comment_status":"open","ping_status":"closed","template":"","meta":[],"product_brand":[],"product_cat":[2191],"product_tag":[2089,2192,63],"class_list":{"0":"post-110151","1":"product","2":"type-product","3":"status-publish","4":"has-post-thumbnail","6":"product_cat-pantallas-monitores-monitores-pantallas-y-mobiliario","7":"product_tag-monitores-pantallas-y-mobiliario","8":"product_tag-pantallas-monitores-2","9":"product_tag-syscom","11":"first","12":"instock","13":"sale","14":"shipping-taxable","15":"purchasable","16":"product-type-simple"},"_links":{"self":[{"href":"https:\/\/soydeaqui.ddns.net\/pachuca\/index.php\/wp-json\/wp\/v2\/product\/110151","targetHints":{"allow":["GET"]}}],"collection":[{"href":"https:\/\/soydeaqui.ddns.net\/pachuca\/index.php\/wp-json\/wp\/v2\/product"}],"about":[{"href":"https:\/\/soydeaqui.ddns.net\/pachuca\/index.php\/wp-json\/wp\/v2\/types\/product"}],"replies":[{"embeddable":true,"href":"https:\/\/soydeaqui.ddns.net\/pachuca\/index.php\/wp-json\/wp\/v2\/comments?post=110151"}],"wp:featuredmedia":[{"embeddable":true,"href":"https:\/\/soydeaqui.ddns.net\/pachuca\/index.php\/wp-json\/wp\/v2\/media\/110150"}],"wp:attachment":[{"href":"https:\/\/soydeaqui.ddns.net\/pachuca\/index.php\/wp-json\/wp\/v2\/media?parent=110151"}],"wp:term":[{"taxonomy":"product_brand","embeddable":true,"href":"https:\/\/soydeaqui.ddns.net\/pachuca\/index.php\/wp-json\/wp\/v2\/product_brand?post=110151"},{"taxonomy":"product_cat","embeddable":true,"href":"https:\/\/soydeaqui.ddns.net\/pachuca\/index.php\/wp-json\/wp\/v2\/product_cat?post=110151"},{"taxonomy":"product_tag","embeddable":true,"href":"https:\/\/soydeaqui.ddns.net\/pachuca\/index.php\/wp-json\/wp\/v2\/product_tag?post=110151"}],"curies":[{"name":"wp","href":"https:\/\/api.w.org\/{rel}","templated":true}]}}