{"id":110149,"date":"2026-03-20T19:36:19","date_gmt":"2026-03-20T19:36:19","guid":{"rendered":"https:\/\/soydeaqui.ddns.net\/pachuca\/index.php\/producto\/dvr-4-megapixel-pentahibrido-4-canales-turbohd-2-canal-ip-1-bahia-de-disco-duro-h-265-1-canal-de-audio-audio-por-coaxitron-salida-de-video-full-hd\/"},"modified":"2026-03-20T19:36:21","modified_gmt":"2026-03-20T19:36:21","slug":"dvr-4-megapixel-pentahibrido-4-canales-turbohd-2-canal-ip-1-bahia-de-disco-duro-h-265-1-canal-de-audio-audio-por-coaxitron-salida-de-video-full-hd","status":"publish","type":"product","link":"https:\/\/soydeaqui.ddns.net\/pachuca\/index.php\/producto\/dvr-4-megapixel-pentahibrido-4-canales-turbohd-2-canal-ip-1-bahia-de-disco-duro-h-265-1-canal-de-audio-audio-por-coaxitron-salida-de-video-full-hd\/","title":{"rendered":"DVR 4 Megapixel Pentah\u00edbrido \/ 4 Canales TURBOHD + 2 Canal IP \/ 1 Bah\u00eda de Disco Duro \/ H.265+ \/ 1 Canal de Audio \/ Audio por Coaxitron \/ Salida de V\u00eddeo Full HD"},"content":{"rendered":"<div style='width: 100%; max-width: 1200px; margin: 0 auto; font-family: sans-serif; line-height: 1.6; color: inherit; background-color: transparent;'> <!-- Imagen principal --> <\/p>\n<div style='width: 100%; margin-bottom: 30px;'> <img style='width: 100%; height: auto; border: 1px solid rgba(150&comma;150&comma;150&comma;0.3); border-radius: 8px;' src='https:\/\/ftp3.syscom.mx\/usuarios\/fotos\/IPCB120\/143291-hilook.png' alt='DVR 4 Megapixel Pentah\u00edbrido'> <\/div>\n<p> <!-- Nota importante --> <\/p>\n<div style='margin-bottom: 30px;'>\n<h3 style='font-size: 22px; border-bottom: 2px solid currentColor; padding-bottom: 5px; margin-top: 0; color: inherit; opacity: 0.8;'>Nota importante<\/h3>\n<p style='font-size: 15px; color: inherit;'>Gracias a las nuevas actualizaciones (mejoras) ahora el DVR permite aceptar c\u00e1maras TURBOHD de 4 Megapixel que originalmente estaba dedicado a soportar 3 Megapixel&comma; el DVR podr\u00e1 grabar a 4 Megapixel Lite&comma; quiere decir que es un acoplamiento de se\u00f1al que permite aceptar c\u00e1maras de 4 Megapixel TURBOHD con grabaci\u00f3n Lite.<\/p>\n<ul style='padding-left: 20px; font-size: 15px; color: inherit;'>\n<li style='margin-bottom: 5px; color: #ff0000;'><strong>4 Megapixel Real = 2560 X 1440.<\/strong><\/li>\n<li style='margin-bottom: 5px; color: #ff0000;'><strong>4 Megapixel Lite = 1280 X 1440.<\/strong><\/li>\n<\/ul><\/div>\n<p> <!-- Secci\u00f3n de caracter\u00edsticas principales y f\u00edsicas --> <\/p>\n<div style='display: flex; flex-wrap: wrap; gap: 30px; margin-bottom: 30px;'> <!-- Caracter\u00edsticas principales --> <\/p>\n<div style='flex: 1 1 300px; min-width: 280px;'>\n<h3 style='font-size: 22px; border-bottom: 2px solid currentColor; padding-bottom: 5px; margin-top: 0; color: inherit; opacity: 0.8;'>Caracter\u00edsticas principales<\/h3>\n<ul style='padding-left: 20px; font-size: 15px; color: inherit;'>\n<li style='margin-bottom: 5px;'>Soporta 4 canales TURBO + 2 canal IP = 6 canales en total.<\/li>\n<ul style='padding-left: 20px; margin-top: 5px; margin-bottom: 5px;'>\n<li style='margin-bottom: 5px; color: #ff0000;'><strong>Acepta c\u00e1maras de 4MP&comma; 2MP y 1MP en todos sus canales BNC (C\u00e1maras de 3MP solo en el canal 1)<\/strong>.<\/li>\n<\/ul>\n<li style='margin-bottom: 5px;'><strong>Permite apagar canales anal\u00f3gicos para generar canales IP<\/strong>.<\/li>\n<li style='margin-bottom: 5px;'>Sistema pentah\u00edbrido (TVI \/ AHD \/ CVI \/ CVBS).<\/li>\n<li style='margin-bottom: 5px;'>Compresi\u00f3n: H.265+ \/ H.265 \/ H.264+ \/ H.264.<\/li>\n<li style='margin-bottom: 5px;'>Soporta 1 bah\u00eda de disco duro de hasta 10 TB (no incluido).<\/li>\n<li style='margin-bottom: 5px;'>1 Entrada y 1 salida de audio por RCA.<\/li>\n<li style='margin-bottom: 5px;'>4 canales de audio por coaxitron.<\/li>\n<li style='margin-bottom: 5px;'>Salida de v\u00eddeo HDMI \/ VGA simult\u00e1nea (Full HD).<\/li>\n<li style='margin-bottom: 5px;'>Compatible con Hik-Connect (P2P).<\/li>\n<\/ul><\/div>\n<p> <!-- Caracter\u00edsticas f\u00edsicas y el\u00e9ctricas --> <\/p>\n<div style='flex: 1 1 300px; min-width: 280px;'>\n<h3 style='font-size: 22px; border-bottom: 2px solid currentColor; padding-bottom: 5px; margin-top: 0; color: inherit; opacity: 0.8;'>Caracter\u00edsticas F\u00edsicas y El\u00e9ctricas<\/h3>\n<ul style='padding-left: 20px; font-size: 15px; color: inherit;'>\n<li style='margin-bottom: 5px;'>Alimentaci\u00f3n: 12 Vcc.<\/li>\n<li style='margin-bottom: 5px;'>Consumo: 8 watts.<\/li>\n<li style='margin-bottom: 5px;'>Dimensiones: 260 x 222 x 45 mm.<\/li>\n<li style='margin-bottom: 5px;'>Peso: 1 kg<\/li>\n<li style='margin-bottom: 5px;'>Material: fabricado en metal.<\/li>\n<li style='margin-bottom: 5px;'>Garant\u00eda: 1 a\u00f1o.<\/li>\n<\/ul>\n<h3 style='font-size: 22px; border-bottom: 2px solid currentColor; padding-bottom: 5px; margin-top: 20px; margin-bottom: 10px; color: inherit; opacity: 0.8;'>Caracter\u00edsticas Destacadas<\/h3>\n<ul style='padding-left: 20px; font-size: 15px; color: inherit;'>\n<li style='margin-bottom: 5px;'>Permite apagar canales anal\u00f3gicos TURBO y poder habilitar canales IP adicionales&comma; por cada canal anal\u00f3gico TURBO que apaguemos podemos generar 1 canal IP adicional (5 canales IP en total).<\/li>\n<li style='margin-bottom: 5px;'>Nota: no soporta control remoto.<\/li>\n<li style='margin-bottom: 5px;'>Soporta 4 canales de audio por coaxitron (<a href='https:\/\/www.syscom.mx\/principal\/promociones\/camaras_hilook_-_audio_por_coaxitron-5014.html?ordenar=Relevancia&#038;pag=1' target='_blank' rel='noopener' style='color: inherit; text-decoration: underline;'>ver modelos compatibles<\/a>)<\/li>\n<\/ul><\/div>\n<\/p><\/div>\n<p> <!-- Resoluciones soportadas --> <\/p>\n<div style='margin-bottom: 30px;'>\n<h3 style='font-size: 22px; border-bottom: 2px solid currentColor; padding-bottom: 5px; margin-top: 0; color: inherit; opacity: 0.8;'>Resoluciones soportadas<\/h3>\n<ul style='padding-left: 20px; font-size: 15px; color: inherit;'>\n<li style='margin-bottom: 5px;'>TVI: 4 MP \/ 3 MP \/ 1080p \/ 720p<\/li>\n<li style='margin-bottom: 5px;'>CVI: 4 MP \/ 3 MP \/ 1080p \/ 720p<\/li>\n<li style='margin-bottom: 5px;'>AHD: 4 MP \/ 3 MP \/ 1080p \/ 720p<\/li>\n<li style='margin-bottom: 5px;'>CVBS: 800 TVL en adelante.<\/li>\n<li style='margin-bottom: 5px;'>IP: 6 Megapixel.<\/li>\n<\/ul><\/div>\n<p> <!-- Banner final --> <\/p>\n<div style='width: 100%; margin-bottom: 30px;'> <img style='width: 100%; height: auto; border: 1px solid rgba(150&comma;150&comma;150&comma;0.3); border-radius: 8px;' src='https:\/\/ftp3.syscom.mx\/usuarios\/jsosa\/GIF\/bannerepcom.jpg' alt='Banner'> <\/div>\n<\/p><\/div>\n","protected":false},"excerpt":{"rendered":"<p>DVR 4 Megapixel Pentah\u00edbrido \/ 4 Canales TURBOHD + 2 Canal IP \/ 1 Bah\u00eda de Disco Duro \/ H.265+ \/ 1 Canal de Audio \/ Audio por Coaxitron \/ Salida de V\u00eddeo Full HD<\/p>\n","protected":false},"featured_media":110148,"comment_status":"open","ping_status":"closed","template":"","meta":[],"product_brand":[],"product_cat":[2254],"product_tag":[2255,715,2256],"class_list":{"0":"post-110149","1":"product","2":"type-product","3":"status-publish","4":"has-post-thumbnail","6":"product_cat-videograbadoras-analogicas-turbohd-tvi-ahd-cvi","7":"product_tag-camaras-y-dvrs-hd-turbohd-ahd-hd-tvi","8":"product_tag-hilook-by-hikvision","9":"product_tag-videograbadoras-analogicas-turbohd-tvi-ahd-cvi","11":"first","12":"outofstock","13":"sale","14":"shipping-taxable","15":"purchasable","16":"product-type-simple"},"_links":{"self":[{"href":"https:\/\/soydeaqui.ddns.net\/pachuca\/index.php\/wp-json\/wp\/v2\/product\/110149","targetHints":{"allow":["GET"]}}],"collection":[{"href":"https:\/\/soydeaqui.ddns.net\/pachuca\/index.php\/wp-json\/wp\/v2\/product"}],"about":[{"href":"https:\/\/soydeaqui.ddns.net\/pachuca\/index.php\/wp-json\/wp\/v2\/types\/product"}],"replies":[{"embeddable":true,"href":"https:\/\/soydeaqui.ddns.net\/pachuca\/index.php\/wp-json\/wp\/v2\/comments?post=110149"}],"wp:featuredmedia":[{"embeddable":true,"href":"https:\/\/soydeaqui.ddns.net\/pachuca\/index.php\/wp-json\/wp\/v2\/media\/110148"}],"wp:attachment":[{"href":"https:\/\/soydeaqui.ddns.net\/pachuca\/index.php\/wp-json\/wp\/v2\/media?parent=110149"}],"wp:term":[{"taxonomy":"product_brand","embeddable":true,"href":"https:\/\/soydeaqui.ddns.net\/pachuca\/index.php\/wp-json\/wp\/v2\/product_brand?post=110149"},{"taxonomy":"product_cat","embeddable":true,"href":"https:\/\/soydeaqui.ddns.net\/pachuca\/index.php\/wp-json\/wp\/v2\/product_cat?post=110149"},{"taxonomy":"product_tag","embeddable":true,"href":"https:\/\/soydeaqui.ddns.net\/pachuca\/index.php\/wp-json\/wp\/v2\/product_tag?post=110149"}],"curies":[{"name":"wp","href":"https:\/\/api.w.org\/{rel}","templated":true}]}}