{"id":110062,"date":"2026-03-20T19:31:24","date_gmt":"2026-03-20T19:31:24","guid":{"rendered":"https:\/\/soydeaqui.ddns.net\/pachuca\/index.php\/producto\/dvr-8-canales-4k-turbohd-con-firmware-8-megapixel-1-bahia-de-disco-duro-4-canales-de-audio-8-entradas-de-alarma-videoanalisis\/"},"modified":"2026-03-20T19:31:30","modified_gmt":"2026-03-20T19:31:30","slug":"dvr-8-canales-4k-turbohd-con-firmware-8-megapixel-1-bahia-de-disco-duro-4-canales-de-audio-8-entradas-de-alarma-videoanalisis","status":"publish","type":"product","link":"https:\/\/soydeaqui.ddns.net\/pachuca\/index.php\/producto\/dvr-8-canales-4k-turbohd-con-firmware-8-megapixel-1-bahia-de-disco-duro-4-canales-de-audio-8-entradas-de-alarma-videoanalisis\/","title":{"rendered":"DVR 8 Canales 4K TurboHD (Con Firmware) \/ 8 Megapixel \/ 1 Bah\u00eda de Disco Duro \/ 4 Canales de Audio \/ 8 Entradas de alarma \/ Videoan\u00e1lisis"},"content":{"rendered":"<div style='width: 100%; max-width: 1200px; margin: 0 auto; font-family: sans-serif; line-height: 1.6; color: inherit; background-color: transparent;'> <!-- Imagen logo --> <\/p>\n<div style='width: 100%; margin-bottom: 30px;'> <img style='width: 100%; height: auto; border: 1px solid rgba(150&comma;150&comma;150&comma;0.3); border-radius: 8px;' src='http:\/\/ftp3.syscom.mx\/usuarios\/emendoza\/elesbanmch\/HIKVISON\/IMAGENES\/epcom.png' alt=''> <\/div>\n<p> <!-- Grid de secciones --> <\/p>\n<div style='display: grid; grid-template-columns: repeat(auto-fit&comma; minmax(280px&comma; 1fr)); gap: 30px; margin-bottom: 30px;'> <!-- Caracter\u00edsticas principales --> <\/p>\n<div style='border-left: 5px solid #0091ff; border-radius: 8px; overflow: hidden; box-shadow: 0 2px 8px rgba(0&comma;0&comma;0&comma;0.05);'>\n<div style='padding: 15px; background-color: rgba(0&comma; 145&comma; 255&comma; 0.05); font-weight: bold; color: inherit;'> Caracter\u00edsticas principales <\/div>\n<div style='padding: 15px; color: inherit;'>\n<ul style='padding-left: 20px; margin: 0; font-size: 14px;'>\n<li style='margin-bottom: 5px;'>Serie Turbo HD Versi\u00f3n 4.0<\/li>\n<li style='margin-bottom: 5px;'><strong>Grabador PENTABRIDO:<\/strong> HD-TVI&comma; HD-CVI&comma; Anal\u00f3gico&comma; IP y AHD<\/li>\n<li style='margin-bottom: 5px;'>Compatible con Hik-Connect P2P<\/li>\n<li style='margin-bottom: 5px;'>Soporta servicio DDNS Hikvision DynDNS<\/li>\n<li style='margin-bottom: 5px;'><strong>Videanaliticos:<\/strong> Detecci\u00f3n por cruce de linea &#038; detecci\u00f3n de intrusi\u00f3n<\/li>\n<li style='margin-bottom: 5px;'><strong>Formato de compresi\u00f3n:<\/strong> H265+ \/H.265\/ H.264+\/ H.264<\/li>\n<li style='margin-bottom: 5px;'><strong>Soporta 8 canales TURBOHD \/ anal\u00f3gicos + 8 canales IP = 16 canales en total<\/strong><\/li>\n<li style='margin-bottom: 5px;'><a style='color: #2baadf; text-decoration: none;' href='http:\/\/soporte.syscom.mx\/es\/articles\/2554985-hikvision-configuracion-para-activar-videoanaliticos-en-todos-los-canales-de-los-dvr' target='_blank' rel='noopener'>(Ver procedimiento)<\/a><\/li>\n<li style='margin-bottom: 5px;'><strong>HD-TVI:<\/strong> 8MP @ 8fps \/ 5MP@12fps \/ 4 MP@15fps \/ 3MP@18fps \/ 1080p \/ 720p@30IPS<\/li>\n<li style='margin-bottom: 5px;'><strong>CVI:<\/strong> 4 MP \/ 1080p @ 30 IPS<\/li>\n<li style='margin-bottom: 5px;'><strong>ANAL\u00d3GICO (CVBS):<\/strong> 1200TVL@30IPS<\/li>\n<li style='margin-bottom: 5px;'><strong>AHD:<\/strong> 4 MP \/ 1080p @ 30IPS<\/li>\n<li style='margin-bottom: 5px;'><strong>IP:<\/strong> 6 MP@10IPS<\/li>\n<li style='margin-bottom: 5px;'><strong>Salida de video:<\/strong>\n<ul style='padding-left: 20px; margin: 10px 0;'>\n<li style='margin-bottom: 5px;'><strong>HDMI 4K \/ VGA (SIMULT\u00c1NEOS):<\/strong>\n<ul style='padding-left: 20px; margin: 10px 0;'>\n<li>HDMI (3840 x 2160 \/ 2K 2560 x 1440)<\/li>\n<li>VGA 1920\u00d71080&comma; 1280\u00d71024&comma; 1280\u00d7720&comma; 1024\u00d7768<\/li>\n<\/ul>\n<\/li>\n<li><strong>BNC:<\/strong> 1 Canal (BNC&comma; 1.0Vp-p&comma; 75\u03a9)&comma; resoluci\u00f3n m\u00e1xima: 704&#215;480<\/li>\n<\/ul>\n<\/li>\n<li style='margin-bottom: 5px;'><strong>Entrada audio:<\/strong> 4 (RCA&comma; 2.0 Vp-p&comma; 1K\u03a9)<\/li>\n<li style='margin-bottom: 5px;'><strong>Salida audio:<\/strong> 1 (RCA&comma; 2.0 Vp-p&comma; 1K\u03a9)<\/li>\n<li style='margin-bottom: 5px;'><strong>Capacidad disco duro:<\/strong> 1 disco de 10TB m\u00e1ximo<\/li>\n<\/ul><\/div>\n<\/p><\/div>\n<p> <!-- Caracter\u00edsticas F\u00edsicas y El\u00e9ctricas --> <\/p>\n<div style='border-left: 5px solid #0091ff; border-radius: 8px; overflow: hidden; box-shadow: 0 2px 8px rgba(0&comma;0&comma;0&comma;0.05);'>\n<div style='padding: 15px; background-color: rgba(0&comma; 145&comma; 255&comma; 0.05); font-weight: bold; color: inherit;'> Caracter\u00edsticas F\u00edsicas y El\u00e9ctricas <\/div>\n<div style='padding: 15px; color: inherit;'>\n<ul style='padding-left: 20px; margin: 0; font-size: 14px;'>\n<li style='margin-bottom: 5px;'><strong>Alimentaci\u00f3n:<\/strong> 12 Vcc (fuente incluida 4 pines)<\/li>\n<li style='margin-bottom: 5px;'><strong>Consumo sin Disco Duro:<\/strong> 20watts<\/li>\n<li style='margin-bottom: 5px;'><strong>Temperatura de operaci\u00f3n:<\/strong> -10 \u00baC hasta 55 \u00baC<\/li>\n<li style='margin-bottom: 5px;'><strong>Dimensiones:<\/strong> 315 \u00d7 242 \u00d7 45 mm (W \u00d7 D \u00d7 H)<\/li>\n<li style='margin-bottom: 5px;'><strong>Peso:<\/strong> 2 Kg sin Disco Duro<\/li>\n<li style='margin-bottom: 5px;'><strong>8 Entradas de alarma y 4 Salidas<\/strong><\/li>\n<\/ul><\/div>\n<\/p><\/div>\n<p> <!-- Caracter\u00edsticas Destacadas --> <\/p>\n<div style='border-left: 5px solid #0091ff; border-radius: 8px; overflow: hidden; box-shadow: 0 2px 8px rgba(0&comma;0&comma;0&comma;0.05);'>\n<div style='padding: 15px; background-color: rgba(0&comma; 145&comma; 255&comma; 0.05); font-weight: bold; color: inherit;'> Caracter\u00edsticas Destacadas <\/div>\n<div style='padding: 15px; color: inherit;'>\n<ul style='padding-left: 20px; margin: 0; font-size: 14px;'>\n<li style='margin-bottom: 5px;'><strong>Permite apagar canales anal\u00f3gicos TURBOHD y poder colocar c\u00e1maras IP en todos sus canales<\/strong>&comma; podemos colocar hasta 8 c\u00e1maras IP en total. Por cada canal anal\u00f3gico TURBOHD que se apague se genera una canal IP adicional<\/li>\n<\/ul>\n<div style='margin-top: 20px;'> <img style='width: 100%; height: auto; border: 1px solid rgba(150&comma;150&comma;150&comma;0.3); border-radius: 8px;' src='https:\/\/ftp3.syscom.mx\/usuarios\/fotos\/DS7208HQHIK1\/97560-pentahi.jpg' alt=''> <\/div>\n<\/p><\/div>\n<\/p><\/div>\n<\/p><\/div>\n<p> <!-- Secci\u00f3n de app m\u00f3vil --> <\/p>\n<div style='display: flex; flex-wrap: wrap; gap: 30px; margin-bottom: 30px;'>\n<div style='flex: 1 1 300px; min-width: 280px;'> <img style='width: 100%; height: auto; border: 1px solid rgba(150&comma;150&comma;150&comma;0.3); border-radius: 8px;' src='https:\/\/ftp3.syscom.mx\/usuarios\/fotos\/EV4016TURBO\/97555-hbamhbvhjpp.jpg' alt=''> <\/div>\n<div style='flex: 1 1 300px; min-width: 280px;'>\n<h3 style='font-size: 22px; border-bottom: 2px solid currentColor; padding-bottom: 5px; margin-top: 0; color: inherit; opacity: 0.8;'>Mejor App de la industria para Android \/ iPhone<\/h3>\n<p style='font-size: 15px; color: inherit;'> Video fluido&comma; manejo r\u00e1pido&comma; <a style='color: #2baadf; text-decoration: none;' href='https:\/\/www.syscomblog.com\/2018\/07\/nuevo-acceso-movil-en-segundos.html' target='_blank' rel='noopener'>acceso m\u00f3vil en segundos<\/a> y \u00fanico con opci\u00f3n segura para compartir equipos (asegure que nadie puede acceder a su equipo). <\/p>\n<\/p><\/div>\n<\/p><\/div>\n<p> <!-- Secci\u00f3n IVMS-4200 --> <\/p>\n<div style='display: flex; flex-wrap: wrap; gap: 30px; margin-bottom: 30px;'>\n<div style='flex: 1 1 300px; min-width: 280px;'>\n<h3 style='font-size: 22px; border-bottom: 2px solid currentColor; padding-bottom: 5px; margin-top: 0; color: inherit; opacity: 0.8;'>Administraci\u00f3n r\u00e1pida de m\u00faltiples ubicaciones<\/h3>\n<p style='font-size: 15px; color: inherit;'> El <a style='color: #2baadf; text-decoration: none;' href='https:\/\/www.syscom.mx\/producto\/IVMS-4200-HIKVISION-76556.html' target='_blank' rel='noopener'>nuevo IVMS-4200 Lite<\/a> permite trabajar video Megapixel con mucho menores recursos&comma; video m\u00e1s fluido y operaci\u00f3n r\u00e1pida. <\/p>\n<\/p><\/div>\n<div style='flex: 1 1 300px; min-width: 280px;'> <img style='width: 100%; height: auto; border: 1px solid rgba(150&comma;150&comma;150&comma;0.3); border-radius: 8px;' src='https:\/\/ftp3.syscom.mx\/usuarios\/fotos\/EV4016TURBO\/97555-ivms4200.jpg' alt=''> <\/div>\n<\/p><\/div>\n<p> <!-- Secci\u00f3n compresiones inteligentes --> <\/p>\n<div style='display: flex; flex-wrap: wrap; gap: 30px; margin-bottom: 30px;'>\n<div style='flex: 1 1 300px; min-width: 280px;'> <img style='width: 100%; height: auto; border: 1px solid rgba(150&comma;150&comma;150&comma;0.3); border-radius: 8px;' src='https:\/\/ftp3.syscom.mx\/usuarios\/fotos\/THCD320VF\/162360-epcom_08.jpg' alt='H.265+' width='940' height='357'> <\/div>\n<div style='flex: 1 1 300px; min-width: 280px;'>\n<h3 style='font-size: 22px; border-bottom: 2px solid currentColor; padding-bottom: 5px; margin-top: 0; color: inherit; opacity: 0.8;'>Compresiones Inteligentes que le permitir\u00e1n Almacenar M\u00e1s tiempo por Menos Consumo de Disco Duro<\/h3>\n<p style='font-size: 15px; color: inherit;'> Con el protocolo <strong style='color: #2880b9;'>H.265+<\/strong> podr\u00e1 <strong style='color: #2880b9;'>reducir<\/strong> el consumo de disco duro y ancho de banda de sus dispositivos <strong style='color: #2880b9;'>EPCOM<\/strong> para tener evidencia de sus eventos por mucho mas tiempo. <\/p>\n<\/p><\/div>\n<\/p><\/div>\n<\/p><\/div>\n","protected":false},"excerpt":{"rendered":"<p>DVR 8 Canales 4K TurboHD (Con Firmware) \/ 8 Megapixel \/ 1 Bah\u00eda de Disco Duro \/ 4 Canales de Audio \/ 8 Entradas de alarma \/ Videoan\u00e1lisis<\/p>\n","protected":false},"featured_media":110061,"comment_status":"open","ping_status":"closed","template":"","meta":[],"product_brand":[],"product_cat":[2254],"product_tag":[2255,935,2256],"class_list":{"0":"post-110062","1":"product","2":"type-product","3":"status-publish","4":"has-post-thumbnail","6":"product_cat-videograbadoras-analogicas-turbohd-tvi-ahd-cvi","7":"product_tag-camaras-y-dvrs-hd-turbohd-ahd-hd-tvi","8":"product_tag-epcom","9":"product_tag-videograbadoras-analogicas-turbohd-tvi-ahd-cvi","11":"first","12":"outofstock","13":"sale","14":"shipping-taxable","15":"purchasable","16":"product-type-simple"},"_links":{"self":[{"href":"https:\/\/soydeaqui.ddns.net\/pachuca\/index.php\/wp-json\/wp\/v2\/product\/110062","targetHints":{"allow":["GET"]}}],"collection":[{"href":"https:\/\/soydeaqui.ddns.net\/pachuca\/index.php\/wp-json\/wp\/v2\/product"}],"about":[{"href":"https:\/\/soydeaqui.ddns.net\/pachuca\/index.php\/wp-json\/wp\/v2\/types\/product"}],"replies":[{"embeddable":true,"href":"https:\/\/soydeaqui.ddns.net\/pachuca\/index.php\/wp-json\/wp\/v2\/comments?post=110062"}],"wp:featuredmedia":[{"embeddable":true,"href":"https:\/\/soydeaqui.ddns.net\/pachuca\/index.php\/wp-json\/wp\/v2\/media\/110061"}],"wp:attachment":[{"href":"https:\/\/soydeaqui.ddns.net\/pachuca\/index.php\/wp-json\/wp\/v2\/media?parent=110062"}],"wp:term":[{"taxonomy":"product_brand","embeddable":true,"href":"https:\/\/soydeaqui.ddns.net\/pachuca\/index.php\/wp-json\/wp\/v2\/product_brand?post=110062"},{"taxonomy":"product_cat","embeddable":true,"href":"https:\/\/soydeaqui.ddns.net\/pachuca\/index.php\/wp-json\/wp\/v2\/product_cat?post=110062"},{"taxonomy":"product_tag","embeddable":true,"href":"https:\/\/soydeaqui.ddns.net\/pachuca\/index.php\/wp-json\/wp\/v2\/product_tag?post=110062"}],"curies":[{"name":"wp","href":"https:\/\/api.w.org\/{rel}","templated":true}]}}