{"id":110042,"date":"2026-03-20T19:30:22","date_gmt":"2026-03-20T19:30:22","guid":{"rendered":"https:\/\/soydeaqui.ddns.net\/pachuca\/index.php\/producto\/camara-ip-bala-con-calefactor-2mp-lente-varifocal-motorizado-3-10mm-para-exterior-entrada-salida-de-audio-y-alarma-wdr-120db-ir-30m\/"},"modified":"2026-03-20T19:30:24","modified_gmt":"2026-03-20T19:30:24","slug":"camara-ip-bala-con-calefactor-2mp-lente-varifocal-motorizado-3-10mm-para-exterior-entrada-salida-de-audio-y-alarma-wdr-120db-ir-30m","status":"publish","type":"product","link":"https:\/\/soydeaqui.ddns.net\/pachuca\/index.php\/producto\/camara-ip-bala-con-calefactor-2mp-lente-varifocal-motorizado-3-10mm-para-exterior-entrada-salida-de-audio-y-alarma-wdr-120db-ir-30m\/","title":{"rendered":"C\u00e1mara IP Bala con Calefactor 2MP, Lente Varifocal MOTORIZADO 3-10mm, Para Exterior, Entrada\/Salida de Audio y Alarma, WDR 120dB, IR 30m"},"content":{"rendered":"<div style='width: 100%; max-width: 1200px; margin: 0 auto; font-family: sans-serif; line-height: 1.6; color: inherit; background-color: transparent;'>\n<div style='width: 100%; margin-bottom: 15px;'> <img style='width: 100%; height: auto; border: 1px solid rgba(150&comma;150&comma;150&comma;0.3); border-radius: 8px;' src='https:\/\/ftp3.syscom.mx\/usuarios\/fotos\/DCT4831HRXA\/196150-baner-proyectos.jpg' alt=''> <\/div>\n<div style='width: 100%; margin-bottom: 15px;'> <img style='width: 100%; height: auto; border: 1px solid rgba(150&comma;150&comma;150&comma;0.3); border-radius: 8px;' src='http:\/\/ftp3.syscom.mx\/usuarios\/adelatorre\/Banners\/IDIS-Home-Page-Banner.png' alt=''> <\/div>\n<div style='width: 100%; margin-bottom: 15px;'> <img style='width: 100%; height: auto; border: 1px solid rgba(150&comma;150&comma;150&comma;0.3); border-radius: 8px;' src='http:\/\/ftp3.syscom.mx\/usuarios\/adelatorre\/Banners\/IDIS-Intersec-2015.jpg' alt=''> <\/div>\n<div style='display: flex; flex-wrap: wrap; gap: 30px; margin-bottom: 30px;'>\n<div style='flex: 1 1 300px; min-width: 280px;'>\n<h3 style='font-size: 22px; border-bottom: 2px solid currentColor; padding-bottom: 5px; margin-top: 0; color: inherit; opacity: 0.8;'>Caracter\u00edsticas principales<\/h3>\n<ul style='padding-left: 20px; font-size: 15px; color: inherit;'>\n<li style='margin-bottom: 5px;'>M\u00e1x. Resoluci\u00f3n: <strong>1920 x 1080<\/strong><\/li>\n<li style='margin-bottom: 5px;'>Tipo de lente: <strong>motorizado varifocal<\/strong><\/li>\n<li style='margin-bottom: 5px;'>Distancia focal: <strong>f= 3&comma;3 &#8211; 10 mm<\/strong><\/li>\n<li style='margin-bottom: 5px;'>Control de Iris: <strong>Iris Autom\u00e1tico DC<\/strong><\/li>\n<li style='margin-bottom: 5px;'>M\u00edn. Iluminaci\u00f3n: <strong>COLOR: 0.001 Lux&comma; B W: 0 lux (IR LED encendido)<\/strong><\/li>\n<li style='margin-bottom: 5px;'>D\u00eda y Noche: <strong>filtro de corte IR con detector magn\u00e9tico<\/strong><\/li>\n<li style='margin-bottom: 5px;'>Distancia IR (LED): <strong>30 m<\/strong><\/li>\n<li style='margin-bottom: 5px;'>Mirroring \/ Pivote: <strong>Horizontal \/ Vertical<\/strong><\/li>\n<li style='margin-bottom: 5px;'>El enmascaramiento de privacidad: <strong>16 Zonas<\/strong><\/li>\n<li style='margin-bottom: 5px;'>Inteligente de V\u00eddeo: <strong>V\u00eddeo de detecci\u00f3n de movimiento&comma; alarma antimanipulaci\u00f3n activa&comma; detecci\u00f3n de rostros<\/strong><\/li>\n<\/ul><\/div>\n<div style='flex: 1 1 300px; min-width: 280px;'>\n<h3 style='font-size: 22px; border-bottom: 2px solid currentColor; padding-bottom: 5px; margin-top: 0; color: inherit; opacity: 0.8;'>Funciones de red<\/h3>\n<ul style='padding-left: 20px; font-size: 15px; color: inherit;'>\n<li style='margin-bottom: 5px;'>La compresi\u00f3n de v\u00eddeo: <strong>H.264 (MP)&comma; M-JPEG<\/strong><\/li>\n<li style='margin-bottom: 5px;'>Audio bidireccional: <strong>S\u00ed<\/strong><\/li>\n<li style='margin-bottom: 5px;'>Seguridad: <strong>Modo DirectIP: Cifrado SSL Modo de compatibilidad: Autoridad multiusuario&comma; IEEE 802.1x filtrado de IP&comma; HTTPS&comma; cifrado SSL<\/strong><\/li>\n<li style='margin-bottom: 5px;'>Multi-V\u00eddeo Streaming: <strong>Modo DirectIP: Transmisi\u00f3n de cu\u00e1druple modo de compatibilidad: el streaming Cu\u00e1druple<\/strong><\/li>\n<li style='margin-bottom: 5px;'>Protocolos de red: <strong>Modo DirectIP: Modo de Compatibilidad Protocolo IP directa: RTP \/ RTSP \/ TCP&comma; RTP \/ RTSP \/ HTTP \/ TCP&comma; RTP \/ UDP RTSP \/ TCP&comma; HTTP&comma; HTTPS&comma; FTP&comma; SNTP&comma; SMTP&comma; FEN&comma; mDNS&comma; UPnP<\/strong><\/li>\n<li style='margin-bottom: 5px;'>Ethernet: <strong>RJ45 (10\/100 \/ 1000BASE-T)<\/strong><\/li>\n<\/ul><\/div>\n<div style='flex: 1 1 300px; min-width: 280px;'>\n<h3 style='font-size: 22px; border-bottom: 2px solid currentColor; padding-bottom: 5px; margin-top: 0; color: inherit; opacity: 0.8;'>Eventos y Notificaciones IP<\/h3>\n<ul style='padding-left: 20px; font-size: 15px; color: inherit;'>\n<li style='margin-bottom: 5px;'>Evento de disparo: <strong>detecci\u00f3n de movimiento&comma; alarma en la Manipulaci\u00f3n&comma; detecci\u00f3n de rostros<\/strong><\/li>\n<li style='margin-bottom: 5px;'>B\u00fafer de eventos (Pre y Post): <strong>60 MB<\/strong><\/li>\n<li style='margin-bottom: 5px;'>Notificaci\u00f3n de Eventos: <strong>remota B\/ W&comma; por correo electr\u00f3nico (con im\u00e1gen)<\/strong><\/li>\n<li style='margin-bottom: 5px;'>Fuente de alimentaci\u00f3n: <strong>12 VCC&comma; (IEEE 802.3af clase 3) PoE<\/strong><\/li>\n<li style='margin-bottom: 5px;'>Consumo de energ\u00eda: <strong>22.8W<\/strong><\/li>\n<li style='margin-bottom: 5px;'>Dimensiones (W x H): <strong>\u00d873.5mm x 307.5mm (\u00d82.9&#8242; x 12.1&#8242;)<\/strong><\/li>\n<li style='margin-bottom: 5px;'>Peso: <strong>1&comma;4 kg (3&comma;09 lb)<\/strong><\/li>\n<\/ul><\/div>\n<\/p><\/div>\n<div style='width: 100%; margin-bottom: 30px;'>\n<div style='font-size: 15px; color: inherit; margin-bottom: 15px;'><strong>&#8211;Modelos sustitutos: DCT3233HRX y DCT3243HRX(9 a 22mm) &#8212;<\/strong><\/div>\n<\/p><\/div>\n<div style='display: flex; flex-wrap: wrap; gap: 20px; margin-bottom: 30px;'>\n<div style='flex: 1 1 300px; min-width: 280px;'> <img style='width: 100%; height: auto; border: 1px solid rgba(150&comma;150&comma;150&comma;0.3); border-radius: 8px;' src='http:\/\/www.idisglobal.com\/resources\/upload\/product_productgoods\/201503231117_77606.jpg' alt=''> <\/div>\n<div style='flex: 1 1 300px; min-width: 280px;'> <img style='width: 100%; height: auto; border: 1px solid rgba(150&comma;150&comma;150&comma;0.3); border-radius: 8px;' src='http:\/\/www.idisglobal.com\/resources\/upload\/product_productgoods\/201503231117_12708.jpg' alt=''> <\/div>\n<div style='flex: 1 1 300px; min-width: 280px;'> <img style='width: 100%; height: auto; border: 1px solid rgba(150&comma;150&comma;150&comma;0.3); border-radius: 8px;' src='http:\/\/www.idisglobal.com\/resources\/upload\/product_productgoods\/201503231117_56441.jpg' alt=''> <\/div>\n<div style='flex: 1 1 300px; min-width: 280px;'> <img style='width: 100%; height: auto; border: 1px solid rgba(150&comma;150&comma;150&comma;0.3); border-radius: 8px;' src='http:\/\/www.idisglobal.com\/resources\/upload\/product_productgoods\/201503231117_12543.jpg' alt='T1233_back.jpg'> <\/div>\n<\/p><\/div>\n<div style='display: flex; flex-wrap: wrap; gap: 30px; margin-bottom: 30px;'>\n<div style='flex: 1 1 100%;'>\n<div style='position: relative; padding-bottom: 56.25%; height: 0; overflow: hidden; margin-bottom: 30px;'>   <\/div>\n<\/p><\/div>\n<div style='flex: 1 1 100%;'>\n<div style='position: relative; padding-bottom: 56.25%; height: 0; overflow: hidden; margin-bottom: 30px;'>   <\/div>\n<\/p><\/div>\n<\/p><\/div>\n<\/p><\/div>\n","protected":false},"excerpt":{"rendered":"<p>C\u00e1mara IP Bala con Calefactor 2MP, Lente Varifocal MOTORIZADO 3-10mm, Para Exterior, Entrada\/Salida de Audio y Alarma, WDR 120dB, IR 30m<\/p>\n","protected":false},"featured_media":110041,"comment_status":"open","ping_status":"closed","template":"","meta":[],"product_brand":[],"product_cat":[438],"product_tag":[439,122,2276],"class_list":{"0":"post-110042","1":"product","2":"type-product","3":"status-publish","4":"has-post-thumbnail","6":"product_cat-bala","7":"product_tag-bala","8":"product_tag-camaras-ip-y-nvrs","9":"product_tag-idis","11":"first","12":"outofstock","13":"sale","14":"shipping-taxable","15":"purchasable","16":"product-type-simple"},"_links":{"self":[{"href":"https:\/\/soydeaqui.ddns.net\/pachuca\/index.php\/wp-json\/wp\/v2\/product\/110042","targetHints":{"allow":["GET"]}}],"collection":[{"href":"https:\/\/soydeaqui.ddns.net\/pachuca\/index.php\/wp-json\/wp\/v2\/product"}],"about":[{"href":"https:\/\/soydeaqui.ddns.net\/pachuca\/index.php\/wp-json\/wp\/v2\/types\/product"}],"replies":[{"embeddable":true,"href":"https:\/\/soydeaqui.ddns.net\/pachuca\/index.php\/wp-json\/wp\/v2\/comments?post=110042"}],"wp:featuredmedia":[{"embeddable":true,"href":"https:\/\/soydeaqui.ddns.net\/pachuca\/index.php\/wp-json\/wp\/v2\/media\/110041"}],"wp:attachment":[{"href":"https:\/\/soydeaqui.ddns.net\/pachuca\/index.php\/wp-json\/wp\/v2\/media?parent=110042"}],"wp:term":[{"taxonomy":"product_brand","embeddable":true,"href":"https:\/\/soydeaqui.ddns.net\/pachuca\/index.php\/wp-json\/wp\/v2\/product_brand?post=110042"},{"taxonomy":"product_cat","embeddable":true,"href":"https:\/\/soydeaqui.ddns.net\/pachuca\/index.php\/wp-json\/wp\/v2\/product_cat?post=110042"},{"taxonomy":"product_tag","embeddable":true,"href":"https:\/\/soydeaqui.ddns.net\/pachuca\/index.php\/wp-json\/wp\/v2\/product_tag?post=110042"}],"curies":[{"name":"wp","href":"https:\/\/api.w.org\/{rel}","templated":true}]}}