{"id":109980,"date":"2026-03-20T19:26:57","date_gmt":"2026-03-20T19:26:57","guid":{"rendered":"https:\/\/soydeaqui.ddns.net\/pachuca\/index.php\/producto\/torquimetro-de-trueno-una-escala-3-8-5-75ft-lb-2\/"},"modified":"2026-03-20T19:27:17","modified_gmt":"2026-03-20T19:27:17","slug":"torquimetro-de-trueno-una-escala-3-8-5-75ft-lb-2","status":"publish","type":"product","link":"https:\/\/soydeaqui.ddns.net\/pachuca\/index.php\/producto\/torquimetro-de-trueno-una-escala-3-8-5-75ft-lb-2\/","title":{"rendered":"Torqu\u00edmetro de trueno una escala 3\/8&#8243; 5-75ft-lb"},"content":{"rendered":"<div style='width: 100%; max-width: 1200px; margin: 0 auto; font-family: sans-serif; line-height: 1.6; color: inherit; background-color: transparent;'>\n<div style='display: flex; flex-wrap: wrap; gap: 30px; margin-bottom: 30px;'>\n<div style='flex: 1 1 300px; min-width: 280px;'>\n<h3 style='font-size: 22px; border-bottom: 2px solid currentColor; padding-bottom: 5px; margin-top: 0; color: inherit; opacity: 0.8;'>Caracter\u00edsticas principales<\/h3>\n<ul style='padding-left: 20px; font-size: 15px; color: inherit;'>\n<li style='margin-bottom: 5px;'>Torqu\u00edmetro de trueno una escala<\/li>\n<li style='margin-bottom: 5px;'>Mango met\u00e1lico<\/li>\n<li style='margin-bottom: 5px;'>Escalas horizontales en el v\u00e1stago y verticales en el mango<\/li>\n<li style='margin-bottom: 5px;'>Sistema Quick Release<\/li>\n<li style='margin-bottom: 5px;'>Indicaci\u00f3n t\u00e1ctil y auditiva al alcanzar el torque deseado<\/li>\n<li style='margin-bottom: 5px;'>Construcci\u00f3n en acero con tratamiento t\u00e9rmico<\/li>\n<li style='margin-bottom: 5px;'>Recubrimiento de n\u00edquel y cromo para protecci\u00f3n contra oxidaci\u00f3n<\/li>\n<li style='margin-bottom: 5px;'>Palanca de cabeza de matraca con 3 posiciones: izquierda&comma; derecha y centro<\/li>\n<\/ul>\n<\/div>\n<div style='flex: 1 1 300px; min-width: 280px;'>\n<h3 style='font-size: 22px; border-bottom: 2px solid currentColor; padding-bottom: 5px; margin-top: 0; color: inherit; opacity: 0.8;'>Especificaciones t\u00e9cnicas<\/h3>\n<ul style='padding-left: 20px; font-size: 15px; color: inherit;'>\n<li style='margin-bottom: 5px;'><strong>Escala:<\/strong> ft-lb<\/li>\n<li style='margin-bottom: 5px;'><strong>Largo:<\/strong> 16 3\/4 pulgadas<\/li>\n<li style='margin-bottom: 5px;'><strong>Tipo de cabeza:<\/strong> Matraca<\/li>\n<li style='margin-bottom: 5px;'><strong>Rango de torque:<\/strong> 5 &#8211; 75 ft-lb<\/li>\n<li style='margin-bottom: 5px;'><strong>Cuadro:<\/strong> 3\/8 pulgadas<\/li>\n<li style='margin-bottom: 5px;'><strong>Dimensiones:<\/strong> 49.00 x 7.50 x 6.50 cm<\/li>\n<li style='margin-bottom: 5px;'><strong>Incremento primario:<\/strong> 0.5 ft-lb<\/li>\n<\/ul>\n<\/div>\n<\/div>\n<hr style='border: 0; border-top: 1px solid rgba(150&comma; 150&comma; 150&comma; 0.3); margin: 30px 0;'><\/div>\n","protected":false},"excerpt":{"rendered":"<p>Torqu\u00edmetro de trueno una escala 3\/8&#8243; 5-75ft-lb<\/p>\n","protected":false},"featured_media":109979,"comment_status":"open","ping_status":"closed","template":"","meta":[],"product_brand":[],"product_cat":[920],"product_tag":[247,246,554],"class_list":{"0":"post-109980","1":"product","2":"type-product","3":"status-publish","4":"has-post-thumbnail","6":"product_cat-herramientas-de-instalacion-torres-y-mastiles-redes-e-it","7":"product_tag-herramientas-de-instalacion","8":"product_tag-torres-y-mastiles","9":"product_tag-urrea","11":"first","12":"outofstock","13":"sale","14":"shipping-taxable","15":"purchasable","16":"product-type-simple"},"_links":{"self":[{"href":"https:\/\/soydeaqui.ddns.net\/pachuca\/index.php\/wp-json\/wp\/v2\/product\/109980","targetHints":{"allow":["GET"]}}],"collection":[{"href":"https:\/\/soydeaqui.ddns.net\/pachuca\/index.php\/wp-json\/wp\/v2\/product"}],"about":[{"href":"https:\/\/soydeaqui.ddns.net\/pachuca\/index.php\/wp-json\/wp\/v2\/types\/product"}],"replies":[{"embeddable":true,"href":"https:\/\/soydeaqui.ddns.net\/pachuca\/index.php\/wp-json\/wp\/v2\/comments?post=109980"}],"wp:featuredmedia":[{"embeddable":true,"href":"https:\/\/soydeaqui.ddns.net\/pachuca\/index.php\/wp-json\/wp\/v2\/media\/109979"}],"wp:attachment":[{"href":"https:\/\/soydeaqui.ddns.net\/pachuca\/index.php\/wp-json\/wp\/v2\/media?parent=109980"}],"wp:term":[{"taxonomy":"product_brand","embeddable":true,"href":"https:\/\/soydeaqui.ddns.net\/pachuca\/index.php\/wp-json\/wp\/v2\/product_brand?post=109980"},{"taxonomy":"product_cat","embeddable":true,"href":"https:\/\/soydeaqui.ddns.net\/pachuca\/index.php\/wp-json\/wp\/v2\/product_cat?post=109980"},{"taxonomy":"product_tag","embeddable":true,"href":"https:\/\/soydeaqui.ddns.net\/pachuca\/index.php\/wp-json\/wp\/v2\/product_tag?post=109980"}],"curies":[{"name":"wp","href":"https:\/\/api.w.org\/{rel}","templated":true}]}}