{"id":109805,"date":"2026-03-20T19:17:28","date_gmt":"2026-03-20T19:17:28","guid":{"rendered":"https:\/\/soydeaqui.ddns.net\/pachuca\/index.php\/producto\/modulo-de-teclado-para-frente-de-calle-modular-desbloqueo-de-puerta-mediante-codigo-llamada-a-monitor\/"},"modified":"2026-03-20T19:17:42","modified_gmt":"2026-03-20T19:17:42","slug":"modulo-de-teclado-para-frente-de-calle-modular-desbloqueo-de-puerta-mediante-codigo-llamada-a-monitor","status":"publish","type":"product","link":"https:\/\/soydeaqui.ddns.net\/pachuca\/index.php\/producto\/modulo-de-teclado-para-frente-de-calle-modular-desbloqueo-de-puerta-mediante-codigo-llamada-a-monitor\/","title":{"rendered":"M\u00f3dulo de Teclado para Frente de Calle  Modular \/ Desbloqueo de Puerta Mediante C\u00f3digo \/ Llamada a monitor."},"content":{"rendered":"<div style='width: 100%; max-width: 1200px; margin: 0 auto; font-family: sans-serif; line-height: 1.6; color: inherit; background-color: transparent;'> <!-- Imagen principal --> <\/p>\n<div style='margin-bottom: 30px;'> <a href='#link' target='_blank' rel='noopener' style='display: block;'> <img style='width: 100%; height: auto; border: 1px solid rgba(150&comma;150&comma;150&comma;0.3); border-radius: 8px;' src='https:\/\/ftp3.syscom.mx\/usuarios\/rcovarrubias\/videoporteros\/Videoporteros%20Banner-segunda-generacion-2.jpg' alt=''> <\/a> <\/div>\n<p> <!-- Videos --> <\/p>\n<div style='display: flex; flex-wrap: wrap; gap: 20px; margin-bottom: 30px;'>\n<div style='position: relative; padding-bottom: 56.25%; height: 0; overflow: hidden; flex: 1 1 300px; min-width: 280px;'>   <\/div>\n<div style='position: relative; padding-bottom: 56.25%; height: 0; overflow: hidden; flex: 1 1 300px; min-width: 280px;'>   <\/div>\n<div style='position: relative; padding-bottom: 56.25%; height: 0; overflow: hidden; flex: 1 1 300px; min-width: 280px;'>   <\/div>\n<\/p><\/div>\n<p> <!-- Secciones de caracter\u00edsticas --> <\/p>\n<div style='display: flex; flex-wrap: wrap; gap: 30px; margin-bottom: 30px;'>\n<div style='flex: 1 1 300px; min-width: 280px;'>\n<div style='border-left: 5px solid #0091ff; border-radius: 8px; overflow: hidden; box-shadow: 0 2px 6px rgba(0&comma;0&comma;0&comma;0.1);'>\n<div style='background-color: rgba(0&comma; 145&comma; 255&comma; 0.1); padding: 12px 15px; border-bottom: 1px solid rgba(150&comma;150&comma;150&comma;0.2); font-weight: bold; font-size: 16px; color: inherit;'>Caracter\u00edsticas del Frente de calle Multiapartamento DS-KD-KP<\/div>\n<div style='padding: 15px; color: inherit;'>\n<ul style='padding-left: 20px; margin: 0; font-size: 14px; list-style-type: disc; color: inherit;'>\n<li style='margin-bottom: 8px;'>Funci\u00f3n de TV Portero<\/li>\n<li style='margin-bottom: 8px;'>Apertura de puerta mediante contrase\u00f1a<\/li>\n<li style='margin-bottom: 8px;'>Llamada a monitor<\/li>\n<li style='margin-bottom: 8px;'>Compatible con montaje empotrado o en superficie<\/li>\n<li style='margin-bottom: 8px;'>Configurable mediante iVMS4200<\/li>\n<\/ul><\/div>\n<\/p><\/div>\n<\/p><\/div>\n<div style='flex: 1 1 300px; min-width: 280px;'>\n<div style='border-left: 5px solid #0091ff; border-radius: 8px; overflow: hidden; box-shadow: 0 2px 6px rgba(0&comma;0&comma;0&comma;0.1);'>\n<div style='background-color: rgba(0&comma; 145&comma; 255&comma; 0.1); padding: 12px 15px; border-bottom: 1px solid rgba(150&comma;150&comma;150&comma;0.2); font-weight: bold; font-size: 16px; color: inherit;'>Caracter\u00edsticas F\u00edsicas y El\u00e9ctricas<\/div>\n<div style='padding: 15px; color: inherit;'>\n<ul style='padding-left: 20px; margin: 0; font-size: 14px; list-style-type: disc; color: inherit;'>\n<li style='margin-bottom: 8px;'>Alimentaci\u00f3n mediante el m\u00f3dulo DS-KD8003-IME1<\/li>\n<li style='margin-bottom: 8px;'>Consumo el\u00e9ctrico: 2 W<\/li>\n<li style='margin-bottom: 8px;'>Nivel de protecci\u00f3n: IP65<\/li>\n<li style='margin-bottom: 8px;'>Material: Aluminio<\/li>\n<li style='margin-bottom: 8px;'>Temperatura de operaci\u00f3n: -40\u00b0 C a +55\u00b0 C (-40\u00b0 F a 131\u00b0 F)<\/li>\n<li style='margin-bottom: 8px;'>Dimensiones: 98.5 mm \u00d7 100 mm \u00d7 34.2 mm (3.87&#8242; \u00d7 3.95&#8242; \u00d7 1.33&#8242;)<\/li>\n<\/ul><\/div>\n<\/p><\/div>\n<\/p><\/div>\n<div style='flex: 1 1 300px; min-width: 280px;'>\n<div style='border-left: 5px solid #0091ff; border-radius: 8px; overflow: hidden; box-shadow: 0 2px 6px rgba(0&comma;0&comma;0&comma;0.1);'>\n<div style='background-color: rgba(0&comma; 145&comma; 255&comma; 0.1); padding: 12px 15px; border-bottom: 1px solid rgba(150&comma;150&comma;150&comma;0.2); font-weight: bold; font-size: 16px; color: inherit;'>Caracter\u00edsticas Destacadas<\/div>\n<div style='padding: 15px; color: inherit;'>\n<p style='margin-bottom: 12px;'>M\u00f3dulo para apertura mediante c\u00f3digo o llamar a monitor<\/p>\n<p style='margin-bottom: 12px;'>Se conecta en cascada para alimentaci\u00f3n y\/o datos al m\u00f3dulo principal DS-KD8003-IME1 o a cualquier subm\u00f3dulo adicional <a href='https:\/\/www.syscom.mx\/producto\/DS-KD-KK-HIKVISION-168343.html' style='color: #005cb9; text-decoration: underline;' target='_blank' rel='noopener'>DS-KD-KK<\/a>&comma; <a href='https:\/\/www.syscom.mx\/producto\/DS-KD-KP-HIKVISION-168342.html' style='color: #005cb9; text-decoration: underline;' target='_blank' rel='noopener'>DS-KD-KP<\/a>&comma; <a href='https:\/\/www.syscom.mx\/producto\/DS-KD-BK-HIKVISION-170766.html' style='color: #005cb9; text-decoration: underline;' target='_blank' rel='noopener'>DS-KD-BK<\/a>&comma; <a href='https:\/\/www.syscom.mx\/producto\/DSKDIN-HIKVISION-170770.html' style='color: #005cb9; text-decoration: underline;' target='_blank' rel='noopener'>DSKDIN<\/a>&comma; <a href='https:\/\/www.syscom.mx\/producto\/DSKDE-HIKVISION-170769.html' style='color: #005cb9; text-decoration: underline;' target='_blank' rel='noopener'>DSKDE<\/a><\/p>\n<p style='margin-bottom: 0;'>Compatible con monitores: <a href='https:\/\/www.syscom.mx\/producto\/DS-KH6320-WTE1-HIKVISION-170761.html' style='color: #005cb9; text-decoration: underline;' target='_blank' rel='noopener'>DS-KH6320-WTE1<\/a>&comma; <a href='https:\/\/www.syscom.mx\/producto\/DS-KH8350-WTE1-HIKVISION-171042.html' style='color: #005cb9; text-decoration: underline;' target='_blank' rel='noopener'>DS-KH8350-WTE1<\/a>&comma; <a href='https:\/\/www.syscom.mx\/producto\/DS-KH8520-WTE1-HIKVISION-170927.html' style='color: #005cb9; text-decoration: underline;' target='_blank' rel='noopener'>DS-KH8520-WTE1<\/a>&comma; <a href='https:\/\/www.syscom.mx\/producto\/DS-KH6320-TE1-HIKVISION-170392.html' style='color: #005cb9; text-decoration: underline;' target='_blank' rel='noopener'>DS-KH6320-TE1<\/a><\/p>\n<\/p><\/div>\n<\/p><\/div>\n<\/p><\/div>\n<\/p><\/div>\n<p> <!-- Consideraciones --> <\/p>\n<div style='margin-bottom: 30px;'>\n<div style='border-left: 5px solid #0091ff; border-radius: 8px; overflow: hidden; box-shadow: 0 2px 6px rgba(0&comma;0&comma;0&comma;0.1);'>\n<div style='background-color: rgba(0&comma; 145&comma; 255&comma; 0.1); padding: 12px 15px; border-bottom: 1px solid rgba(150&comma;150&comma;150&comma;0.2); font-weight: bold; font-size: 16px; color: inherit;'>Consideraciones<\/div>\n<div style='padding: 15px; color: inherit;'>\n<p style='margin-bottom: 12px;'>La llamada a los monitores se realiza digitando <strong style='color: inherit;'>N\u00famero de departamento + #<\/strong><\/p>\n<p style='margin-bottom: 0;'>Para abrir la puerta con contrase\u00f1a: <strong style='color: inherit;'># + n\u00famero de departamento + contrase\u00f1a + #<\/strong><\/p>\n<\/p><\/div>\n<\/p><\/div>\n<\/p><\/div>\n<p> <!-- Imagenes adicionales --> <\/p>\n<div style='display: flex; flex-wrap: wrap; gap: 20px; margin-bottom: 30px;'>\n<div style='flex: 1 1 100%;'> <img style='width: 100%; height: auto; border: 1px solid rgba(150&comma;150&comma;150&comma;0.3); border-radius: 8px;' src='https:\/\/ftp3.syscom.mx\/usuarios\/rcovarrubias\/videoporteros\/Videoportero%202daG.png' alt=''> <\/div>\n<div style='flex: 1 1 100%;'>\n<h3 style='font-size: 18px; margin-top: 0; margin-bottom: 15px; color: inherit; opacity: 0.8;'>Diagrama de conexi\u00f3n:<\/h3>\n<p> <img style='width: 100%; height: auto; border: 1px solid rgba(150&comma;150&comma;150&comma;0.3); border-radius: 8px;' src='https:\/\/ftp3.syscom.mx\/usuarios\/rcovarrubias\/videoporteros\/diagramas%20de%20conexion\/Diagrama%20Modular%203%20Mod.jpg' alt=''> <\/div>\n<\/p><\/div>\n<p> <!-- Recursos --> <\/p>\n<div style='margin-bottom: 30px;'>\n<h3 style='font-size: 18px; margin-top: 0; margin-bottom: 20px; border-bottom: 2px solid currentColor; padding-bottom: 5px; color: inherit; opacity: 0.8;'>Recursos<\/h3>\n<div style='display: flex; flex-wrap: wrap; gap: 20px;'>\n<div style='flex: 1 1 300px; min-width: 280px;'> <a href='https:\/\/www.hikvision.com\/es-la\/support\/download\/software\/ivms4200-series\/?q=serie%20ivms4200&#038;position=1' target='_blank' rel='noopener' style='display: block;'> <img style='width: 100%; height: auto; border: 1px solid rgba(150&comma;150&comma;150&comma;0.3); border-radius: 8px;' src='https:\/\/ftp3.syscom.mx\/usuarios\/gmagos\/HIK\/IP\/IPC\/Imagenes%20pagina\/Descargas%20IVMS4200.jpg' alt='Descargas IVMS4200'> <\/a> <\/div>\n<div style='flex: 1 1 300px; min-width: 280px;'> <a href='https:\/\/appstore.hikvision.com\/' target='_blank' rel='noopener' style='display: block;'> <img style='width: 100%; height: auto; border: 1px solid rgba(150&comma;150&comma;150&comma;0.3); border-radius: 8px;' src='https:\/\/ftp3.syscom.mx\/usuarios\/gmagos\/HIK\/IP\/IPC\/Imagenes%20pagina\/Descargas%20de%20app.jpg' alt='Descargas de app'> <\/a> <\/div>\n<div style='flex: 1 1 300px; min-width: 280px;'> <a href='https:\/\/ftp3.syscom.mx\/usuarios\/ftp\/2019\/07\/12\/93d2f\/DS-KD-KP%20Hoja%20de%20Especificaciones.pdf' target='_blank' rel='noopener' style='display: block;'> <img style='width: 100%; height: auto; border: 1px solid rgba(150&comma;150&comma;150&comma;0.3); border-radius: 8px;' src='https:\/\/ftp3.syscom.mx\/usuarios\/gmagos\/HIK\/IP\/IPC\/Imagenes%20pagina\/Descarga%20de%20PDF.jpg' alt='Descarga de PDF'> <\/a> <\/div>\n<\/p><\/div>\n<\/p><\/div>\n<\/p><\/div>\n","protected":false},"excerpt":{"rendered":"<p>M\u00f3dulo de Teclado para Frente de Calle  Modular \/ Desbloqueo de Puerta Mediante C\u00f3digo \/ Llamada a monitor.<\/p>\n","protected":false},"featured_media":109804,"comment_status":"open","ping_status":"closed","template":"","meta":[],"product_brand":[],"product_cat":[856],"product_tag":[54,557,857],"class_list":{"0":"post-109805","1":"product","2":"type-product","3":"status-publish","4":"has-post-thumbnail","6":"product_cat-videoporteros-ip","7":"product_tag-hikvision","8":"product_tag-videoporteros-e-interfonos","9":"product_tag-videoporteros-ip","11":"first","12":"instock","13":"sale","14":"shipping-taxable","15":"purchasable","16":"product-type-simple"},"_links":{"self":[{"href":"https:\/\/soydeaqui.ddns.net\/pachuca\/index.php\/wp-json\/wp\/v2\/product\/109805","targetHints":{"allow":["GET"]}}],"collection":[{"href":"https:\/\/soydeaqui.ddns.net\/pachuca\/index.php\/wp-json\/wp\/v2\/product"}],"about":[{"href":"https:\/\/soydeaqui.ddns.net\/pachuca\/index.php\/wp-json\/wp\/v2\/types\/product"}],"replies":[{"embeddable":true,"href":"https:\/\/soydeaqui.ddns.net\/pachuca\/index.php\/wp-json\/wp\/v2\/comments?post=109805"}],"wp:featuredmedia":[{"embeddable":true,"href":"https:\/\/soydeaqui.ddns.net\/pachuca\/index.php\/wp-json\/wp\/v2\/media\/109804"}],"wp:attachment":[{"href":"https:\/\/soydeaqui.ddns.net\/pachuca\/index.php\/wp-json\/wp\/v2\/media?parent=109805"}],"wp:term":[{"taxonomy":"product_brand","embeddable":true,"href":"https:\/\/soydeaqui.ddns.net\/pachuca\/index.php\/wp-json\/wp\/v2\/product_brand?post=109805"},{"taxonomy":"product_cat","embeddable":true,"href":"https:\/\/soydeaqui.ddns.net\/pachuca\/index.php\/wp-json\/wp\/v2\/product_cat?post=109805"},{"taxonomy":"product_tag","embeddable":true,"href":"https:\/\/soydeaqui.ddns.net\/pachuca\/index.php\/wp-json\/wp\/v2\/product_tag?post=109805"}],"curies":[{"name":"wp","href":"https:\/\/api.w.org\/{rel}","templated":true}]}}