{"id":109730,"date":"2026-03-20T19:13:20","date_gmt":"2026-03-20T19:13:20","guid":{"rendered":"https:\/\/soydeaqui.ddns.net\/pachuca\/index.php\/producto\/frente-de-calle-ip-1-3-megapixel-lector-de-tarjetas-mifare-para-funcion-de-acceso-compatible-con-videoportero-ip-hikvision\/"},"modified":"2026-03-20T19:13:39","modified_gmt":"2026-03-20T19:13:39","slug":"frente-de-calle-ip-1-3-megapixel-lector-de-tarjetas-mifare-para-funcion-de-acceso-compatible-con-videoportero-ip-hikvision","status":"publish","type":"product","link":"https:\/\/soydeaqui.ddns.net\/pachuca\/index.php\/producto\/frente-de-calle-ip-1-3-megapixel-lector-de-tarjetas-mifare-para-funcion-de-acceso-compatible-con-videoportero-ip-hikvision\/","title":{"rendered":"Frente de Calle IP 1.3 Megapixel \/ Lector de Tarjetas MIFARE para Funci\u00f3n de Acceso \/ Compatible con Videoportero IP HIKVISION"},"content":{"rendered":"<div style='width: 100%; max-width: 1200px; margin: 0 auto; font-family: sans-serif; line-height: 1.6; color: inherit; background-color: transparent;'> <!-- Imagen principal --> <\/p>\n<div style='margin-bottom: 30px;'> <a href='http:\/\/soporte.syscom.mx\/control-de-acceso#hikvision' target='_blank' rel='noopener' style='text-decoration: none; color: inherit;'> <img style='width: 100%; height: auto; border: 1px solid rgba(150&comma;150&comma;150&comma;0.3); border-radius: 8px;' src='http:\/\/ftp3.syscom.mx\/usuarios\/ccordova\/hikvision\/1.jpg' alt=''> <\/a> <\/div>\n<p> <!-- Videos --> <\/p>\n<div style='display: flex; flex-wrap: wrap; gap: 20px; margin-bottom: 30px;'>\n<div style='flex: 1 1 300px; min-width: 280px;'>\n<div style='position: relative; padding-bottom: 56.25%; height: 0; overflow: hidden;'>   <\/div>\n<\/p><\/div>\n<div style='flex: 1 1 300px; min-width: 280px;'>\n<div style='position: relative; padding-bottom: 56.25%; height: 0; overflow: hidden;'>   <\/div>\n<\/p><\/div>\n<div style='flex: 1 1 300px; min-width: 280px;'>\n<div style='position: relative; padding-bottom: 56.25%; height: 0; overflow: hidden;'>   <\/div>\n<\/p><\/div>\n<\/p><\/div>\n<p> <!-- Secciones de contenido --> <\/p>\n<div style='display: flex; flex-wrap: wrap; gap: 30px; margin-bottom: 30px;'>\n<div style='flex: 1 1 300px; min-width: 280px;'>\n<div style='border: 1px solid rgba(150&comma;150&comma;150&comma;0.4); border-radius: 8px; padding: 15px;'>\n<h3 style='font-size: 20px; border-bottom: 2px solid currentColor; padding-bottom: 5px; margin-top: 0; color: inherit; opacity: 0.8;'>Caracter\u00edsticas del Frente de Calle DS-KV8102-IM:<\/h3>\n<ul style='padding-left: 20px; font-size: 15px; color: inherit; list-style-type: disc;'>\n<li style='margin-bottom: 5px;'>Funci\u00f3n de Tv Portero para 1 puerta<\/li>\n<li style='margin-bottom: 5px;'>Funci\u00f3n de control de acceso.<\/li>\n<li style='margin-bottom: 5px;'>Lector de tarjetas MIFARE 128 tarjetas m\u00e1ximo.<\/li>\n<li style='margin-bottom: 5px;'>Modelos de tarjeta sugeridos S70 \u00f3 S50.<\/li>\n<li style='margin-bottom: 5px;'>Camara de 1.3MP con IR&comma; H.264&comma; Resoluci\u00f3n: 1280 x 720@25fps<\/li>\n<li style='margin-bottom: 5px;'>Micr\u00f3fono y Altavoz interconstruido.<\/li>\n<li style='margin-bottom: 5px;'>Cancelaci\u00f3n de eco.<\/li>\n<li style='margin-bottom: 5px;'>Protocolo: TCP\/IP&comma; RTSP&comma; 10\/100 Mbps Self-Adaptive Ethernet.<\/li>\n<li style='margin-bottom: 5px;'>Salida de relevador de contacto seco.<\/li>\n<\/ul><\/div>\n<\/p><\/div>\n<div style='flex: 1 1 300px; min-width: 280px;'>\n<div style='border: 1px solid rgba(150&comma;150&comma;150&comma;0.4); border-radius: 8px; padding: 15px;'>\n<h3 style='font-size: 20px; border-bottom: 2px solid currentColor; padding-bottom: 5px; margin-top: 0; color: inherit; opacity: 0.8;'>Caracter\u00edsticas F\u00edsicas y El\u00e9ctricas:<\/h3>\n<ul style='padding-left: 20px; font-size: 15px; color: inherit; list-style-type: disc;'>\n<li style='margin-bottom: 5px;'>Voltaje de operaci\u00f3n: 12Vcc o PoE (disponible \u00fanicamente con switch PoE mod DS-KAD606N&comma; No incluida).<\/li>\n<li style='margin-bottom: 5px;'>Consumo el\u00e9ctrico: 12W<\/li>\n<li style='margin-bottom: 5px;'>Nivel de protecci\u00f3n: IP65<\/li>\n<li style='margin-bottom: 5px;'>Temperatura de operaci\u00f3n: -40\u00ba ~ 70\u00ba C (-40\u00ba ~ 158\u00ba F)<\/li>\n<li style='margin-bottom: 5px;'>Dimensiones: 182 \u00d7 100 \u00d7 33mm (7.17&#8242; \u00d7 3.94&#8242; \u00d7 1.30&#8242;)<\/li>\n<\/ul><\/div>\n<\/p><\/div>\n<div style='flex: 1 1 300px; min-width: 280px;'>\n<div style='border: 1px solid rgba(150&comma;150&comma;150&comma;0.4); border-radius: 8px; padding: 15px;'>\n<h3 style='font-size: 20px; border-bottom: 2px solid currentColor; padding-bottom: 5px; margin-top: 0; color: inherit; opacity: 0.8;'>Caracter\u00edsticas Destacadas:<\/h3>\n<p style='margin-bottom: 15px;'>Es compatible con DVR\/NVR&comma; se pueden colocar hasta 5 frentes de calle en un solo sistema&comma; es compatible con unidad de puerta modelo DSK2M060.<\/p>\n<p style='margin-bottom: 15px;'>\u00c9ste modelo es para 1 apartamento&comma; para mas apartamentos puede considerar los modelos:<\/p>\n<ul style='padding-left: 20px; font-size: 14px; color: inherit; list-style-type: disc;'>\n<li style='margin-bottom: 8px;'><a href='https:\/\/www.syscom.mx\/principal\/searchcont?route=DS-KV8202IM-HIKVISION-157766&#038;autodetect=DS-KV8202-IM' target='_blank' rel='noopener' style='color: inherit; text-decoration: none; font-weight: 600;'>DS-KV8202IM<\/a> (2 departamentos)<\/li>\n<li style='margin-bottom: 8px;'><a href='https:\/\/www.syscom.mx\/principal\/searchcont?route=DS-KV8402IM-HIKVISION-157768&#038;autodetect=DS-KV8402-IM' target='_blank' rel='noopener' style='color: inherit; text-decoration: none; font-weight: 600;'>DS-KV8402IM<\/a> (4 departamentos)<\/li>\n<li style='margin-bottom: 8px;'><a href='https:\/\/www.syscom.mx\/principal\/searchcont?route=DS-KD3002-VM-HIKVISION-157051&#038;autodetect=3002' target='_blank' rel='noopener' style='color: inherit; text-decoration: none; font-weight: 600;'>DS-KD3002-VM<\/a> Multiapartamento (M\u00e1s de 4 departamentos)<\/li>\n<\/ul>\n<div style='margin-top: 15px; font-weight: bold;'> Requiere monitor IP Hikvision para poder contestar las llamadas (DSKH6310WL) <\/div>\n<\/p><\/div>\n<\/p><\/div>\n<\/p><\/div>\n<p> <!-- Accesorio de instalaci\u00f3n --> <\/p>\n<div style='display: flex; flex-wrap: wrap; gap: 30px; margin-bottom: 30px;'>\n<div style='flex: 1 1 300px; min-width: 280px;'>\n<div style='border: 1px solid rgba(150&comma;150&comma;150&comma;0.4); border-radius: 8px; padding: 15px;'>\n<h3 style='font-size: 20px; border-bottom: 2px solid currentColor; padding-bottom: 5px; margin-top: 0; color: inherit; opacity: 0.8;'>Accesorio de instalaci\u00f3n recomendado<\/h3>\n<p style='margin-bottom: 15px;'>El frente de calle ya incluye su montaje para empotrar&comma; este montaje modelo <a href='https:\/\/www.syscom.mx\/producto\/DS-KAB02-HIKVISION-158795.html' target='_blank' rel='noopener' style='color: inherit; text-decoration: none; font-weight: 600;'>DS-KAB02<\/a> sirve como montaje sobre pared.<\/p>\n<ul style='padding-left: 20px; font-size: 14px; color: inherit; list-style-type: disc;'>\n<li style='margin-bottom: 8px;'><strong style='font-weight: 600;'>Material:<\/strong> Acero inoxidable.<\/li>\n<li style='margin-bottom: 8px;'><strong style='font-weight: 600;'>Dimensiones:<\/strong> 193 mm \u00d7 106 mm \u00d7 80 mm (7.60&#8242; \u00d7 4.17&#8242; \u00d7 3.15&#8242;)<\/li>\n<li style='margin-bottom: 8px;'><a href='https:\/\/www.syscom.mx\/producto\/DS-KAB02-HIKVISION-158795.html' target='_blank' rel='noopener' style='color: inherit; text-decoration: none; font-weight: 600;'>DS-KAB02<\/a><\/li>\n<li style='margin-bottom: 8px;'>NO Incluido<\/li>\n<li style='margin-bottom: 8px;'>Accesorio para instalaci\u00f3n del frente de calle.<\/li>\n<\/ul><\/div>\n<\/p><\/div>\n<div style='flex: 1 1 300px; min-width: 280px;'> <img style='width: 100%; height: auto; border: 1px solid rgba(150&comma;150&comma;150&comma;0.3); border-radius: 8px;' src='https:\/\/ftp3.syscom.mx\/usuarios\/fotos\/BancoFotografiasSyscom\/HIKVISION\/DSKAB02\/DSKAB02-p.PNG' alt=''> <\/div>\n<\/p><\/div>\n<p> <!-- Diagramas de conexi\u00f3n --> <\/p>\n<div style='margin-bottom: 30px;'>\n<h3 style='font-size: 24px; text-align: center; margin-bottom: 15px; color: inherit; opacity: 0.9;'>Diagrama de conexi\u00f3n de varios monitores con distribuidor:<\/h3>\n<div style='text-align: center; margin-bottom: 20px;'> <img style='width: 100%; max-width: 1031px; height: auto; border: 1px solid rgba(150&comma;150&comma;150&comma;0.3); border-radius: 8px; display: inline-block;' src='http:\/\/ftp3.syscom.mx\/usuarios\/emendoza\/elesbanmch\/HIKVISON\/IMAGENES\/DSKAD606N.jpg' alt=''> <\/div>\n<\/p><\/div>\n<div style='margin-bottom: 30px;'>\n<h2 style='font-size: 24px; font-style: italic; text-align: center; margin-bottom: 15px; color: inherit; opacity: 0.9;'>Esquema de conexi\u00f3n<\/h2>\n<div style='text-align: center;'> <img style='width: 100%; max-width: 800px; height: auto; border: 1px solid rgba(150&comma;150&comma;150&comma;0.3); border-radius: 8px; display: inline-block;' src='URL_IMAGEN_ESQUEMA_CONEXION' alt=''> <\/div>\n<\/p><\/div>\n<\/p><\/div>\n","protected":false},"excerpt":{"rendered":"<p>Frente de Calle IP 1.3 Megapixel \/ Lector de Tarjetas MIFARE para Funci\u00f3n de Acceso \/ Compatible con Videoportero IP HIKVISION<\/p>\n","protected":false},"featured_media":109729,"comment_status":"open","ping_status":"closed","template":"","meta":[],"product_brand":[],"product_cat":[894],"product_tag":[54,820,557],"class_list":{"0":"post-109730","1":"product","2":"type-product","3":"status-publish","4":"has-post-thumbnail","6":"product_cat-multiapartamentos-videoporteros-e-interfonos","7":"product_tag-hikvision","8":"product_tag-multiapartamentos","9":"product_tag-videoporteros-e-interfonos","11":"first","12":"outofstock","13":"sale","14":"shipping-taxable","15":"purchasable","16":"product-type-simple"},"_links":{"self":[{"href":"https:\/\/soydeaqui.ddns.net\/pachuca\/index.php\/wp-json\/wp\/v2\/product\/109730","targetHints":{"allow":["GET"]}}],"collection":[{"href":"https:\/\/soydeaqui.ddns.net\/pachuca\/index.php\/wp-json\/wp\/v2\/product"}],"about":[{"href":"https:\/\/soydeaqui.ddns.net\/pachuca\/index.php\/wp-json\/wp\/v2\/types\/product"}],"replies":[{"embeddable":true,"href":"https:\/\/soydeaqui.ddns.net\/pachuca\/index.php\/wp-json\/wp\/v2\/comments?post=109730"}],"wp:featuredmedia":[{"embeddable":true,"href":"https:\/\/soydeaqui.ddns.net\/pachuca\/index.php\/wp-json\/wp\/v2\/media\/109729"}],"wp:attachment":[{"href":"https:\/\/soydeaqui.ddns.net\/pachuca\/index.php\/wp-json\/wp\/v2\/media?parent=109730"}],"wp:term":[{"taxonomy":"product_brand","embeddable":true,"href":"https:\/\/soydeaqui.ddns.net\/pachuca\/index.php\/wp-json\/wp\/v2\/product_brand?post=109730"},{"taxonomy":"product_cat","embeddable":true,"href":"https:\/\/soydeaqui.ddns.net\/pachuca\/index.php\/wp-json\/wp\/v2\/product_cat?post=109730"},{"taxonomy":"product_tag","embeddable":true,"href":"https:\/\/soydeaqui.ddns.net\/pachuca\/index.php\/wp-json\/wp\/v2\/product_tag?post=109730"}],"curies":[{"name":"wp","href":"https:\/\/api.w.org\/{rel}","templated":true}]}}