{"id":109709,"date":"2026-03-20T19:12:05","date_gmt":"2026-03-20T19:12:05","guid":{"rendered":"https:\/\/soydeaqui.ddns.net\/pachuca\/index.php\/producto\/divisor-splitter-hdmi-4k-de-1-entrada-a-2-salidas-simultaneas-soporta-4kx2k-ajuste-de-resoluciones-edid-hdr-hdmi-2-0-hdcp-2-2-soporta-formatos-de-audio-dolby-digital-longitud\/"},"modified":"2026-03-20T19:12:24","modified_gmt":"2026-03-20T19:12:24","slug":"divisor-splitter-hdmi-4k-de-1-entrada-a-2-salidas-simultaneas-soporta-4kx2k-ajuste-de-resoluciones-edid-hdr-hdmi-2-0-hdcp-2-2-soporta-formatos-de-audio-dolby-digital-longitud","status":"publish","type":"product","link":"https:\/\/soydeaqui.ddns.net\/pachuca\/index.php\/producto\/divisor-splitter-hdmi-4k-de-1-entrada-a-2-salidas-simultaneas-soporta-4kx2k-ajuste-de-resoluciones-edid-hdr-hdmi-2-0-hdcp-2-2-soporta-formatos-de-audio-dolby-digital-longitud\/","title":{"rendered":"Divisor (Splitter) HDMI 4K de 1 Entrada a 2 Salidas (Simultaneas) \/ Soporta 4K\u00d72K \/ Ajuste de resoluciones EDID \/ HDR \/ HDMI 2.0 \/  HDCP 2.2  \/ Soporta formatos de Audio Dolby Digital \/ Longitud del cable de entrada y salida \u226410m."},"content":{"rendered":"<div style='width: 100%; max-width: 1200px; margin: 0 auto; font-family: sans-serif; line-height: 1.6; color: inherit; background-color: transparent;'>\n<div style='width: 100%; margin-bottom: 30px;'>\n<h1 style='color: inherit; text-align: center; font-size: 28px; margin: 0 0 10px 0;'><strong>TT-312HDR-V2.0<\/strong><\/h1>\n<h3 style='color: inherit; text-align: center; font-size: 18px; margin: 0 0 20px 0;'>Divisor HDMI de una entrada a dos salidas HDMI 4K x 2K @60Hz &#038; HDR \/ Compatible con HDMI2.0&comma;HDCP2.0 \/ Soporta 10 metros en la entrada y 10 metros en la salida<\/h3>\n<p style='text-align: center; margin: 10px auto 50px auto; max-width: 800px; font-size: 15px;'>El divisor (Splitter) HDMI 1&#215;2 distribuye 1 fuente HDMI a 2 pantallas HDMI simult\u00e1neamente. Solicite STB&comma; DVD&comma; Media Player&comma; Laptop&comma; D-VHS y otros dispositivos HD-Player. Es compatible con HDMI 3D y 4Kx2K. Las siglas HDR provienen del ingl\u00e9s High Dynamic Range o &#8216;Alto Rango Din\u00e1mico&#8217;. El objetivo del HDR es obtener un mayor contraste entre colores oscuros y brillantes&comma; algo que es m\u00e1s que perceptible cuando comprobamos la diferencia entre im\u00e1genes que no hacen uso de esta tecnolog\u00eda y las que por el contrario si la incluyen. Los colores con HDR se ven m\u00e1s vivos&comma; m\u00e1s intensos&comma; debido sobre todo al mayor contraste que encontramos y a una mayor presencia de colores&comma; pues el HDR ampl\u00eda la gama de color de la pantalla. Por ejemplo&comma; en una pantalla 1080p o 4K sin HDR encontramos 10 tonos entre un color y otro mientras que en un modelo que cuente con HDR vamos a poder experimentar hasta 1.000 tonos que enriquecen sobremanera la imagen. Por lo tanto y en resumen se trata de ofrecer m\u00e1s contraste. Negros m\u00e1s negros. Blancos m\u00e1s luminosos. Algo as\u00ed como un contraste hipervitaminado que da a las im\u00e1genes un realismo mayor que el que nos han ofrecido hasta ahora.<\/p>\n<\/p><\/div>\n<div style='display: flex; flex-wrap: wrap; gap: 30px; margin-bottom: 30px;'>\n<div style='flex: 1 1 300px; min-width: 280px;'>\n<div style='border: 1px solid rgba(150&comma; 150&comma; 150&comma; 0.4); border-radius: 8px; overflow: hidden; display: flex; flex-direction: column;'>\n<div style='padding: 15px; border-bottom: 1px solid rgba(150&comma; 150&comma; 150&comma; 0.2); font-weight: bold; font-size: 18px; color: inherit;'>Caracter\u00edsticas principales:<\/div>\n<div style='padding: 15px; color: inherit;'>\n<ul style='padding-left: 20px; margin: 0; font-size: 14px; list-style-type: disc;'>\n<li style='margin-bottom: 5px;'>Distribuye 1 se\u00f1al HDMI a 2 monitores HDMI<\/li>\n<li style='margin-bottom: 5px;'>Soporte de resoluci\u00f3n 480i@60Hz&comma; 480p@60Hz&comma; 576i@50Hz&comma; 576p@50Hz&comma; 720p@50\/60Hz&comma; 1080i@50\/60Hz&comma; 1080p@50\/60Hz&comma; 4K\u00d72K@24\/25\/30\/60Hz<\/li>\n<li style='margin-bottom: 5px;'>Se\u00f1al HDMI compatible con HDCP<\/li>\n<li style='margin-bottom: 5px;'>Soporta el mayor ancho de banda hasta 18 Gbps<\/li>\n<li style='margin-bottom: 5px;'>Soporte HDM1.4&comma; HDMI2.0<\/li>\n<li style='margin-bottom: 5px;'>Soporte HDCP 1.4&comma; HDCP 2.2<\/li>\n<li style='margin-bottom: 5px;'>Soporte YUV 4:4:4.<\/li>\n<\/ul><\/div>\n<\/p><\/div>\n<div style='width: 100%; margin: 20px 0;'> <img style='width: 100%; height: auto; border: 1px solid rgba(150&comma;150&comma;150&comma;0.3); border-radius: 8px;' src='http:\/\/ftp3.syscom.mx\/usuarios\/hallende\/EPCOM%20Titanium\/TT-312HDR-V2.0\/TT312HDRV2.0-FRENTE-h.png' alt=''> <\/div>\n<\/p><\/div>\n<div style='flex: 1 1 300px; min-width: 280px;'>\n<div style='border: 1px solid rgba(150&comma; 150&comma; 150&comma; 0.4); border-radius: 8px; overflow: hidden; display: flex; flex-direction: column;'>\n<div style='padding: 15px; border-bottom: 1px solid rgba(150&comma; 150&comma; 150&comma; 0.2); font-weight: bold; font-size: 18px; color: inherit;'>Caracter\u00edsticas F\u00edsicas y El\u00e9ctricas:<\/div>\n<div style='padding: 15px; color: inherit;'>\n<ul style='padding-left: 20px; margin: 0; font-size: 14px; list-style-type: disc;'>\n<li style='margin-bottom: 5px;'>Alimentaci\u00f3n incluida de 5 Vcc&comma; 1 A<\/li>\n<li style='margin-bottom: 5px;'>Dimensiones 96 (largo) x 59 (ancho) x 16&comma;8 (alto) mm<\/li>\n<li style='margin-bottom: 5px;'>Peso neto 98 g<\/li>\n<li style='margin-bottom: 5px;'>Potencia de consumo <5W<\/li>\n<li style='margin-bottom: 5px;'>Temperatura de operaci\u00f3n 0~60\u00b0<\/li>\n<li style='margin-bottom: 5px;'>Temperatura de almacenamiento -20~70\u00b0<\/li>\n<li style='margin-bottom: 5px;'>Humedad relativa 0~95 % (sin condensaci\u00f3n)<\/li>\n<\/ul><\/div>\n<\/p><\/div>\n<div style='width: 100%; margin: 20px 0;'> <img style='width: 100%; height: auto; border: 1px solid rgba(150&comma;150&comma;150&comma;0.3); border-radius: 8px;' src='http:\/\/ftp3.syscom.mx\/usuarios\/hallende\/EPCOM%20Titanium\/TT-312HDR-V2.0\/TT312HDRV2.0-h.png' alt=''> <\/div>\n<\/p><\/div>\n<div style='flex: 1 1 300px; min-width: 280px;'>\n<div style='border: 1px solid rgba(150&comma; 150&comma; 150&comma; 0.4); border-radius: 8px; overflow: hidden; display: flex; flex-direction: column;'>\n<div style='padding: 15px; border-bottom: 1px solid rgba(150&comma; 150&comma; 150&comma; 0.2); font-weight: bold; font-size: 18px; color: inherit;'>Caracter\u00edsticas Destacadas:<\/div>\n<div style='padding: 15px; color: inherit;'>\n<ul style='padding-left: 20px; margin: 0; font-size: 14px; list-style-type: disc;'>\n<li style='margin-bottom: 5px;'>Longitud del cable de entrada \u226410m (cable HDMI AWG26)<\/li>\n<li style='margin-bottom: 5px;'>Longitud del cable de salida \u226410m (cable HDMI AWG26)<\/li>\n<li style='margin-bottom: 5px;'>Soporta formatos de audio 7.1\/5.1\/2.1 CH Dolby Digital&comma; DTS-HD y Dolby TrueHD Audio<\/li>\n<li style='margin-bottom: 5px;'>Configura la resoluci\u00f3n de video autom\u00e1ticamente de acuerdo a las capacidades de cada monitor conectado&comma; permite salidas simult\u00e1neas de pantalla 4K y 1080p.<\/li>\n<\/ul><\/div>\n<\/p><\/div>\n<div style='width: 100%; margin: 20px 0;'> <img style='width: 100%; height: auto; border: 1px solid rgba(150&comma;150&comma;150&comma;0.3); border-radius: 8px;' src='http:\/\/ftp3.syscom.mx\/usuarios\/hallende\/EPCOM%20Titanium\/TT-312HDR-V2.0\/TT312HDRV2.0-LAT-DER-h.png' alt=''> <\/div>\n<\/p><\/div>\n<\/p><\/div>\n<div style='width: 100%; margin: 30px 0;'> <img style='width: 100%; height: auto; border: 1px solid rgba(150&comma;150&comma;150&comma;0.3); border-radius: 8px;' src='http:\/\/ftp3.syscom.mx\/usuarios\/hallende\/EPCOM%20Titanium\/TT-312HDR-V2.0\/TT312HDR-V2.0.jpg' alt=''> <\/div>\n<div style='position: relative; padding-bottom: 56.25%; height: 0; overflow: hidden; margin-bottom: 30px;'>   <\/div>\n<\/p><\/div>\n","protected":false},"excerpt":{"rendered":"<p>Divisor (Splitter) HDMI 4K de 1 Entrada a 2 Salidas (Simultaneas) \/ Soporta 4K\u00d72K \/ Ajuste de resoluciones EDID \/ HDR \/ HDMI 2.0 \/  HDCP 2.2  \/ Soporta formatos de Audio Dolby Digital \/ Longitud del cable de entrada y salida \u226410m.<\/p>\n","protected":false},"featured_media":109708,"comment_status":"open","ping_status":"closed","template":"","meta":[],"product_brand":[],"product_cat":[2073,2074,2077,2075,2072,2076],"product_tag":[417,2079,2080,2083,507,2081,2078,2082],"class_list":{"0":"post-109709","1":"product","2":"type-product","3":"status-publish","4":"has-post-thumbnail","6":"product_cat-convertidores","7":"product_cat-divisores","8":"product_cat-dvi","9":"product_cat-hdmi","10":"product_cat-kits-extensores","11":"product_cat-vga","12":"product_tag-accesorios-generales","13":"product_tag-convertidores","14":"product_tag-divisores","15":"product_tag-dvi","16":"product_tag-epcom-titanium","17":"product_tag-hdmi","18":"product_tag-kits-extensores","19":"product_tag-vga","21":"first","22":"outofstock","23":"sale","24":"shipping-taxable","25":"purchasable","26":"product-type-simple"},"_links":{"self":[{"href":"https:\/\/soydeaqui.ddns.net\/pachuca\/index.php\/wp-json\/wp\/v2\/product\/109709","targetHints":{"allow":["GET"]}}],"collection":[{"href":"https:\/\/soydeaqui.ddns.net\/pachuca\/index.php\/wp-json\/wp\/v2\/product"}],"about":[{"href":"https:\/\/soydeaqui.ddns.net\/pachuca\/index.php\/wp-json\/wp\/v2\/types\/product"}],"replies":[{"embeddable":true,"href":"https:\/\/soydeaqui.ddns.net\/pachuca\/index.php\/wp-json\/wp\/v2\/comments?post=109709"}],"wp:featuredmedia":[{"embeddable":true,"href":"https:\/\/soydeaqui.ddns.net\/pachuca\/index.php\/wp-json\/wp\/v2\/media\/109708"}],"wp:attachment":[{"href":"https:\/\/soydeaqui.ddns.net\/pachuca\/index.php\/wp-json\/wp\/v2\/media?parent=109709"}],"wp:term":[{"taxonomy":"product_brand","embeddable":true,"href":"https:\/\/soydeaqui.ddns.net\/pachuca\/index.php\/wp-json\/wp\/v2\/product_brand?post=109709"},{"taxonomy":"product_cat","embeddable":true,"href":"https:\/\/soydeaqui.ddns.net\/pachuca\/index.php\/wp-json\/wp\/v2\/product_cat?post=109709"},{"taxonomy":"product_tag","embeddable":true,"href":"https:\/\/soydeaqui.ddns.net\/pachuca\/index.php\/wp-json\/wp\/v2\/product_tag?post=109709"}],"curies":[{"name":"wp","href":"https:\/\/api.w.org\/{rel}","templated":true}]}}