{"id":109550,"date":"2026-03-20T19:04:02","date_gmt":"2026-03-20T19:04:02","guid":{"rendered":"https:\/\/soydeaqui.ddns.net\/pachuca\/index.php\/producto\/pdu-switchable-y-monitoreable-por-toma-para-distribucion-de-energia-entrada-200-240-vca-nema-l6-20p-con-8-salidas-c13-horizontal-19in-2ur\/"},"modified":"2026-03-20T19:04:12","modified_gmt":"2026-03-20T19:04:12","slug":"pdu-switchable-y-monitoreable-por-toma-para-distribucion-de-energia-entrada-200-240-vca-nema-l6-20p-con-8-salidas-c13-horizontal-19in-2ur","status":"publish","type":"product","link":"https:\/\/soydeaqui.ddns.net\/pachuca\/index.php\/producto\/pdu-switchable-y-monitoreable-por-toma-para-distribucion-de-energia-entrada-200-240-vca-nema-l6-20p-con-8-salidas-c13-horizontal-19in-2ur\/","title":{"rendered":"PDU Switchable y Monitoreable por Toma, para Distribuci\u00f3n de Energ\u00eda, Entrada 200-240 Vca NEMA L6-20P, Con 8 Salidas C13, Horizontal 19in, 2UR"},"content":{"rendered":"<div style='width: 100%; max-width: 1200px; margin: 0 auto; font-family: sans-serif; line-height: 1.6; color: inherit; background-color: transparent;'>\n<div style='display: flex; flex-wrap: wrap; gap: 30px; margin-bottom: 30px;'>\n<div style='flex: 1 1 300px; min-width: 280px;'>\n<h3 style='font-size: 22px; border-bottom: 2px solid currentColor; padding-bottom: 5px; margin-top: 0; color: inherit; opacity: 0.8;'>Descripci\u00f3n General<\/h3>\n<div style='font-size: 15px; color: inherit;'>\n<p style='margin-bottom: 15px;'> <img style='width: 100%; height: auto; border: 1px solid rgba(150&comma;150&comma;150&comma;0.3); border-radius: 8px;' src='https:\/\/ftp3.syscom.mx\/usuarios\/fotos\/logotipos\/cyberpower.png' alt='' \/> <\/p>\n<p style='margin-bottom: 15px;'>Unidad de distribuci\u00f3n de energ\u00eda de grado de red ideal para centros de datos y aplicaciones empresariales&comma; que proporciona monitoreo local\/remoto en tiempo real y control de encendido\/apagado por salida individual para reinicios remotos&comma; encendido\/apagado programado y m\u00e1s. La funci\u00f3n Daisy Chain tambi\u00e9n permite que las PDU sean monitoreadas y controladas bajo una sola direcci\u00f3n IP.<\/p>\n<p style='margin-bottom: 15px;'>La pantalla LCD digital es configurable en color y giratoria&comma; lo que permite a los usuarios mantener y controlar f\u00e1cilmente la PDU. Los usuarios pueden cambiar los colores de la pantalla LCD para clasificar f\u00e1cilmente los dispositivos.<\/p>\n<p style='margin-bottom: 15px;'>El producto est\u00e1 integrado con un m\u00f3dulo Ethernet hot-swapp&comma; que puede funcionar con el software de administraci\u00f3n de energ\u00eda PowerPanel\u00ae y la interfaz web de administraci\u00f3n de energ\u00eda para monitoreo y configuraci\u00f3n remota en tiempo real. El registro de eventos a trav\u00e9s de un navegador web o una conexi\u00f3n de red permite a los usuarios revisar un historial de condiciones de energ\u00eda. Cuando se producen eventos de energ\u00eda espec\u00edficos&comma; se enviar\u00e1n notificaciones autom\u00e1ticas de eventos por correo electr\u00f3nico&comma; texto SMS o captura SNMP a los usuarios designados para que puedan tomar medidas inmediatas. El puerto USB admite una f\u00e1cil actualizaci\u00f3n de firmware. Adem\u00e1s&comma; el puerto RJ45 presentado permite la conexi\u00f3n del sensor ambiental opcional (ENVIROSENSOR)&comma; que puede proporcionar monitoreo de temperatura y humedad en tiempo real en un centro de datos.<\/p>\n<\/p><\/div>\n<\/p><\/div>\n<\/p><\/div>\n<div style='display: flex; flex-wrap: wrap; gap: 20px; margin-bottom: 30px;'>\n<div style='flex: 1 1 250px; border: 1px solid rgba(150&comma; 150&comma; 150&comma; 0.4); border-radius: 8px; overflow: hidden; display: flex; flex-direction: column;'>\n<div style='padding: 15px; border-bottom: 1px solid rgba(150&comma; 150&comma; 150&comma; 0.2); font-weight: bold; font-size: 18px; color: inherit;'>Especificaciones T\u00e9cnicas<\/div>\n<div style='padding: 15px; color: inherit;'>\n<ul style='padding-left: 20px; margin: 0; font-size: 14px; list-style-type: disc;'>\n<li style='margin-bottom: 5px;'><strong>Voltaje de entrada:<\/strong> 200-240 Vca<\/li>\n<li style='margin-bottom: 5px;'><strong>Frecuencia de entrada:<\/strong> 50\/60 Hz<\/li>\n<li style='margin-bottom: 5px;'><strong>Voltaje de salida:<\/strong> 200-240 Vca<\/li>\n<li style='margin-bottom: 5px;'><strong>Corriente de ingreso:<\/strong> 20 Amp<\/li>\n<li style='margin-bottom: 5px;'><strong>Tipo de Plug de Entrada:<\/strong> NEMA L6-20P <img style='width: 40px; height: 40px; vertical-align: middle; margin-left: 5px; border: 1px solid rgba(150&comma;150&comma;150&comma;0.3); border-radius: 4px;' src='https:\/\/www.cyberpower.com\/mx\/es\/File\/GetImageByDocId\/GeneralAttribute-251' alt='' \/> <\/li>\n<li style='margin-bottom: 5px;'><strong>Longitud del cable:<\/strong> 3.65 m<\/li>\n<li style='margin-bottom: 5px;'><strong>Tipos de Recept\u00e1culos:<\/strong> (8) IEC C13 <img style='width: 40px; height: 40px; vertical-align: middle; margin-left: 5px; border: 1px solid rgba(150&comma;150&comma;150&comma;0.3); border-radius: 4px;' src='https:\/\/www.cyberpower.com\/mx\/es\/File\/GetImageByDocId\/GeneralAttribute-230' alt='' \/> <\/li>\n<li style='margin-bottom: 5px;'><strong>Dimensiones:<\/strong> 433 x 44 x 112 mm (Ancho x Alto x Profundidad)<\/li>\n<li style='margin-bottom: 5px;'><strong>Unidades de Rack:<\/strong> 1<\/li>\n<li style='margin-bottom: 5px;'><strong>Temperatura en funcionamiento:<\/strong> 0 a 55 \u00baC<\/li>\n<li style='margin-bottom: 5px;'><strong>Temperatura en almacenamiento:<\/strong> -15 a 60 \u00baC<\/li>\n<li style='margin-bottom: 5px;'><strong>Humedad relativa de funcionamiento:<\/strong> 0 a 95%<\/li>\n<li style='margin-bottom: 5px;'><strong>Humedad relativa en almacenamiento:<\/strong> 0 a 95%<\/li>\n<li style='margin-bottom: 5px;'><strong>Conexi\u00f3n de sensor ambiental:<\/strong> Soporta ENVIROSENSOR (no incluido)<\/li>\n<li style='margin-bottom: 5px;'><strong>Certificaciones:<\/strong> FCC Clase A&comma; UL60950<\/li>\n<li style='margin-bottom: 5px;'><strong>Garant\u00eda:<\/strong> 3 a\u00f1os<\/li>\n<\/ul><\/div>\n<\/p><\/div>\n<\/p><\/div>\n<\/p><\/div>\n","protected":false},"excerpt":{"rendered":"<p>PDU Switchable y Monitoreable por Toma, para Distribuci\u00f3n de Energ\u00eda, Entrada 200-240 Vca NEMA L6-20P, Con 8 Salidas C13, Horizontal 19in, 2UR<\/p>\n","protected":false},"featured_media":109549,"comment_status":"open","ping_status":"closed","template":"","meta":[],"product_brand":[],"product_cat":[604],"product_tag":[606,677,605],"class_list":{"0":"post-109550","1":"product","2":"type-product","3":"status-publish","4":"has-post-thumbnail","6":"product_cat-accesorios-para-racks-y-gabinetes","7":"product_tag-accesorios-para-racks-y-gabinetes","8":"product_tag-cyberpower","9":"product_tag-racks-y-gabinetes","11":"first","12":"outofstock","13":"sale","14":"shipping-taxable","15":"purchasable","16":"product-type-simple"},"_links":{"self":[{"href":"https:\/\/soydeaqui.ddns.net\/pachuca\/index.php\/wp-json\/wp\/v2\/product\/109550","targetHints":{"allow":["GET"]}}],"collection":[{"href":"https:\/\/soydeaqui.ddns.net\/pachuca\/index.php\/wp-json\/wp\/v2\/product"}],"about":[{"href":"https:\/\/soydeaqui.ddns.net\/pachuca\/index.php\/wp-json\/wp\/v2\/types\/product"}],"replies":[{"embeddable":true,"href":"https:\/\/soydeaqui.ddns.net\/pachuca\/index.php\/wp-json\/wp\/v2\/comments?post=109550"}],"wp:featuredmedia":[{"embeddable":true,"href":"https:\/\/soydeaqui.ddns.net\/pachuca\/index.php\/wp-json\/wp\/v2\/media\/109549"}],"wp:attachment":[{"href":"https:\/\/soydeaqui.ddns.net\/pachuca\/index.php\/wp-json\/wp\/v2\/media?parent=109550"}],"wp:term":[{"taxonomy":"product_brand","embeddable":true,"href":"https:\/\/soydeaqui.ddns.net\/pachuca\/index.php\/wp-json\/wp\/v2\/product_brand?post=109550"},{"taxonomy":"product_cat","embeddable":true,"href":"https:\/\/soydeaqui.ddns.net\/pachuca\/index.php\/wp-json\/wp\/v2\/product_cat?post=109550"},{"taxonomy":"product_tag","embeddable":true,"href":"https:\/\/soydeaqui.ddns.net\/pachuca\/index.php\/wp-json\/wp\/v2\/product_tag?post=109550"}],"curies":[{"name":"wp","href":"https:\/\/api.w.org\/{rel}","templated":true}]}}