{"id":109457,"date":"2026-03-20T18:59:18","date_gmt":"2026-03-20T18:59:18","guid":{"rendered":"https:\/\/soydeaqui.ddns.net\/pachuca\/index.php\/producto\/tapones-para-oidos-reutilizables-de-caucho-sintetico\/"},"modified":"2026-03-20T18:59:19","modified_gmt":"2026-03-20T18:59:19","slug":"tapones-para-oidos-reutilizables-de-caucho-sintetico","status":"publish","type":"product","link":"https:\/\/soydeaqui.ddns.net\/pachuca\/index.php\/producto\/tapones-para-oidos-reutilizables-de-caucho-sintetico\/","title":{"rendered":"Tapones para o\u00eddos reutilizables, de caucho sint\u00e9tico."},"content":{"rendered":"<div style='width: 100%; max-width: 1200px; margin: 0 auto; font-family: sans-serif; line-height: 1.6; color: inherit; background-color: transparent;'> <!-- Secci\u00f3n de caracter\u00edsticas --> <\/p>\n<div style='display: flex; flex-direction: column; gap: 15px; margin-bottom: 30px;'>\n<p style='margin: 0; font-size: 15px; color: inherit;'>Dise\u00f1o tipo hongo de 4 capas que permite un ajuste perfecto al o\u00eddo y reduce la presi\u00f3n interna.<\/p>\n<p style='margin: 0; font-size: 15px; color: inherit;'>Combinaci\u00f3n de caucho sint\u00e9tico suave que permite un ajuste perfecto al o\u00eddo y reduce la presi\u00f3n interna.<\/p>\n<p style='margin: 0; font-size: 15px; color: inherit;'>Cord\u00f3n para cuello de nylon.<\/p>\n<p style='margin: 0; font-size: 15px; color: inherit;'>Empacado individualmente en bolsa o caja port\u00e1til. ANSI S3.19 1974.<\/p>\n<\/p><\/div>\n<p> <!-- Secci\u00f3n de especificaciones --> <\/p>\n<div style='display: flex; flex-wrap: wrap; gap: 20px; margin-bottom: 30px;'>\n<div style='flex: 1 1 250px; border: 1px solid rgba(150&comma; 150&comma; 150&comma; 0.4); border-radius: 8px; overflow: hidden; display: flex; flex-direction: column;'>\n<div style='padding: 15px; border-bottom: 1px solid rgba(150&comma; 150&comma; 150&comma; 0.2); font-weight: bold; font-size: 18px; color: inherit;'>Especificaciones<\/div>\n<div style='padding: 15px; color: inherit;'>\n<ul style='padding-left: 20px; margin: 0; font-size: 14px; list-style-type: disc;'>\n<li style='margin-bottom: 8px;'><strong>Nivel de reducci\u00f3n de ruido:<\/strong> NRR 27 DB<\/li>\n<li style='margin-bottom: 8px;'><strong>Material del cord\u00f3n:<\/strong> NYLON<\/li>\n<li style='margin-bottom: 8px;'><strong>Material del tap\u00f3n:<\/strong> CAUCHO SINT\u00c9TICO<\/li>\n<li style='margin-bottom: 8px;'><strong>Forma del tap\u00f3n:<\/strong> TIPO HONGO CON REBORDE<\/li>\n<li style='margin-bottom: 8px;'><strong>Longitud de cord\u00f3n:<\/strong> 70 CM<\/li>\n<li style='margin-bottom: 8px;'><strong>Tipo:<\/strong> TAPONES CON CORD\u00d3N<\/li>\n<li style='margin-bottom: 8px;'><strong>Color del tap\u00f3n para o\u00eddos:<\/strong> AMARILLO<\/li>\n<li style='margin-bottom: 8px;'><strong>Relaci\u00f3n se\u00f1al\/ruido:<\/strong> SNR 28 DB<\/li>\n<li style='margin-bottom: 8px;'><strong>Dimensiones (ancho&comma; largo&comma; alto):<\/strong> 9.00 X 6.00 X 2.00<\/li>\n<\/ul><\/div>\n<\/p><\/div>\n<\/p><\/div>\n<p> <!-- Separador --> <\/p>\n<hr style='border: 0; border-top: 1px solid rgba(150&comma; 150&comma; 150&comma; 0.3); margin: 30px 0;'> <\/div>\n","protected":false},"excerpt":{"rendered":"<p>Tapones para o\u00eddos reutilizables, de caucho sint\u00e9tico.<\/p>\n","protected":false},"featured_media":109456,"comment_status":"open","ping_status":"closed","template":"","meta":[],"product_brand":[],"product_cat":[24],"product_tag":[26,25,554],"class_list":{"0":"post-109457","1":"product","2":"type-product","3":"status-publish","4":"has-post-thumbnail","6":"product_cat-accesorios-de-instalacion","7":"product_tag-accesorios-de-instalacion","8":"product_tag-herramientas","9":"product_tag-urrea","11":"first","12":"instock","13":"sale","14":"shipping-taxable","15":"purchasable","16":"product-type-simple"},"_links":{"self":[{"href":"https:\/\/soydeaqui.ddns.net\/pachuca\/index.php\/wp-json\/wp\/v2\/product\/109457","targetHints":{"allow":["GET"]}}],"collection":[{"href":"https:\/\/soydeaqui.ddns.net\/pachuca\/index.php\/wp-json\/wp\/v2\/product"}],"about":[{"href":"https:\/\/soydeaqui.ddns.net\/pachuca\/index.php\/wp-json\/wp\/v2\/types\/product"}],"replies":[{"embeddable":true,"href":"https:\/\/soydeaqui.ddns.net\/pachuca\/index.php\/wp-json\/wp\/v2\/comments?post=109457"}],"wp:featuredmedia":[{"embeddable":true,"href":"https:\/\/soydeaqui.ddns.net\/pachuca\/index.php\/wp-json\/wp\/v2\/media\/109456"}],"wp:attachment":[{"href":"https:\/\/soydeaqui.ddns.net\/pachuca\/index.php\/wp-json\/wp\/v2\/media?parent=109457"}],"wp:term":[{"taxonomy":"product_brand","embeddable":true,"href":"https:\/\/soydeaqui.ddns.net\/pachuca\/index.php\/wp-json\/wp\/v2\/product_brand?post=109457"},{"taxonomy":"product_cat","embeddable":true,"href":"https:\/\/soydeaqui.ddns.net\/pachuca\/index.php\/wp-json\/wp\/v2\/product_cat?post=109457"},{"taxonomy":"product_tag","embeddable":true,"href":"https:\/\/soydeaqui.ddns.net\/pachuca\/index.php\/wp-json\/wp\/v2\/product_tag?post=109457"}],"curies":[{"name":"wp","href":"https:\/\/api.w.org\/{rel}","templated":true}]}}