{"id":109450,"date":"2026-03-20T18:57:37","date_gmt":"2026-03-20T18:57:37","guid":{"rendered":"https:\/\/soydeaqui.ddns.net\/pachuca\/index.php\/producto\/camara-bala-ip-de-2-megapixeles-1080p-audio-bidireccional-alarma-i-o-poe-ir-led-20m-ik10-lente-vari-focal-2-8mm-12mm-dia-noche-microsd-inteligente-codec-icr\/"},"modified":"2026-03-20T18:57:55","modified_gmt":"2026-03-20T18:57:55","slug":"camara-bala-ip-de-2-megapixeles-1080p-audio-bidireccional-alarma-i-o-poe-ir-led-20m-ik10-lente-vari-focal-2-8mm-12mm-dia-noche-microsd-inteligente-codec-icr","status":"publish","type":"product","link":"https:\/\/soydeaqui.ddns.net\/pachuca\/index.php\/producto\/camara-bala-ip-de-2-megapixeles-1080p-audio-bidireccional-alarma-i-o-poe-ir-led-20m-ik10-lente-vari-focal-2-8mm-12mm-dia-noche-microsd-inteligente-codec-icr\/","title":{"rendered":"C\u00e1mara Bala IP de 2 megap\u00edxeles (1080p) | Audio bidireccional | Alarma I\/O | PoE | IR Led 20m | IK10 | Lente Vari-focal 2.8mm &#8211; 12mm | D\u00eda \/ noche | MicroSD | INTELIGENTE CODEC | ICR"},"content":{"rendered":"<div style='width: 100%; max-width: 1200px; margin: 0 auto; font-family: sans-serif; line-height: 1.6; color: inherit; background-color: transparent;'> <!-- Banner principal --> <\/p>\n<div style='width: 100%; margin-bottom: 30px;'> <img style='width: 100%; height: auto; border: 1px solid rgba(150&comma;150&comma;150&comma;0.3); border-radius: 8px;' src='https:\/\/ftp3.syscom.mx\/usuarios\/fotos\/DCT4831HRXA\/196150-baner-proyectos.jpg' alt=''> <\/div>\n<p> <!-- Logo IDIS --> <\/p>\n<div style='width: 100%; margin-bottom: 30px;'> <img style='width: 50%; height: auto; border: 1px solid rgba(150&comma;150&comma;150&comma;0.3); border-radius: 8px; margin-left: 25%;' src='https:\/\/ftp3.syscom.mx\/usuarios\/luis.vargas\/IDIS\/Imagenes\/logo.png' alt=''> <\/div>\n<p> <!-- Caracter\u00edsticas generales --> <\/p>\n<div style='display: flex; flex-wrap: wrap; gap: 30px; margin-bottom: 30px;'>\n<div style='flex: 1 1 300px; min-width: 280px;'>\n<div style='border-top: 5px solid #0093A3; padding: 15px; margin-bottom: 25px;'>\n<h3 style='font-size: 22px; border-bottom: 2px solid currentColor; padding-bottom: 5px; margin-top: 0; color: inherit; opacity: 0.8;'>Caracter\u00edsticas generales<\/h3>\n<ul style='padding-left: 20px; font-size: 15px; color: inherit; list-style-type: disc;'>\n<li style='margin-bottom: 5px;'>C\u00e1mara Full HD IR Bullet<\/li>\n<li style='margin-bottom: 5px;'>F\u00e1cil instalaci\u00f3n con DirectIP NVR<\/li>\n<li style='margin-bottom: 5px;'>Resoluci\u00f3n Full HD (1080p)<\/li>\n<li style='margin-bottom: 5px;'>Lente Vari-focal motorizada (f = 2.8 &#8211; 12mm)<\/li>\n<li style='margin-bottom: 5px;'>micro SD \/ SDHC \/ SDXC<\/li>\n<li style='margin-bottom: 5px;'>Audio bidireccional<\/li>\n<li style='margin-bottom: 5px;'>Alarma de entrada \/ salida<\/li>\n<li style='margin-bottom: 5px;'>IK10 \/ IP67 soporta<\/li>\n<li style='margin-bottom: 5px;'>PoE (IEEE 802.3af Clase 3)&comma; 12V DC<\/li>\n<li style='margin-bottom: 5px;'>D\u00eda y noche (ICR)<\/li>\n<li style='margin-bottom: 5px;'>Verdadero rango din\u00e1mico amplio (WDR)<\/li>\n<li style='margin-bottom: 5px;'>Potenciador de poca luz<\/li>\n<li style='margin-bottom: 5px;'>LED IR (Distancia: 30m \/ 98.4ft)<\/li>\n<li style='margin-bottom: 5px;'>Dise\u00f1o mec\u00e1nico de 3 ejes para su instalaci\u00f3n.<\/li>\n<li style='margin-bottom: 5px;'>Soporta ONVIF<\/li>\n<\/ul><\/div>\n<\/p><\/div>\n<p> <!-- Imagen de dimensiones --> <\/p>\n<div style='flex: 1 1 300px; min-width: 280px;'> <img style='width: 100%; height: auto; border: 1px solid rgba(150&comma;150&comma;150&comma;0.3); border-radius: 8px;' src='https:\/\/ftp3.syscom.mx\/usuarios\/pnunez\/IDIS\/Imagenes%20ERP\/DC-T4233WRX%20dimensions.PNG' alt=''> <\/div>\n<\/p><\/div>\n<p> <!-- Imagen de caracter\u00edsticas --> <\/p>\n<div style='width: 100%; margin-bottom: 30px;'> <img style='width: 60%; height: auto; border: 1px solid rgba(150&comma;150&comma;150&comma;0.3); border-radius: 8px; margin-left: 20%;' src='https:\/\/ftp3.syscom.mx\/usuarios\/pnunez\/IDIS\/Imagenes%20ERP\/DC-T4233WRX%20propiedades.PNG' alt=''> <\/div>\n<p> <!-- Informaci\u00f3n de garant\u00eda --> <\/p>\n<div style='width: 100%; margin-top: 30px; border-top: 1px solid rgba(150&comma;150&comma;150&comma;0.3); padding-top: 30px;'>\n<p style='font-size: 15px; margin-bottom: 15px;'><strong>Garant\u00eda de 3 a\u00f1os&comma; para obtener la garant\u00eda de 7 a\u00f1os&comma; registre el producto enviando el archivo<\/strong>:<\/p>\n<p style='font-size: 15px; margin-bottom: 15px;'><a href='https:\/\/drive.google.com\/file\/d\/1OVydNSZsN1TN9W9UWlRuYBhNrUyfAWiB\/view' style='color: inherit; text-decoration: underline;'>https:\/\/drive.google.com\/file\/d\/1OVydNSZsN1TN9W9UWlRuYBhNrUyfAWiB\/view<\/a><\/p>\n<p style='font-size: 15px; margin-bottom: 15px;'><strong>Enviar correo a:<\/strong> <a href='mailto:perla.nunez@syscom.mx' style='color: inherit; text-decoration: underline;'>perla.nunez@syscom.mx<\/a><\/p>\n<\/p><\/div>\n<\/p><\/div>\n","protected":false},"excerpt":{"rendered":"<p>C\u00e1mara Bala IP de 2 megap\u00edxeles (1080p) | Audio bidireccional | Alarma I\/O | PoE | IR Led 20m | IK10 | Lente Vari-focal 2.8mm &#8211; 12mm | D\u00eda \/ noche | MicroSD | INTELIGENTE CODEC | ICR<\/p>\n","protected":false},"featured_media":109449,"comment_status":"open","ping_status":"closed","template":"","meta":[],"product_brand":[],"product_cat":[438],"product_tag":[439,122,2276],"class_list":{"0":"post-109450","1":"product","2":"type-product","3":"status-publish","4":"has-post-thumbnail","6":"product_cat-bala","7":"product_tag-bala","8":"product_tag-camaras-ip-y-nvrs","9":"product_tag-idis","11":"first","12":"outofstock","13":"sale","14":"shipping-taxable","15":"purchasable","16":"product-type-simple"},"_links":{"self":[{"href":"https:\/\/soydeaqui.ddns.net\/pachuca\/index.php\/wp-json\/wp\/v2\/product\/109450","targetHints":{"allow":["GET"]}}],"collection":[{"href":"https:\/\/soydeaqui.ddns.net\/pachuca\/index.php\/wp-json\/wp\/v2\/product"}],"about":[{"href":"https:\/\/soydeaqui.ddns.net\/pachuca\/index.php\/wp-json\/wp\/v2\/types\/product"}],"replies":[{"embeddable":true,"href":"https:\/\/soydeaqui.ddns.net\/pachuca\/index.php\/wp-json\/wp\/v2\/comments?post=109450"}],"wp:featuredmedia":[{"embeddable":true,"href":"https:\/\/soydeaqui.ddns.net\/pachuca\/index.php\/wp-json\/wp\/v2\/media\/109449"}],"wp:attachment":[{"href":"https:\/\/soydeaqui.ddns.net\/pachuca\/index.php\/wp-json\/wp\/v2\/media?parent=109450"}],"wp:term":[{"taxonomy":"product_brand","embeddable":true,"href":"https:\/\/soydeaqui.ddns.net\/pachuca\/index.php\/wp-json\/wp\/v2\/product_brand?post=109450"},{"taxonomy":"product_cat","embeddable":true,"href":"https:\/\/soydeaqui.ddns.net\/pachuca\/index.php\/wp-json\/wp\/v2\/product_cat?post=109450"},{"taxonomy":"product_tag","embeddable":true,"href":"https:\/\/soydeaqui.ddns.net\/pachuca\/index.php\/wp-json\/wp\/v2\/product_tag?post=109450"}],"curies":[{"name":"wp","href":"https:\/\/api.w.org\/{rel}","templated":true}]}}