{"id":109418,"date":"2026-03-20T18:55:45","date_gmt":"2026-03-20T18:55:45","guid":{"rendered":"https:\/\/soydeaqui.ddns.net\/pachuca\/index.php\/producto\/mini-domo-ptz-anti-vandalico-ip66-4x-zoom-hd-tvi-2-megapixeles-1080p\/"},"modified":"2026-03-20T18:55:45","modified_gmt":"2026-03-20T18:55:45","slug":"mini-domo-ptz-anti-vandalico-ip66-4x-zoom-hd-tvi-2-megapixeles-1080p","status":"publish","type":"product","link":"https:\/\/soydeaqui.ddns.net\/pachuca\/index.php\/producto\/mini-domo-ptz-anti-vandalico-ip66-4x-zoom-hd-tvi-2-megapixeles-1080p\/","title":{"rendered":"Mini Domo PTZ Anti-vandalico IP66 4X Zoom HD-TVI 2 Megapixeles (1080P)"},"content":{"rendered":"<div style='width: 100%; max-width: 1200px; margin: 0 auto; font-family: sans-serif; line-height: 1.6; color: inherit; background-color: transparent;'> <!-- Descripci\u00f3n principal --> <\/p>\n<div style='margin-bottom: 30px;'>\n<p style='margin: 0; font-size: 15px; color: inherit;'> <strong>C\u00e1mara Mini PTZ 4X&comma; resoluci\u00f3n 1080p&comma; 4 tecnolog\u00edas de salida de video (AHD&comma; HD-TVI&comma; HD-CVI&comma; CVBS) compatible con una gran cantidad de grabadores del mercado&comma; fabricada en metal<\/strong> <\/p>\n<\/p><\/div>\n<p> <!-- Caracter\u00edsticas t\u00e9cnicas --> <\/p>\n<div style='display: flex; flex-wrap: wrap; gap: 30px; margin-bottom: 30px;'>\n<div style='flex: 1 1 300px; min-width: 280px;'>\n<h3 style='font-size: 22px; border-bottom: 2px solid currentColor; padding-bottom: 5px; margin-top: 0; color: inherit; opacity: 0.8;'>Caracter\u00edsticas t\u00e9cnicas<\/h3>\n<ul style='padding-left: 20px; font-size: 15px; color: inherit;'>\n<li style='margin-bottom: 5px;'>Tecnolog\u00eda HD 1080P 4 in 1 TVI\/AHD\/CVI\/CVBS<\/li>\n<li style='margin-bottom: 5px;'>Sensor CMOS 1\/2.8&#8242; 307 CMOS<\/li>\n<li style='margin-bottom: 5px;'>Iluminaci\u00f3n m\u00ednima: Color 0.005Lux@F1.2 Blanco\/negro 0.001Lux@F1.2<\/li>\n<li style='margin-bottom: 5px;'>Lente motorizado: 4X&comma; 2.8mm \u2013 12mm<\/li>\n<li style='margin-bottom: 5px;'>Modo d\u00eda\/noche<\/li>\n<li style='margin-bottom: 5px;'>IR 20 metros<\/li>\n<li style='margin-bottom: 5px;'>Funciones: BLC&comma; dWDR&comma; 2D\/3D DNR&comma; Focus mode<\/li>\n<li style='margin-bottom: 5px;'>Rango de movimiento: Pan 355\u00b0 Tilt 80\u00b0<\/li>\n<li style='margin-bottom: 5px;'>Funciones PTZ: 220 preset (No soporta patrullaje o patr\u00f3n)<\/li>\n<li style='margin-bottom: 5px;'>Soporta protocolo RS485<\/li>\n<li style='margin-bottom: 5px;'>Protocolo coaxitron para el movimiento de PTZ<\/li>\n<\/ul><\/div>\n<p> <!-- Caracter\u00edsticas f\u00edsicas y el\u00e9ctricas --> <\/p>\n<div style='flex: 1 1 300px; min-width: 280px;'>\n<h3 style='font-size: 22px; border-bottom: 2px solid currentColor; padding-bottom: 5px; margin-top: 0; color: inherit; opacity: 0.8;'>Caracter\u00edsticas f\u00edsicas y el\u00e9ctricas<\/h3>\n<ul style='padding-left: 20px; font-size: 15px; color: inherit;'>\n<li style='margin-bottom: 5px;'>Aplicaci\u00f3n interior&comma; exterior<\/li>\n<li style='margin-bottom: 5px;'>Nivel de protecci\u00f3n IP66<\/li>\n<li style='margin-bottom: 5px;'>Temperatura de operaci\u00f3n\/Humedad: -20\u00b0C ~ 60\u00b0C \/ <90%RH<\/li>\n<li style='margin-bottom: 5px;'>Alimentaci\u00f3n: 12Vdc&comma; Max 10W. (fuente no incluida)<\/li>\n<li style='margin-bottom: 5px;'>Protecci\u00f3n TVS3000V<\/li>\n<li style='margin-bottom: 5px;'><strong>Compatible con montaje universal XGA110A<\/strong><\/li>\n<\/ul><\/div>\n<\/p><\/div>\n<p> <!-- Separador --> <\/p>\n<hr style='border: 0; border-top: 1px solid rgba(150&comma; 150&comma; 150&comma; 0.3); margin: 30px 0;'> <\/div>\n","protected":false},"excerpt":{"rendered":"<p>Mini Domo PTZ Anti-vandalico IP66 4X Zoom HD-TVI 2 Megapixeles (1080P)<\/p>\n","protected":false},"featured_media":109417,"comment_status":"open","ping_status":"closed","template":"","meta":[],"product_brand":[],"product_cat":[2344],"product_tag":[2255,2257,1225],"class_list":{"0":"post-109418","1":"product","2":"type-product","3":"status-publish","4":"has-post-thumbnail","6":"product_cat-ptz-camaras-y-dvrs-hd-turbohd-ahd-hd-tvi","7":"product_tag-camaras-y-dvrs-hd-turbohd-ahd-hd-tvi","8":"product_tag-epcom-professional","9":"product_tag-ptz","11":"first","12":"instock","13":"sale","14":"shipping-taxable","15":"purchasable","16":"product-type-simple"},"_links":{"self":[{"href":"https:\/\/soydeaqui.ddns.net\/pachuca\/index.php\/wp-json\/wp\/v2\/product\/109418","targetHints":{"allow":["GET"]}}],"collection":[{"href":"https:\/\/soydeaqui.ddns.net\/pachuca\/index.php\/wp-json\/wp\/v2\/product"}],"about":[{"href":"https:\/\/soydeaqui.ddns.net\/pachuca\/index.php\/wp-json\/wp\/v2\/types\/product"}],"replies":[{"embeddable":true,"href":"https:\/\/soydeaqui.ddns.net\/pachuca\/index.php\/wp-json\/wp\/v2\/comments?post=109418"}],"wp:featuredmedia":[{"embeddable":true,"href":"https:\/\/soydeaqui.ddns.net\/pachuca\/index.php\/wp-json\/wp\/v2\/media\/109417"}],"wp:attachment":[{"href":"https:\/\/soydeaqui.ddns.net\/pachuca\/index.php\/wp-json\/wp\/v2\/media?parent=109418"}],"wp:term":[{"taxonomy":"product_brand","embeddable":true,"href":"https:\/\/soydeaqui.ddns.net\/pachuca\/index.php\/wp-json\/wp\/v2\/product_brand?post=109418"},{"taxonomy":"product_cat","embeddable":true,"href":"https:\/\/soydeaqui.ddns.net\/pachuca\/index.php\/wp-json\/wp\/v2\/product_cat?post=109418"},{"taxonomy":"product_tag","embeddable":true,"href":"https:\/\/soydeaqui.ddns.net\/pachuca\/index.php\/wp-json\/wp\/v2\/product_tag?post=109418"}],"curies":[{"name":"wp","href":"https:\/\/api.w.org\/{rel}","templated":true}]}}