{"id":109240,"date":"2026-03-20T18:46:37","date_gmt":"2026-03-20T18:46:37","guid":{"rendered":"https:\/\/soydeaqui.ddns.net\/pachuca\/index.php\/producto\/monitor-touch-screen-10-para-videoportero-ip-estetico-video-en-vivo-wifi-apertura-remota-llamada-entre-monitores-audio-de-dos-vias-policarbonato\/"},"modified":"2026-03-20T18:46:54","modified_gmt":"2026-03-20T18:46:54","slug":"monitor-touch-screen-10-para-videoportero-ip-estetico-video-en-vivo-wifi-apertura-remota-llamada-entre-monitores-audio-de-dos-vias-policarbonato","status":"publish","type":"product","link":"https:\/\/soydeaqui.ddns.net\/pachuca\/index.php\/producto\/monitor-touch-screen-10-para-videoportero-ip-estetico-video-en-vivo-wifi-apertura-remota-llamada-entre-monitores-audio-de-dos-vias-policarbonato\/","title":{"rendered":"Monitor Touch Screen 10&#8243; para Videoportero IP \/ Est\u00e9tico \/ Video en Vivo \/ WiFi \/ Apertura Remota \/ llamada entre monitores \/ Audio de dos v\u00edas \/ Policarbonato"},"content":{"rendered":"<div style='width: 100%; max-width: 1200px; margin: 0 auto; font-family: sans-serif; line-height: 1.6; color: inherit; background-color: transparent;'> <!-- Imagen principal --> <\/p>\n<div style='margin-bottom: 30px;'> <a href='#link' target='_blank' rel='noopener' style='text-decoration: none;'> <img style='width: 100%; height: auto; border: 1px solid rgba(150&comma;150&comma;150&comma;0.3); border-radius: 8px;' src='https:\/\/ftp3.syscom.mx\/usuarios\/rcovarrubias\/videoporteros\/Videoporteros%20Banner-segunda-generacion-2.jpg' alt=''> <\/a> <\/div>\n<p> <!-- Caracter\u00edsticas en dos columnas --> <\/p>\n<div style='display: flex; flex-wrap: wrap; gap: 30px; margin-bottom: 30px;'>\n<div style='flex: 1 1 300px; min-width: 280px;'>\n<div style='border: 1px solid rgba(150&comma;150&comma;150&comma;0.4); border-radius: 8px; overflow: hidden; display: flex; flex-direction: column;'>\n<div style='padding: 15px; border-bottom: 1px solid rgba(150&comma;150&comma;150&comma;0.2); font-weight: bold; font-size: 18px; background-color: rgba(255&comma; 87&comma; 34&comma; 0.1); color: #ff0000;'>Caracter\u00edsticas de monitor DS-KH8520-WTE1:<\/div>\n<div style='padding: 15px; color: inherit;'>\n<ul style='padding-left: 20px; margin: 0; font-size: 14px; list-style-type: disc;'>\n<li style='margin-bottom: 5px; color: inherit;'><span style='color: inherit;'>Pantalla Touch a color de 10&#8242;<\/span><\/li>\n<li style='margin-bottom: 5px; color: inherit;'><span style='color: inherit;'>Resoluci\u00f3n: 1024 x 600<\/span><\/li>\n<li style='margin-bottom: 5px; color: inherit;'><span style='color: inherit;'>Apertura desde monitor<\/span><\/li>\n<li style='margin-bottom: 5px; color: inherit;'><span style='color: inherit;'>Vista en vivo de frente de calle<\/span><\/li>\n<li style='margin-bottom: 5px; color: inherit;'><span style='color: inherit;'>Micr\u00f3fono y altavoz interconstruido<\/span><\/li>\n<li style='margin-bottom: 5px; color: inherit;'><span style='color: inherit;'>Soporta hasta 16 canales de video<\/span><\/li>\n<li style='margin-bottom: 5px; color: inherit;'><span style='color: inherit;'>Entrada de Alarma: 8 inputs<\/span><\/li>\n<li style='margin-bottom: 5px; color: inherit;'><span style='color: inherit;'>Micro SD max. 32G para almacenar capturas<\/span><\/li>\n<li style='margin-bottom: 5px; color: inherit;'><span style='color: inherit;'>Red WiFi&comma; Ethernet 10\/100 Mbps. TCP\/IP&comma; SIP&comma; RTSP<\/span><\/li>\n<li style='margin-bottom: 5px; color: inherit; font-size: 12px;'><span style='color: inherit;'>*En caso de falla de conexi\u00f3n con plataforma P2P puede ser a raz\u00f3n externa al equipo<\/span><\/li>\n<\/ul><\/div>\n<\/p><\/div>\n<\/p><\/div>\n<div style='flex: 1 1 300px; min-width: 280px;'>\n<div style='border: 1px solid rgba(150&comma;150&comma;150&comma;0.4); border-radius: 8px; overflow: hidden; display: flex; flex-direction: column;'>\n<div style='padding: 15px; border-bottom: 1px solid rgba(150&comma;150&comma;150&comma;0.2); font-weight: bold; font-size: 18px; background-color: rgba(255&comma; 87&comma; 34&comma; 0.1); color: #ff0000;'>Caracter\u00edsticas F\u00edsicas y El\u00e9ctricas:<\/div>\n<div style='padding: 15px; color: inherit;'>\n<ul style='padding-left: 20px; margin: 0; font-size: 14px; list-style-type: disc;'>\n<li style='margin-bottom: 5px; color: inherit;'><span style='color: inherit;'>Voltaje de operaci\u00f3n: 12Vcc 1A (fuente no incluida)<\/span><\/li>\n<li style='margin-bottom: 5px; color: inherit;'><span style='color: inherit;'>PoE est\u00e1ndar IEEE802.3af<\/span><\/li>\n<li style='margin-bottom: 5px; color: inherit;'><span style='color: inherit;'>Consumo el\u00e9ctrico: 6W<\/span><\/li>\n<li style='margin-bottom: 5px; color: inherit;'><span style='color: inherit;'>Temperatura de operaci\u00f3n: -10\u00b0 ~ 55\u00b0 C (14\u00b0 ~ 131\u00b0 F)<\/span><\/li>\n<li style='margin-bottom: 5px; color: inherit;'><span style='color: inherit;'>Dimensiones: 254 mm \u00d7 166 mm \u00d7 14.7 mm (10.0&#8242; \u00d7 6.5&#8242; \u00d7 0.58&#8242;)<\/span><\/li>\n<\/ul><\/div>\n<\/p><\/div>\n<\/p><\/div>\n<\/p><\/div>\n<p> <!-- Caracter\u00edsticas Destacadas --> <\/p>\n<div style='margin-bottom: 30px;'>\n<div style='border: 1px solid rgba(150&comma;150&comma;150&comma;0.4); border-radius: 8px; overflow: hidden; display: flex; flex-direction: column;'>\n<div style='padding: 15px; border-bottom: 1px solid rgba(150&comma;150&comma;150&comma;0.2); font-weight: bold; font-size: 18px; background-color: rgba(255&comma; 87&comma; 34&comma; 0.1); color: #ff0000;'>Caracter\u00edsticas Destacadas:<\/div>\n<div style='padding: 15px; color: inherit;'>\n<ul style='padding-left: 20px; margin: 0; font-size: 14px; list-style-type: disc;'>\n<li style='margin-bottom: 5px; color: inherit;'><span style='color: inherit;'>Compatible con Hik-connect P2P para notificaci\u00f3n\/apertura remota (requiere frente de calle)<\/span><\/li>\n<li style='margin-bottom: 5px; color: inherit;'><span style='color: inherit;'>Permite la visualizaci\u00f3n de c\u00e1maras IP (2 MP) y c\u00e1mara del frente de calle (Audio&comma; Video y apertura de puerta)<\/span><\/li>\n<li style='margin-bottom: 5px; color: inherit;'><strong><span style='color: inherit;'>Soporta hasta 5 monitores como extensi\u00f3n<\/span> <span style='color: inherit;'>(<\/span><a href='https:\/\/www.youtube.com\/watch?v=9u9JDJ7tAuc' target='_blank' rel='noopener' style='color: #ff0000; text-decoration: none;'>Demo<\/a><span style='color: inherit;'>)<\/span><\/strong><\/li>\n<li style='margin-bottom: 5px; color: inherit;'><span style='color: inherit;'>El n\u00famero de frentes de calle soportados depender\u00e1 del modelo del mismo<\/span><\/li>\n<li style='margin-bottom: 5px; color: inherit;'><span style='color: inherit;'><strong>Soporta 16 canales de video en total (entre frentes de calle y c\u00e1maras)<\/strong><\/span><\/li>\n<li style='margin-bottom: 5px; color: inherit;'><span style='color: inherit;'>Compatibilidad con frentes de calle IP Hikvision<\/span><\/li>\n<li style='margin-bottom: 5px; color: inherit;'><span style='color: inherit;'>Soporta aperturar 2 puertas (si el frente de calle enlazado lo soporta)<\/span><\/li>\n<li style='margin-bottom: 5px; color: inherit;'><span style='color: inherit;'>Compatible con frentes de calle IP Hikvision<\/span><\/li>\n<\/ul><\/div>\n<\/p><\/div>\n<\/p><\/div>\n<p> <!-- Consideraciones --> <\/p>\n<div style='margin-bottom: 30px;'>\n<div style='border: 1px solid rgba(150&comma;150&comma;150&comma;0.4); border-radius: 8px; overflow: hidden; display: flex; flex-direction: column;'>\n<div style='padding: 15px; border-bottom: 1px solid rgba(150&comma;150&comma;150&comma;0.2); font-weight: bold; font-size: 18px; background-color: rgba(255&comma; 87&comma; 34&comma; 0.1); color: #ff0000;'>Consideraciones:<\/div>\n<div style='padding: 15px; color: inherit;'>\n<ul style='padding-left: 20px; margin: 0; font-size: 14px; list-style-type: disc;'>\n<li style='margin-bottom: 5px; color: inherit;'><span style='color: inherit;'>El equipo soporta la funci\u00f3n de wifi&comma; pero el \u00f3ptimo desempe\u00f1o depender\u00e1 totalmente de la conexi\u00f3n wifi del sitio. Recomendamos su uso cableado para una conexi\u00f3n m\u00e1s estable.<\/span><\/li>\n<\/ul><\/div>\n<\/p><\/div>\n<\/p><\/div>\n<p> <!-- Soporte T\u00e9cnico --> <\/p>\n<div style='margin-bottom: 30px;'>\n<div style='border: 1px solid rgba(150&comma;150&comma;150&comma;0.4); border-radius: 8px; overflow: hidden; display: flex; flex-direction: column;'>\n<div style='padding: 15px; border-bottom: 1px solid rgba(150&comma;150&comma;150&comma;0.2); font-weight: bold; font-size: 18px; background-color: rgba(255&comma; 87&comma; 34&comma; 0.1); color: #ff0000;'>Soporte T\u00e9cnico:<\/div>\n<div style='padding: 15px; color: inherit;'>\n<ul style='padding-left: 20px; margin: 0; font-size: 14px; list-style-type: disc;'>\n<li style='margin-bottom: 5px; color: inherit;'><span style='color: inherit;'>Si requiere soporte t\u00e9cnico de clic<\/span> <a href='https:\/\/soporte.syscom.mx\/es\/articles\/10706576-hikvision-repositorio-configuracion-videoporteros' target='_blank' rel='noopener' style='color: #ff0000; text-decoration: none;'>aqu\u00ed<\/a><\/li>\n<li style='margin-bottom: 5px; color: inherit;'><span style='color: inherit;'>El correcto funcionamiento del Wi-Fi depende totalmente del sitio&comma; interferencias&comma; obst\u00e1culos f\u00edsicos&comma; distancia al router&comma; entre otros.<\/span><\/li>\n<\/ul><\/div>\n<\/p><\/div>\n<\/p><\/div>\n<p> <!-- Separador --> <\/p>\n<hr style='border: 0; border-top: 1px solid rgba(150&comma; 150&comma; 150&comma; 0.3); margin: 30px 0;'> <!-- Diagramas --> <\/p>\n<div style='margin-bottom: 30px;'>\n<h2 style='font-size: 24px; margin-bottom: 20px; color: inherit; text-align: center;'><span style='color: inherit;'>Ejemplo de conexi\u00f3n de una cerradura magnetica o electrica:<\/span><\/h2>\n<div style='margin-bottom: 20px;'> <img style='width: 100%; height: auto; border: 1px solid rgba(150&comma;150&comma;150&comma;0.3); border-radius: 8px;' src='https:\/\/downloads.intercomcdn.com\/i\/o\/qdpt3rxn\/1406813573\/860175acb5f95be60252993d75b3\/image.png' alt='Diagrama t\u00e9cnico'> <\/div>\n<div style='margin-bottom: 20px;'> <img style='width: 100%; height: auto; border: 1px solid rgba(150&comma;150&comma;150&comma;0.3); border-radius: 8px;' src='https:\/\/ftp3.syscom.mx\/usuarios\/rcovarrubias\/videoporteros\/Videoportero%202daG.png' alt='Videoportero 2da Generaci\u00f3n'> <\/div>\n<h2 style='font-size: 24px; margin: 30px 0 20px; color: inherit; text-align: center;'><span style='color: inherit;'>Diagrama de conexi\u00f3n:<\/span><\/h2>\n<div style='margin-bottom: 20px;'> <img style='width: 100%; height: auto; border: 1px solid rgba(150&comma;150&comma;150&comma;0.3); border-radius: 8px;' src='https:\/\/ftp3.syscom.mx\/usuarios\/rcovarrubias\/videoporteros\/diagramas%20de%20conexion\/Diagrama%20Modular%203%20Mod.jpg' alt='Diagrama Modular'> <\/div>\n<h2 style='font-size: 24px; margin: 30px 0 20px; color: inherit; text-align: center;'><span style='color: inherit;'>Diagrama de conexi\u00f3n sistema tradicional alimentado con PoE:<\/span><\/h2>\n<div style='margin-bottom: 20px;'> <img style='width: 100%; height: auto; border: 1px solid rgba(150&comma;150&comma;150&comma;0.3); border-radius: 8px;' src='https:\/\/ftp3.syscom.mx\/usuarios\/rcovarrubias\/videoporteros\/diagramas%20de%20conexion\/Diagrama%20frente%201%20Boton%206%20monitores%20ver2.jpg' alt='Diagrama Tradicional'> <\/div>\n<\/p><\/div>\n<p> <!-- Video Demostraci\u00f3n --> <\/p>\n<div style='margin-bottom: 30px;'>\n<div style='position: relative; padding-bottom: 56.25%; height: 0; overflow: hidden;'>   <\/div>\n<\/p><\/div>\n<\/p><\/div>\n","protected":false},"excerpt":{"rendered":"<p>Monitor Touch Screen 10&#8243; para Videoportero IP \/ Est\u00e9tico \/ Video en Vivo \/ WiFi \/ Apertura Remota \/ llamada entre monitores \/ Audio de dos v\u00edas \/ Policarbonato<\/p>\n","protected":false},"featured_media":109239,"comment_status":"open","ping_status":"closed","template":"","meta":[],"product_brand":[],"product_cat":[856],"product_tag":[54,557,857],"class_list":{"0":"post-109240","1":"product","2":"type-product","3":"status-publish","4":"has-post-thumbnail","6":"product_cat-videoporteros-ip","7":"product_tag-hikvision","8":"product_tag-videoporteros-e-interfonos","9":"product_tag-videoporteros-ip","11":"first","12":"instock","13":"sale","14":"shipping-taxable","15":"purchasable","16":"product-type-simple"},"_links":{"self":[{"href":"https:\/\/soydeaqui.ddns.net\/pachuca\/index.php\/wp-json\/wp\/v2\/product\/109240","targetHints":{"allow":["GET"]}}],"collection":[{"href":"https:\/\/soydeaqui.ddns.net\/pachuca\/index.php\/wp-json\/wp\/v2\/product"}],"about":[{"href":"https:\/\/soydeaqui.ddns.net\/pachuca\/index.php\/wp-json\/wp\/v2\/types\/product"}],"replies":[{"embeddable":true,"href":"https:\/\/soydeaqui.ddns.net\/pachuca\/index.php\/wp-json\/wp\/v2\/comments?post=109240"}],"wp:featuredmedia":[{"embeddable":true,"href":"https:\/\/soydeaqui.ddns.net\/pachuca\/index.php\/wp-json\/wp\/v2\/media\/109239"}],"wp:attachment":[{"href":"https:\/\/soydeaqui.ddns.net\/pachuca\/index.php\/wp-json\/wp\/v2\/media?parent=109240"}],"wp:term":[{"taxonomy":"product_brand","embeddable":true,"href":"https:\/\/soydeaqui.ddns.net\/pachuca\/index.php\/wp-json\/wp\/v2\/product_brand?post=109240"},{"taxonomy":"product_cat","embeddable":true,"href":"https:\/\/soydeaqui.ddns.net\/pachuca\/index.php\/wp-json\/wp\/v2\/product_cat?post=109240"},{"taxonomy":"product_tag","embeddable":true,"href":"https:\/\/soydeaqui.ddns.net\/pachuca\/index.php\/wp-json\/wp\/v2\/product_tag?post=109240"}],"curies":[{"name":"wp","href":"https:\/\/api.w.org\/{rel}","templated":true}]}}