{"id":109234,"date":"2026-03-20T18:46:17","date_gmt":"2026-03-20T18:46:17","guid":{"rendered":"https:\/\/soydeaqui.ddns.net\/pachuca\/index.php\/producto\/video-portero-ip-sip-con-camara-y-pantalla-lcd-2-relevadores-integrados-entrada-y-salida-onvif-y-lector-de-tarjetas-rfid-puerto-wiegand-entrada\/"},"modified":"2026-03-20T18:46:33","modified_gmt":"2026-03-20T18:46:33","slug":"video-portero-ip-sip-con-camara-y-pantalla-lcd-2-relevadores-integrados-entrada-y-salida-onvif-y-lector-de-tarjetas-rfid-puerto-wiegand-entrada","status":"publish","type":"product","link":"https:\/\/soydeaqui.ddns.net\/pachuca\/index.php\/producto\/video-portero-ip-sip-con-camara-y-pantalla-lcd-2-relevadores-integrados-entrada-y-salida-onvif-y-lector-de-tarjetas-rfid-puerto-wiegand-entrada\/","title":{"rendered":"Video portero IP\/SIP Con C\u00e1mara y pantalla LCD, 2 Relevadores Integrados (entrada y salida), Onvif y lector de tarjetas RFID, puerto WIEGAND (entrada)."},"content":{"rendered":"<div style='width: 100%; max-width: 1200px; margin: 0 auto; font-family: sans-serif; line-height: 1.6; color: inherit; background-color: transparent;'> <!-- Descripci\u00f3n principal --> <\/p>\n<div style='margin-bottom: 30px; font-size: 15px; color: inherit;'>\n<p>Fanvil i33V es un videoportero SIP con pantalla LCD desarrollado para usuarios de la industria de la seguridad. Admite la instalaci\u00f3n de fijaci\u00f3n a pared&comma; est\u00e1 dise\u00f1ado para entornos al aire libre con alta confiabilidad&comma; audio\/video HD&comma; grado de protecci\u00f3n IP65\/IK10 y un amplio rango de temperatura de -40 \u00b0C a 70 \u00b0C. Se combina con las funciones de control de acceso&comma; intercomunicaci\u00f3n audio\/video y retransmisi\u00f3n para una comunicaci\u00f3n m\u00e1s fluida&comma; segura y clara. Se puede conectar a detectores magn\u00e9ticos de 2 puertas que activar\u00e1n una alarma si la puerta no se puede cerrar despu\u00e9s del tiempo de espera. Tambi\u00e9n se puede conectar a un lector de tarjetas Wiegand para controlar la puerta&comma; que se utiliza en los lugares con alta exigencia de seguridad&comma; como c\u00e1rceles y bancos.<\/p>\n<\/p><\/div>\n<p> <!-- Secci\u00f3n de caracter\u00edsticas --> <\/p>\n<div style='display: flex; flex-wrap: wrap; gap: 30px; margin-bottom: 30px;'>\n<div style='flex: 1 1 300px; min-width: 280px;'>\n<h3 style='font-size: 22px; border-bottom: 2px solid currentColor; padding-bottom: 5px; margin-top: 0; color: inherit; opacity: 0.8;'>Caracter\u00edsticas principales<\/h3>\n<ul style='padding-left: 20px; font-size: 15px; color: inherit;'>\n<li style='margin-bottom: 5px;'>2 lineas SIP<\/li>\n<li style='margin-bottom: 5px;'>C\u00e1mara HD incorporada con visi\u00f3n nocturna por infrarrojos&comma; adopta el c\u00f3dec H.264<\/li>\n<li style='margin-bottom: 5px;'>Lector de tarjeta RFID integrado (EM4100&comma; 125 KHz) y IC(MIFARE ONE&comma; 13.56 MHz)<\/li>\n<li style='margin-bottom: 5px;'>Soporta ONVIF<\/li>\n<li style='margin-bottom: 5px;'>Cancelador (AEC)<\/li>\n<li style='margin-bottom: 5px;'>IP65 a prueba de agua y polvo<\/li>\n<li style='margin-bottom: 5px;'>Anticolisi\u00f3n IK10 antivandalico con marco robusto de fundici\u00f3n de aluminio<\/li>\n<li style='margin-bottom: 5px;'>Alarma contra manipulaci\u00f3n indebida siempre que la cubierta est\u00e9 separada de la carcasa&comma; y reportando al centro de control al mismo tiempo<\/li>\n<li style='margin-bottom: 5px;'>-40 \u00b0C a 70 \u00b0C amplia gama adaptabilidad a la temperatura<\/li>\n<li style='margin-bottom: 5px;'>Doble Stream de video&comma; 1 para la NVR y otro para la video llamada SIP<\/li>\n<li style='margin-bottom: 5px;'>Compatible con las principales plataformas: Asterisk&comma; Broadsoft&comma; 3CX&comma; Metaswitch&comma; Elastix&comma; Avaya etc.<\/li>\n<li style='margin-bottom: 5px;'><strong>Garant\u00eda:<\/strong> 1 a\u00f1o<\/li>\n<\/ul><\/div>\n<div style='flex: 1 1 300px; min-width: 280px;'>\n<h3 style='font-size: 22px; border-bottom: 2px solid currentColor; padding-bottom: 5px; margin-top: 0; color: inherit; opacity: 0.8;'>Caracter\u00edsticas F\u00edsicas y El\u00e9ctricas<\/h3>\n<ul style='padding-left: 20px; font-size: 15px; color: inherit;'>\n<li style='margin-bottom: 5px;'><strong>Alimentaci\u00f3n:<\/strong> v\u00eda PoE 802.3af o 12Vcc&comma; 1.0A (fuente no incluida)<\/li>\n<li style='margin-bottom: 5px;'><strong>2 relevadores:<\/strong> Max DC 30V \/ 2A&comma; AC 125V \/ 0.5A<\/li>\n<li style='margin-bottom: 5px;'><strong>Montaje:<\/strong> en pared<\/li>\n<li style='margin-bottom: 5px;'><strong>Nivel de protecci\u00f3n:<\/strong> IP65 e IK10<\/li>\n<li style='margin-bottom: 5px;'><strong>Material:<\/strong> Aleaci\u00f3n de Aluminio<\/li>\n<li style='margin-bottom: 5px;'><strong>Temperatura de operaci\u00f3n:<\/strong> -40\u00ba ~ 70\u00ba C (-40\u00ba ~ 158\u00ba F)<\/li>\n<li style='margin-bottom: 5px;'><strong>Dimensiones:<\/strong> 295 \u00d7 194 \u00d7 62 mm<\/li>\n<li style='margin-bottom: 5px;'><strong>Puerto:<\/strong> RJ45<\/li>\n<li style='margin-bottom: 5px;'><strong>Peso:<\/strong> 2&comma;281g<\/li>\n<\/ul><\/div>\n<div style='flex: 1 1 300px; min-width: 280px;'>\n<h3 style='font-size: 22px; border-bottom: 2px solid currentColor; padding-bottom: 5px; margin-top: 0; color: inherit; opacity: 0.8;'>Caracter\u00edsticas de Red<\/h3>\n<ul style='padding-left: 20px; font-size: 15px; color: inherit;'>\n<li style='margin-bottom: 5px;'><strong>C\u00e1mara:<\/strong> 2 Megapixels<\/li>\n<li style='margin-bottom: 5px;'><strong>Codec de video:<\/strong> H.264<\/li>\n<li style='margin-bottom: 5px;'><strong>Resoluci\u00f3n:<\/strong> 1280 x 720@25fps y 704&#215;576(D1)@25fps<\/li>\n<li style='margin-bottom: 5px;'><strong>\u00c1ngulo:<\/strong> 112 (H) y 84 (V)<\/li>\n<li style='margin-bottom: 5px;'><strong>Puerto:<\/strong> 10\/100Mbps<\/li>\n<li style='margin-bottom: 5px;'><strong>VPN:<\/strong> L2TP\/Open VPN<\/li>\n<li style='margin-bottom: 5px;'><strong>VLAN:<\/strong> S\u00ed<\/li>\n<li style='margin-bottom: 5px;'><strong>QoS:<\/strong> S\u00ed<\/li>\n<\/ul><\/div>\n<\/p><\/div>\n<p> <!-- Separador --> <\/p>\n<hr style='border: 0; border-top: 1px solid rgba(150&comma; 150&comma; 150&comma; 0.3); margin: 30px 0;'> <\/div>\n","protected":false},"excerpt":{"rendered":"<p>Video portero IP\/SIP Con C\u00e1mara y pantalla LCD, 2 Relevadores Integrados (entrada y salida), Onvif y lector de tarjetas RFID, puerto WIEGAND (entrada).<\/p>\n","protected":false},"featured_media":109233,"comment_status":"open","ping_status":"closed","template":"","meta":[],"product_brand":[],"product_cat":[856],"product_tag":[859,557,857],"class_list":{"0":"post-109234","1":"product","2":"type-product","3":"status-publish","4":"has-post-thumbnail","6":"product_cat-videoporteros-ip","7":"product_tag-fanvil","8":"product_tag-videoporteros-e-interfonos","9":"product_tag-videoporteros-ip","11":"first","12":"outofstock","13":"sale","14":"shipping-taxable","15":"purchasable","16":"product-type-simple"},"_links":{"self":[{"href":"https:\/\/soydeaqui.ddns.net\/pachuca\/index.php\/wp-json\/wp\/v2\/product\/109234","targetHints":{"allow":["GET"]}}],"collection":[{"href":"https:\/\/soydeaqui.ddns.net\/pachuca\/index.php\/wp-json\/wp\/v2\/product"}],"about":[{"href":"https:\/\/soydeaqui.ddns.net\/pachuca\/index.php\/wp-json\/wp\/v2\/types\/product"}],"replies":[{"embeddable":true,"href":"https:\/\/soydeaqui.ddns.net\/pachuca\/index.php\/wp-json\/wp\/v2\/comments?post=109234"}],"wp:featuredmedia":[{"embeddable":true,"href":"https:\/\/soydeaqui.ddns.net\/pachuca\/index.php\/wp-json\/wp\/v2\/media\/109233"}],"wp:attachment":[{"href":"https:\/\/soydeaqui.ddns.net\/pachuca\/index.php\/wp-json\/wp\/v2\/media?parent=109234"}],"wp:term":[{"taxonomy":"product_brand","embeddable":true,"href":"https:\/\/soydeaqui.ddns.net\/pachuca\/index.php\/wp-json\/wp\/v2\/product_brand?post=109234"},{"taxonomy":"product_cat","embeddable":true,"href":"https:\/\/soydeaqui.ddns.net\/pachuca\/index.php\/wp-json\/wp\/v2\/product_cat?post=109234"},{"taxonomy":"product_tag","embeddable":true,"href":"https:\/\/soydeaqui.ddns.net\/pachuca\/index.php\/wp-json\/wp\/v2\/product_tag?post=109234"}],"curies":[{"name":"wp","href":"https:\/\/api.w.org\/{rel}","templated":true}]}}