{"id":109139,"date":"2026-03-20T18:40:42","date_gmt":"2026-03-20T18:40:42","guid":{"rendered":"https:\/\/soydeaqui.ddns.net\/pachuca\/index.php\/producto\/switch-poe-administrable-de-24-puertos-gigabit-4-puertos-sfp-soporta-hasta-410-w-con-opcion-de-controlador-para-serie-neutron-y-enturbo\/"},"modified":"2026-03-20T18:41:06","modified_gmt":"2026-03-20T18:41:06","slug":"switch-poe-administrable-de-24-puertos-gigabit-4-puertos-sfp-soporta-hasta-410-w-con-opcion-de-controlador-para-serie-neutron-y-enturbo","status":"publish","type":"product","link":"https:\/\/soydeaqui.ddns.net\/pachuca\/index.php\/producto\/switch-poe-administrable-de-24-puertos-gigabit-4-puertos-sfp-soporta-hasta-410-w-con-opcion-de-controlador-para-serie-neutron-y-enturbo\/","title":{"rendered":"Switch PoE Administrable  de 24 Puertos Gigabit, 4 Puertos SFP, Soporta Hasta 410 W con Opci\u00f3n de Controlador para Serie Neutron y Enturbo."},"content":{"rendered":"<div style='width: 100%; max-width: 1200px; margin: 0 auto; font-family: sans-serif; line-height: 1.6; color: inherit; background-color: transparent;'> <!-- Contenido principal --> <\/p>\n<div style='margin-bottom: 30px;'>\n<p style='font-size: 18px; margin-bottom: 15px;'> El switch PoE y controlador <strong style='font-family: Arial&comma; Helvetica&comma; sans-serif; font-size: 18px; color: inherit;'>EWS1200-28TFP<\/strong> cuenta con opciones simplificadas de configuraci\u00f3n&comma; supervisi\u00f3n y gesti\u00f3n de la red con una interfaz web amigable y f\u00e1cil de utilizar. Con el modo de controlador puede administrar localmente hasta 50 puntos de acceso Serie (Neutron y Enturbo)&comma; tambi\u00e9n puede administrar de manera remota las redes en conjunto con la plataforma <strong style='font-family: Arial&comma; Helvetica&comma; sans-serif; font-size: 18px; color: inherit;'>ezMaster.<\/strong> <\/p>\n<\/p><\/div>\n<p> <!-- Caracter\u00edsticas --> <\/p>\n<div style='margin-bottom: 30px;'>\n<h3 style='font-size: 22px; border-bottom: 2px solid currentColor; padding-bottom: 5px; margin-top: 0; color: inherit; opacity: 0.8;'>Caracter\u00edsticas<\/h3>\n<ul style='padding-left: 20px; font-size: 15px; color: inherit;'>\n<li style='margin-bottom: 5px;'><span style='font-family: Arial&comma; Helvetica&comma; sans-serif; font-size: 18px; color: inherit;'>Cuenta con 24 puertos Gigabit IEEE 802.3 at\/af.<\/span><\/li>\n<li style='margin-bottom: 5px;'><span style='font-family: Arial&comma; Helvetica&comma; sans-serif; font-size: 18px; color: inherit;'>Switch Capa 2.<\/span><\/li>\n<li style='margin-bottom: 5px;'><span style='font-family: Arial&comma; Helvetica&comma; sans-serif; font-size: 18px; color: inherit;'>Cuenta con 4 puertos SFP.<\/span><\/li>\n<li style='margin-bottom: 5px;'><span style='font-family: Arial&comma; Helvetica&comma; sans-serif; font-size: 18px; color: inherit;'>Capacidad del switch de 56 Gbps.<\/span><\/li>\n<li style='margin-bottom: 5px;'><span style='font-family: Arial&comma; Helvetica&comma; sans-serif; font-size: 18px; color: inherit;'>Soporta hasta 410 W.<\/span><\/li>\n<li style='margin-bottom: 5px;'><span style='font-family: Arial&comma; Helvetica&comma; sans-serif; font-size: 18px; color: inherit;'>Soluci\u00f3n de problemas de red&comma; monitoreo y alertas por medio de correo electr\u00f3nico.<\/span><\/li>\n<li style='margin-bottom: 5px;'><span style='font-family: Arial&comma; Helvetica&comma; sans-serif; font-size: 18px; color: inherit;'>Hasta 30 W por puerto.<\/span><\/li>\n<li style='margin-bottom: 5px;'><span style='font-family: Arial&comma; Helvetica&comma; sans-serif; font-size: 18px; color: inherit;'>Fuente de alimentaci\u00f3n: 100 ~ 240 VAC&comma; 50-60 Hz&comma; 6.5A.<\/span><\/li>\n<li style='margin-bottom: 5px;'><span style='font-family: Arial&comma; Helvetica&comma; sans-serif; font-size: 18px; color: inherit;'><strong>1 A\u00f1o de garant\u00eda.<\/strong><\/span><\/li>\n<\/ul><\/div>\n<p> <!-- Im\u00e1genes --> <\/p>\n<div style='margin-bottom: 30px;'> <img style='width: 100%; height: auto; border: 1px solid rgba(150&comma;150&comma;150&comma;0.3); border-radius: 8px; margin-bottom: 15px;' src='https:\/\/ftp3.syscom.mx\/usuarios\/alevario\/ENGENIUS\/xezmaster_screens.jpg.pagespeed.ic.aR4jyqI9bR%20%282%29.webp' alt=''> <img style='width: 100%; height: auto; border: 1px solid rgba(150&comma;150&comma;150&comma;0.3); border-radius: 8px;' src='https:\/\/ftp3.syscom.mx\/usuarios\/alevario\/ENGENIUS\/descarga.jpg' alt=''> <\/div>\n<p> <!-- Secci\u00f3n ezMaster --> <\/p>\n<div style='margin-bottom: 30px;'>\n<h3 style='font-size: 22px; border-bottom: 2px solid currentColor; padding-bottom: 5px; margin-top: 0; color: inherit; opacity: 0.8;'>Monitoreo y Administraci\u00f3n Remota con ezMaster<\/h3>\n<p style='font-size: 18px; color: inherit;'> El software ezMaster de EnGenius permite configurar y mantener f\u00e1cilmente m\u00faltiples sitios&comma; ahorrando tiempo&comma; minimizando las visitas a sitio y reduciendo costos de operaci\u00f3n&comma; <strong style='color: inherit;'>todo esto sin pagar licencias o suscripciones.<\/strong> <\/p>\n<\/p><\/div>\n<p> <!-- Secci\u00f3n Flexibilidad --> <\/p>\n<div style='margin-bottom: 30px;'>\n<h3 style='font-size: 22px; border-bottom: 2px solid currentColor; padding-bottom: 5px; margin-top: 0; color: inherit; opacity: 0.8; display: flex; align-items: center;'> <img style='width: 100%; max-width: 150px; height: auto; border: 1px solid rgba(150&comma;150&comma;150&comma;0.3); border-radius: 8px; margin-right: 15px;' src='https:\/\/ftp3.syscom.mx\/usuarios\/alevario\/ENGENIUS\/flexibility.gif' alt=''> <span style='color: #2969b0; font-family: Verdana&comma; Geneva&comma; sans-serif; color: inherit;'>Flexibilidad Ilimitada<\/span> <\/h3>\n<p style='font-size: 18px; color: inherit;'> Los puntos de acceso de EnGenius y el software de administraci\u00f3n ezMaster&comma; se combinan perfectamente para agregar flexibilidad y simplicidad a la administraci\u00f3n. <\/p>\n<\/p><\/div>\n<\/p><\/div>\n","protected":false},"excerpt":{"rendered":"<p>Switch PoE Administrable  de 24 Puertos Gigabit, 4 Puertos SFP, Soporta Hasta 410 W con Opci\u00f3n de Controlador para Serie Neutron y Enturbo.<\/p>\n","protected":false},"featured_media":109138,"comment_status":"open","ping_status":"closed","template":"","meta":[],"product_brand":[],"product_cat":[1986],"product_tag":[738,664,1987],"class_list":{"0":"post-109139","1":"product","2":"type-product","3":"status-publish","4":"has-post-thumbnail","6":"product_cat-switches-poe","7":"product_tag-engenius","8":"product_tag-networking","9":"product_tag-switches-poe","11":"first","12":"outofstock","13":"sale","14":"shipping-taxable","15":"purchasable","16":"product-type-simple"},"_links":{"self":[{"href":"https:\/\/soydeaqui.ddns.net\/pachuca\/index.php\/wp-json\/wp\/v2\/product\/109139","targetHints":{"allow":["GET"]}}],"collection":[{"href":"https:\/\/soydeaqui.ddns.net\/pachuca\/index.php\/wp-json\/wp\/v2\/product"}],"about":[{"href":"https:\/\/soydeaqui.ddns.net\/pachuca\/index.php\/wp-json\/wp\/v2\/types\/product"}],"replies":[{"embeddable":true,"href":"https:\/\/soydeaqui.ddns.net\/pachuca\/index.php\/wp-json\/wp\/v2\/comments?post=109139"}],"wp:featuredmedia":[{"embeddable":true,"href":"https:\/\/soydeaqui.ddns.net\/pachuca\/index.php\/wp-json\/wp\/v2\/media\/109138"}],"wp:attachment":[{"href":"https:\/\/soydeaqui.ddns.net\/pachuca\/index.php\/wp-json\/wp\/v2\/media?parent=109139"}],"wp:term":[{"taxonomy":"product_brand","embeddable":true,"href":"https:\/\/soydeaqui.ddns.net\/pachuca\/index.php\/wp-json\/wp\/v2\/product_brand?post=109139"},{"taxonomy":"product_cat","embeddable":true,"href":"https:\/\/soydeaqui.ddns.net\/pachuca\/index.php\/wp-json\/wp\/v2\/product_cat?post=109139"},{"taxonomy":"product_tag","embeddable":true,"href":"https:\/\/soydeaqui.ddns.net\/pachuca\/index.php\/wp-json\/wp\/v2\/product_tag?post=109139"}],"curies":[{"name":"wp","href":"https:\/\/api.w.org\/{rel}","templated":true}]}}