{"id":109082,"date":"2026-03-20T18:37:35","date_gmt":"2026-03-20T18:37:35","guid":{"rendered":"https:\/\/soydeaqui.ddns.net\/pachuca\/index.php\/producto\/pinzas-antiestaticas-inoxidable-con-pintura-antiestatica-en-mango-punta-de-angulo-agudo\/"},"modified":"2026-03-20T18:37:41","modified_gmt":"2026-03-20T18:37:41","slug":"pinzas-antiestaticas-inoxidable-con-pintura-antiestatica-en-mango-punta-de-angulo-agudo","status":"publish","type":"product","link":"https:\/\/soydeaqui.ddns.net\/pachuca\/index.php\/producto\/pinzas-antiestaticas-inoxidable-con-pintura-antiestatica-en-mango-punta-de-angulo-agudo\/","title":{"rendered":"Pinzas Antiest\u00e1ticas Inoxidable con Pintura Antiest\u00e1tica en Mango. Punta de \u00c1ngulo Agudo."},"content":{"rendered":"<div style='width: 100%; max-width: 1200px; margin: 0 auto; font-family: sans-serif; line-height: 1.6; color: inherit; background-color: transparent;'> <!-- Secci\u00f3n de caracter\u00edsticas con flex --> <\/p>\n<div style='display: flex; flex-wrap: wrap; gap: 30px; margin-bottom: 30px;'>\n<div style='flex: 1 1 300px; min-width: 280px;'>\n<h3 style='font-size: 22px; border-bottom: 2px solid currentColor; padding-bottom: 5px; margin-top: 0; color: inherit; opacity: 0.8;'>Caracter\u00edsticas destacadas<\/h3>\n<ul style='padding-left: 20px; font-size: 15px; color: inherit;'>\n<li style='margin-bottom: 5px;'>Ideales para ser utilizadas en laboratorios de electr\u00f3nica y aparatos electr\u00f3nicos.<\/li>\n<li style='margin-bottom: 5px;'>Se pueden usar en semi-conductores&comma; computadoras&comma; equipos magn\u00e9ticos&comma; etc.<\/li>\n<li style='margin-bottom: 5px;'>Ayudan a evitar accidentes en el trabajo o en reparaciones.<\/li>\n<li style='margin-bottom: 5px;'>Largo 12.1 cm.<\/li>\n<li style='margin-bottom: 5px;'>Peso 14 gr.<\/li>\n<li style='margin-bottom: 5px;'>Con punta de protecci\u00f3n para almacenaje y cuidado de las puntas.<\/li>\n<li style='margin-bottom: 5px;'>Fabricadas de acero inoxidables con un recubrimiento de pintura anti est\u00e1tica.<\/li>\n<\/ul><\/div>\n<\/p><\/div>\n<p> <!-- Secci\u00f3n de aplicaciones --> <\/p>\n<div style='display: flex; flex-wrap: wrap; gap: 30px; margin-bottom: 30px;'>\n<div style='flex: 1 1 300px; min-width: 280px;'>\n<h3 style='font-size: 22px; border-bottom: 2px solid currentColor; padding-bottom: 5px; margin-top: 0; color: inherit; opacity: 0.8;'>Aplicaciones<\/h3>\n<ul style='padding-left: 20px; font-size: 15px; color: inherit;'>\n<li style='margin-bottom: 5px;'>Trabajo con soldadoras\/desoldadora SMD por aire.<\/li>\n<li style='margin-bottom: 5px;'>Manejo de componentes sensibles a est\u00e1tica.<\/li>\n<\/ul><\/div>\n<\/p><\/div>\n<p> <!-- Separador --> <\/p>\n<hr style='border: 0; border-top: 1px solid rgba(150&comma; 150&comma; 150&comma; 0.3); margin: 30px 0;'> <\/div>\n","protected":false},"excerpt":{"rendered":"<p>Pinzas Antiest\u00e1ticas Inoxidable con Pintura Antiest\u00e1tica en Mango. Punta de \u00c1ngulo Agudo.<\/p>\n","protected":false},"featured_media":109081,"comment_status":"open","ping_status":"closed","template":"","meta":[],"product_brand":[],"product_cat":[930],"product_tag":[454,931,932],"class_list":{"0":"post-109082","1":"product","2":"type-product","3":"status-publish","4":"has-post-thumbnail","6":"product_cat-estacion-de-soldar-y-desoldadoras","7":"product_tag-epcom-powerline","8":"product_tag-equipo-de-laboratorio","9":"product_tag-estacion-de-soldar-y-desoldadoras","11":"first","12":"outofstock","13":"sale","14":"shipping-taxable","15":"purchasable","16":"product-type-simple"},"_links":{"self":[{"href":"https:\/\/soydeaqui.ddns.net\/pachuca\/index.php\/wp-json\/wp\/v2\/product\/109082","targetHints":{"allow":["GET"]}}],"collection":[{"href":"https:\/\/soydeaqui.ddns.net\/pachuca\/index.php\/wp-json\/wp\/v2\/product"}],"about":[{"href":"https:\/\/soydeaqui.ddns.net\/pachuca\/index.php\/wp-json\/wp\/v2\/types\/product"}],"replies":[{"embeddable":true,"href":"https:\/\/soydeaqui.ddns.net\/pachuca\/index.php\/wp-json\/wp\/v2\/comments?post=109082"}],"wp:featuredmedia":[{"embeddable":true,"href":"https:\/\/soydeaqui.ddns.net\/pachuca\/index.php\/wp-json\/wp\/v2\/media\/109081"}],"wp:attachment":[{"href":"https:\/\/soydeaqui.ddns.net\/pachuca\/index.php\/wp-json\/wp\/v2\/media?parent=109082"}],"wp:term":[{"taxonomy":"product_brand","embeddable":true,"href":"https:\/\/soydeaqui.ddns.net\/pachuca\/index.php\/wp-json\/wp\/v2\/product_brand?post=109082"},{"taxonomy":"product_cat","embeddable":true,"href":"https:\/\/soydeaqui.ddns.net\/pachuca\/index.php\/wp-json\/wp\/v2\/product_cat?post=109082"},{"taxonomy":"product_tag","embeddable":true,"href":"https:\/\/soydeaqui.ddns.net\/pachuca\/index.php\/wp-json\/wp\/v2\/product_tag?post=109082"}],"curies":[{"name":"wp","href":"https:\/\/api.w.org\/{rel}","templated":true}]}}