{"id":109000,"date":"2026-03-20T18:32:53","date_gmt":"2026-03-20T18:32:53","guid":{"rendered":"https:\/\/soydeaqui.ddns.net\/pachuca\/index.php\/producto\/kit-de-limpieza-incluye-4-productos-especializados-en-limpieza-de-pantallas-y-superficies-equipo-de-computo-y-electronicos\/"},"modified":"2026-03-20T18:33:04","modified_gmt":"2026-03-20T18:33:04","slug":"kit-de-limpieza-incluye-4-productos-especializados-en-limpieza-de-pantallas-y-superficies-equipo-de-computo-y-electronicos","status":"publish","type":"product","link":"https:\/\/soydeaqui.ddns.net\/pachuca\/index.php\/producto\/kit-de-limpieza-incluye-4-productos-especializados-en-limpieza-de-pantallas-y-superficies-equipo-de-computo-y-electronicos\/","title":{"rendered":"Kit de Limpieza, incluye 4 productos especializados en limpieza de pantallas y superficies, equipo de c\u00f3mputo y electr\u00f3nicos"},"content":{"rendered":"<div style='width: 100%; max-width: 1200px; margin: 0 auto; font-family: sans-serif; line-height: 1.6; color: inherit; background-color: transparent;'> <!-- Imagen principal --> <\/p>\n<div style='margin-bottom: 30px;'> <img style='width: 100%; height: auto; border: 1px solid rgba(150&comma;150&comma;150&comma;0.3); border-radius: 8px;' src='https:\/\/ftp3.syscom.mx\/usuarios\/fotos\/ONOFFCLEANERPACK\/160990-silimexup.jpg' alt=''> <\/div>\n<p> <!-- Descripci\u00f3n principal --> <\/p>\n<div style='margin-bottom: 30px; font-size: 15px;'>\n<p>Especializado en limpieza de superficies&comma; accesorios y pantallas de equipos electr\u00f3nicos y de c\u00f3mputo.<\/p>\n<\/p><\/div>\n<p> <!-- Secci\u00f3n de instrucciones --> <\/p>\n<div style='margin-bottom: 30px; font-size: 15px;'>\n<h3 style='font-size: 22px; border-bottom: 2px solid currentColor; padding-bottom: 5px; margin-top: 0; color: inherit; opacity: 0.8;'>Indicaciones de uso<\/h3>\n<p>Elimina el polvo de tus equipos con el Aire Comprimido On\/Off. Roc\u00eda y aplica el Limpiador de Equipos Electr\u00f3nicos On\/Off en la Microfibra y limpia el exterior de tus aparatos electr\u00f3nicos (no pantallas). Roc\u00eda y aplica el Limpiador de Pantallas On\/Off en la otra Microfibra y limpia cualquier tipo de pantallas.<\/p>\n<\/p><\/div>\n<p> <!-- Secci\u00f3n de precauciones --> <\/p>\n<div style='margin-bottom: 30px; font-size: 15px;'>\n<h3 style='font-size: 22px; border-bottom: 2px solid currentColor; padding-bottom: 5px; margin-top: 0; color: inherit; opacity: 0.8;'>Precauciones<\/h3>\n<p>No debe perforar o incinerar el envase&comma; ni dejarlo dentro del autom\u00f3vil&comma; por el aumento de presi\u00f3n que provocan las altas temperaturas. No lo deje al alcance de los ni\u00f1os.<\/p>\n<\/p><\/div>\n<p> <!-- Secci\u00f3n de presentaci\u00f3n --> <\/p>\n<div style='margin-bottom: 30px; font-size: 15px;'>\n<h3 style='font-size: 22px; border-bottom: 2px solid currentColor; padding-bottom: 5px; margin-top: 0; color: inherit; opacity: 0.8;'>Presentaci\u00f3n<\/h3>\n<p>Empaque con 4 productos ON\/OFF:<\/p>\n<ul style='padding-left: 20px; margin: 15px 0;'>\n<li>Loci\u00f3n limpiadora de superficies de 250 ml.<\/li>\n<li>Limpiador de pantallas de 250 ml.<\/li>\n<li>2 Microfibras de 30&#215;30 cm.<\/li>\n<li>Removedor de polvo de 660 ml.<\/li>\n<\/ul>\n<p>Contenido por caja: 5 pzs.<\/p>\n<\/p><\/div>\n<p> <!-- Imagen secundaria --> <\/p>\n<div style='margin-bottom: 30px;'> <img style='width: 100%; height: auto; border: 1px solid rgba(150&comma;150&comma;150&comma;0.3); border-radius: 8px;' src='https:\/\/ftp3.syscom.mx\/usuarios\/fotos\/ONOFFCLEANERPACK\/160990-linkdn.png' alt=''> <\/div>\n<p> <!-- Separador final --> <\/p>\n<hr style='border: 0; border-top: 1px solid rgba(150&comma; 150&comma; 150&comma; 0.3); margin: 30px 0;'> <\/div>\n","protected":false},"excerpt":{"rendered":"<p>Kit de Limpieza, incluye 4 productos especializados en limpieza de pantallas y superficies, equipo de c\u00f3mputo y electr\u00f3nicos<\/p>\n","protected":false},"featured_media":108999,"comment_status":"open","ping_status":"closed","template":"","meta":[],"product_brand":[],"product_cat":[434],"product_tag":[26,25,607],"class_list":{"0":"post-109000","1":"product","2":"type-product","3":"status-publish","4":"has-post-thumbnail","6":"product_cat-accesorios-de-instalacion-herramientas-automatizacion-e-intrusion","7":"product_tag-accesorios-de-instalacion","8":"product_tag-herramientas","9":"product_tag-silimex","11":"first","12":"instock","13":"sale","14":"shipping-taxable","15":"purchasable","16":"product-type-simple"},"_links":{"self":[{"href":"https:\/\/soydeaqui.ddns.net\/pachuca\/index.php\/wp-json\/wp\/v2\/product\/109000","targetHints":{"allow":["GET"]}}],"collection":[{"href":"https:\/\/soydeaqui.ddns.net\/pachuca\/index.php\/wp-json\/wp\/v2\/product"}],"about":[{"href":"https:\/\/soydeaqui.ddns.net\/pachuca\/index.php\/wp-json\/wp\/v2\/types\/product"}],"replies":[{"embeddable":true,"href":"https:\/\/soydeaqui.ddns.net\/pachuca\/index.php\/wp-json\/wp\/v2\/comments?post=109000"}],"wp:featuredmedia":[{"embeddable":true,"href":"https:\/\/soydeaqui.ddns.net\/pachuca\/index.php\/wp-json\/wp\/v2\/media\/108999"}],"wp:attachment":[{"href":"https:\/\/soydeaqui.ddns.net\/pachuca\/index.php\/wp-json\/wp\/v2\/media?parent=109000"}],"wp:term":[{"taxonomy":"product_brand","embeddable":true,"href":"https:\/\/soydeaqui.ddns.net\/pachuca\/index.php\/wp-json\/wp\/v2\/product_brand?post=109000"},{"taxonomy":"product_cat","embeddable":true,"href":"https:\/\/soydeaqui.ddns.net\/pachuca\/index.php\/wp-json\/wp\/v2\/product_cat?post=109000"},{"taxonomy":"product_tag","embeddable":true,"href":"https:\/\/soydeaqui.ddns.net\/pachuca\/index.php\/wp-json\/wp\/v2\/product_tag?post=109000"}],"curies":[{"name":"wp","href":"https:\/\/api.w.org\/{rel}","templated":true}]}}