{"id":108805,"date":"2026-03-20T18:22:08","date_gmt":"2026-03-20T18:22:08","guid":{"rendered":"https:\/\/soydeaqui.ddns.net\/pachuca\/index.php\/producto\/extension-electrica-domestica-de-6-metros-127-v-ca-8-a-maximo-color-blanco\/"},"modified":"2026-03-20T18:22:10","modified_gmt":"2026-03-20T18:22:10","slug":"extension-electrica-domestica-de-6-metros-127-v-ca-8-a-maximo-color-blanco","status":"publish","type":"product","link":"https:\/\/soydeaqui.ddns.net\/pachuca\/index.php\/producto\/extension-electrica-domestica-de-6-metros-127-v-ca-8-a-maximo-color-blanco\/","title":{"rendered":"Extensi\u00f3n El\u00e9ctrica Dom\u00e9stica de 6 metros \/ 127 V CA 8 A M\u00e1ximo \/ Color Blanco."},"content":{"rendered":"<div style='width: 100%; max-width: 1200px; margin: 0 auto; font-family: sans-serif; line-height: 1.6; color: inherit; background-color: transparent;'> <!-- Secci\u00f3n de caracter\u00edsticas --> <\/p>\n<div style='display: flex; flex-wrap: wrap; gap: 30px; margin-bottom: 30px;'>\n<div style='flex: 1 1 300px; min-width: 280px;'>\n<h3 style='font-size: 22px; border-bottom: 2px solid currentColor; padding-bottom: 5px; margin-top: 0; color: inherit; opacity: 0.8;'>Caracter\u00edsticas Principales<\/h3>\n<ul style='padding-left: 20px; font-size: 15px; color: inherit;'>\n<li style='margin-bottom: 5px;'>Cuenta con Terminal inyectada de gran duraci\u00f3n<\/li>\n<li style='margin-bottom: 5px;'>Cubierta de seguridad para recept\u00e1culos<\/li>\n<li style='margin-bottom: 5px;'>Dimensi\u00f3n del recept\u00e1culo: 9 x 2.4 x 1.6 cm (ancho x largo x alto)<\/li>\n<li style='margin-bottom: 5px;'>Longitud de cable: 6 metros<\/li>\n<li style='margin-bottom: 5px;'>Material conductor CCA<\/li>\n<li style='margin-bottom: 5px;'>Cumple con norma NOM 003-SCFI-2014<\/li>\n<\/ul><\/div>\n<div style='flex: 1 1 300px; min-width: 280px;'>\n<h3 style='font-size: 22px; border-bottom: 2px solid currentColor; padding-bottom: 5px; margin-top: 0; color: inherit; opacity: 0.8;'>Datos El\u00e9ctricos<\/h3>\n<ul style='padding-left: 20px; font-size: 15px; color: inherit;'>\n<li style='margin-bottom: 5px;'>Calibre de Hilos: 16 AWG<\/li>\n<li style='margin-bottom: 5px;'>Corriente m\u00e1xima: 8 A<\/li>\n<li style='margin-bottom: 5px;'>Voltaje de operaci\u00f3n: 127 Vca<\/li>\n<li style='margin-bottom: 5px;'>Frecuencia: 60 Hz<\/li>\n<li style='margin-bottom: 5px;'>Clavija con 2 patas: L\u00ednea &#8211; Neutro (NEMA 1-15P)<\/li>\n<\/ul><\/div>\n<\/p><\/div>\n<p> <!-- Separador --> <\/p>\n<hr style='border: 0; border-top: 1px solid rgba(150&comma; 150&comma; 150&comma; 0.3); margin: 30px 0;'> <\/div>\n","protected":false},"excerpt":{"rendered":"<p>Extensi\u00f3n El\u00e9ctrica Dom\u00e9stica de 6 metros \/ 127 V CA 8 A M\u00e1ximo \/ Color Blanco.<\/p>\n","protected":false},"featured_media":108804,"comment_status":"open","ping_status":"closed","template":"","meta":[],"product_brand":[],"product_cat":[24],"product_tag":[26,25,446],"class_list":{"0":"post-108805","1":"product","2":"type-product","3":"status-publish","4":"has-post-thumbnail","6":"product_cat-accesorios-de-instalacion","7":"product_tag-accesorios-de-instalacion","8":"product_tag-herramientas","9":"product_tag-surtek","11":"first","12":"outofstock","13":"sale","14":"shipping-taxable","15":"purchasable","16":"product-type-simple"},"_links":{"self":[{"href":"https:\/\/soydeaqui.ddns.net\/pachuca\/index.php\/wp-json\/wp\/v2\/product\/108805","targetHints":{"allow":["GET"]}}],"collection":[{"href":"https:\/\/soydeaqui.ddns.net\/pachuca\/index.php\/wp-json\/wp\/v2\/product"}],"about":[{"href":"https:\/\/soydeaqui.ddns.net\/pachuca\/index.php\/wp-json\/wp\/v2\/types\/product"}],"replies":[{"embeddable":true,"href":"https:\/\/soydeaqui.ddns.net\/pachuca\/index.php\/wp-json\/wp\/v2\/comments?post=108805"}],"wp:featuredmedia":[{"embeddable":true,"href":"https:\/\/soydeaqui.ddns.net\/pachuca\/index.php\/wp-json\/wp\/v2\/media\/108804"}],"wp:attachment":[{"href":"https:\/\/soydeaqui.ddns.net\/pachuca\/index.php\/wp-json\/wp\/v2\/media?parent=108805"}],"wp:term":[{"taxonomy":"product_brand","embeddable":true,"href":"https:\/\/soydeaqui.ddns.net\/pachuca\/index.php\/wp-json\/wp\/v2\/product_brand?post=108805"},{"taxonomy":"product_cat","embeddable":true,"href":"https:\/\/soydeaqui.ddns.net\/pachuca\/index.php\/wp-json\/wp\/v2\/product_cat?post=108805"},{"taxonomy":"product_tag","embeddable":true,"href":"https:\/\/soydeaqui.ddns.net\/pachuca\/index.php\/wp-json\/wp\/v2\/product_tag?post=108805"}],"curies":[{"name":"wp","href":"https:\/\/api.w.org\/{rel}","templated":true}]}}