{"id":108780,"date":"2026-03-20T18:20:52","date_gmt":"2026-03-20T18:20:52","guid":{"rendered":"https:\/\/soydeaqui.ddns.net\/pachuca\/index.php\/producto\/bobina-de-cable-coaxial-rg59-de-150-m-con-95-de-cobre-y-2-conductores-calibre-18-para-alimentacion-para-aplicaciones-de-cctv-color-blanco\/"},"modified":"2026-03-20T18:20:54","modified_gmt":"2026-03-20T18:20:54","slug":"bobina-de-cable-coaxial-rg59-de-150-m-con-95-de-cobre-y-2-conductores-calibre-18-para-alimentacion-para-aplicaciones-de-cctv-color-blanco","status":"publish","type":"product","link":"https:\/\/soydeaqui.ddns.net\/pachuca\/index.php\/producto\/bobina-de-cable-coaxial-rg59-de-150-m-con-95-de-cobre-y-2-conductores-calibre-18-para-alimentacion-para-aplicaciones-de-cctv-color-blanco\/","title":{"rendered":"Bobina de cable coaxial RG59 de 150 m con 95% de cobre y 2 conductores calibre 18 para alimentaci\u00f3n, para Aplicaciones de CCTV Color Blanco"},"content":{"rendered":"<div style='width: 100%; max-width: 1200px; margin: 0 auto; font-family: sans-serif; line-height: 1.6; color: inherit; background-color: transparent;'>\n<div style='display: flex; flex-wrap: wrap; gap: 30px; margin-bottom: 30px;'>\n<div style='flex: 1 1 300px; min-width: 280px;'>\n<h3 style='font-size: 22px; border-bottom: 2px solid currentColor; padding-bottom: 5px; margin-top: 0; color: inherit; opacity: 0.8;'>DESCRIPCI\u00d3N<\/h3>\n<p style='font-size: 15px; color: inherit; margin-bottom: 15px;'><strong>Cable Coaxial Siames con un par de conductores de CCA adicionales en calibre 20 AWG.<\/strong><\/p>\n<p style='font-size: 15px; color: inherit; margin-bottom: 15px;'>Conductor de cobre solido&comma; aislamiento de polietileno espumado&comma; blindaje electromagn\u00e9tico (Malla de CCA al 90% de cobertura)&comma; cubierta de PVC (Policloruro de Vinilo) con propiedades Retardantes a la Flama y Resistente a los Rayos UV. Cable Siames Coaxial con un par de conductores de CCA adicionales en calibre 20 AWG.<\/p>\n<\/p><\/div>\n<\/p><\/div>\n<div style='display: flex; flex-wrap: wrap; gap: 30px; margin-bottom: 30px;'>\n<div style='flex: 1 1 300px; min-width: 280px;'>\n<h3 style='font-size: 22px; border-bottom: 2px solid currentColor; padding-bottom: 5px; margin-top: 0; color: inherit; opacity: 0.8;'>APLICACI\u00d3N<\/h3>\n<p style='font-size: 15px; color: inherit; margin-bottom: 15px;'>Estos cables est\u00e1n dise\u00f1ados para conectar y controlar los sistemas de video vigilancia&comma; tales como: C\u00e1maras An\u00e1logas y DVR<\/p>\n<\/p><\/div>\n<\/p><\/div>\n<div style='display: flex; flex-wrap: wrap; gap: 20px; margin-bottom: 30px;'>\n<div style='flex: 1 1 250px; border: 1px solid rgba(150&comma; 150&comma; 150&comma; 0.4); border-radius: 8px; overflow: hidden; display: flex; flex-direction: column;'>\n<div style='padding: 15px; border-bottom: 1px solid rgba(150&comma; 150&comma; 150&comma; 0.2); font-weight: bold; font-size: 18px; color: inherit;'>INFORMACI\u00d3N DE PRODUCTO<\/div>\n<div style='padding: 15px; color: inherit;'>\n<ul style='padding-left: 20px; margin: 0; font-size: 14px; list-style-type: disc;'>\n<li style='margin-bottom: 5px;'><strong>Numero de conductores:<\/strong> 1<\/li>\n<li style='margin-bottom: 5px;'><strong>Material:<\/strong> CCA<\/li>\n<li style='margin-bottom: 5px;'><strong>Blindaje:<\/strong> malla de aluminio al 90 %<\/li>\n<li style='margin-bottom: 5px;'><strong>Diametro externo:<\/strong> 0.44 cm<\/li>\n<li style='margin-bottom: 5px;'><strong>Impedancia:<\/strong> 62 ohms<\/li>\n<li style='margin-bottom: 5px;'><strong>SIAMES:<\/strong> 2 Conductores&comma; 20 AWG<\/li>\n<li style='margin-bottom: 5px;'><strong>Color:<\/strong> Blanco<\/li>\n<\/ul><\/div>\n<\/p><\/div>\n<\/p><\/div>\n<div style='display: flex; flex-wrap: wrap; gap: 20px; margin-bottom: 30px;'>\n<div style='flex: 1 1 250px; border: 1px solid rgba(150&comma; 150&comma; 150&comma; 0.4); border-radius: 8px; overflow: hidden; display: flex; flex-direction: column;'>\n<div style='padding: 15px; border-bottom: 1px solid rgba(150&comma; 150&comma; 150&comma; 0.2); font-weight: bold; font-size: 18px; color: inherit;'>CERTIFICACIONES<\/div>\n<div style='padding: 15px; color: inherit;'>\n<ul style='padding-left: 20px; margin: 0; font-size: 14px; list-style-type: disc;'>\n<li style='margin-bottom: 5px;'>UL 444<\/li>\n<li style='margin-bottom: 5px;'>NEC Articulo 725<\/li>\n<li style='margin-bottom: 5px;'>NMX-I-248-NYCE<\/li>\n<\/ul><\/div>\n<\/p><\/div>\n<\/p><\/div>\n<div style='display: flex; flex-wrap: wrap; gap: 30px; margin-bottom: 30px;'>\n<div style='flex: 1 1 300px; min-width: 280px;'>\n<p style='font-size: 15px; color: inherit; margin-bottom: 15px;'><strong>* Precio por carrete de 152 mts.<\/strong><\/p>\n<\/p><\/div>\n<\/p><\/div>\n<hr style='border: 0; border-top: 1px solid rgba(150&comma; 150&comma; 150&comma; 0.3); margin: 30px 0;'> <\/div>\n","protected":false},"excerpt":{"rendered":"<p>Bobina de cable coaxial RG59 de 150 m con 95% de cobre y 2 conductores calibre 18 para alimentaci\u00f3n, para Aplicaciones de CCTV Color Blanco<\/p>\n","protected":false},"featured_media":108779,"comment_status":"open","ping_status":"closed","template":"","meta":[],"product_brand":[],"product_cat":[2277],"product_tag":[2278,488,454],"class_list":{"0":"post-108780","1":"product","2":"type-product","3":"status-publish","4":"has-post-thumbnail","6":"product_cat-cables-armados-coaxial","7":"product_tag-cables-armados-coaxial","8":"product_tag-cables-y-conectores","9":"product_tag-epcom-powerline","11":"first","12":"outofstock","13":"sale","14":"shipping-taxable","15":"purchasable","16":"product-type-simple"},"_links":{"self":[{"href":"https:\/\/soydeaqui.ddns.net\/pachuca\/index.php\/wp-json\/wp\/v2\/product\/108780","targetHints":{"allow":["GET"]}}],"collection":[{"href":"https:\/\/soydeaqui.ddns.net\/pachuca\/index.php\/wp-json\/wp\/v2\/product"}],"about":[{"href":"https:\/\/soydeaqui.ddns.net\/pachuca\/index.php\/wp-json\/wp\/v2\/types\/product"}],"replies":[{"embeddable":true,"href":"https:\/\/soydeaqui.ddns.net\/pachuca\/index.php\/wp-json\/wp\/v2\/comments?post=108780"}],"wp:featuredmedia":[{"embeddable":true,"href":"https:\/\/soydeaqui.ddns.net\/pachuca\/index.php\/wp-json\/wp\/v2\/media\/108779"}],"wp:attachment":[{"href":"https:\/\/soydeaqui.ddns.net\/pachuca\/index.php\/wp-json\/wp\/v2\/media?parent=108780"}],"wp:term":[{"taxonomy":"product_brand","embeddable":true,"href":"https:\/\/soydeaqui.ddns.net\/pachuca\/index.php\/wp-json\/wp\/v2\/product_brand?post=108780"},{"taxonomy":"product_cat","embeddable":true,"href":"https:\/\/soydeaqui.ddns.net\/pachuca\/index.php\/wp-json\/wp\/v2\/product_cat?post=108780"},{"taxonomy":"product_tag","embeddable":true,"href":"https:\/\/soydeaqui.ddns.net\/pachuca\/index.php\/wp-json\/wp\/v2\/product_tag?post=108780"}],"curies":[{"name":"wp","href":"https:\/\/api.w.org\/{rel}","templated":true}]}}