{"id":108768,"date":"2026-03-20T18:20:14","date_gmt":"2026-03-20T18:20:14","guid":{"rendered":"https:\/\/soydeaqui.ddns.net\/pachuca\/index.php\/producto\/bobina-de-cable-ftp-con-mensajero-de-acero-de-305-metros-1000-pies-cat6-calibre-23-color-negro-para-aplicaciones-en-video-vigilancia-y-redes-de-datos-uso-en-intemperie-y-aplicaciones-areas\/"},"modified":"2026-03-20T18:20:23","modified_gmt":"2026-03-20T18:20:23","slug":"bobina-de-cable-ftp-con-mensajero-de-acero-de-305-metros-1000-pies-cat6-calibre-23-color-negro-para-aplicaciones-en-video-vigilancia-y-redes-de-datos-uso-en-intemperie-y-aplicaciones-areas","status":"publish","type":"product","link":"https:\/\/soydeaqui.ddns.net\/pachuca\/index.php\/producto\/bobina-de-cable-ftp-con-mensajero-de-acero-de-305-metros-1000-pies-cat6-calibre-23-color-negro-para-aplicaciones-en-video-vigilancia-y-redes-de-datos-uso-en-intemperie-y-aplicaciones-areas\/","title":{"rendered":"Bobina de Cable FTP con Mensajero de Acero de 305 Metros (1000 Pies) Cat6+ Calibre 23, Color Negro, para Aplicaciones en Video Vigilancia y Redes de Datos \/ Uso en Intemperie y Aplicaciones A?reas"},"content":{"rendered":"<div style='width: 100%; max-width: 1200px; margin: 0 auto; font-family: sans-serif; line-height: 1.6; color: inherit; background-color: transparent;'>\n<p style='text-align: justify; font-size: 15px; color: inherit; margin: 0 0 20px;'> <strong style='color: inherit; opacity: 0.8;'>La soluci\u00f3n perfecta para corridas de cable que requieren estar expuestas a la intemperie. Transferencia Full Gigabit sobre condiciones extremas&comma; dise\u00f1ado por integradores profesionales de seguridad.<\/strong> <\/p>\n<div style='display: flex; justify-content: center; margin: 20px 0;'> <img style='width: 100%; max-width: 535px; height: auto; border: 1px solid rgba(150&comma;150&comma;150&comma;0.3); border-radius: 8px;' src='https:\/\/ftp3.syscom.mx\/usuarios\/jmolinar\/JonathanMolinar\/Camaras\/Ocultas\/LINKEDPROUL.jpg' alt='Logo de marca'> <\/div>\n<div style='display: flex; flex-wrap: wrap; gap: 30px; margin-bottom: 30px;'>\n<div style='flex: 1 1 300px; min-width: 280px;'>\n<h3 style='font-size: 22px; border-bottom: 2px solid currentColor; padding-bottom: 5px; margin-top: 0; color: inherit; opacity: 0.8;'>Caracter\u00edsticas principales<\/h3>\n<ul style='padding-left: 20px; font-size: 15px; color: inherit;'>\n<li style='margin-bottom: 5px;'>Instalaciones Gigabit de voz\/datos.<\/li>\n<li style='margin-bottom: 5px;'>Instalaciones aereas.<\/li>\n<li style='margin-bottom: 5px;'>Cable tensor incorporado.<\/li>\n<li style='margin-bottom: 5px;'>Env\u00edo de PoE en largas distancias.<\/li>\n<li style='margin-bottom: 5px;'>Conductores de puro cobre.<\/li>\n<li style='margin-bottom: 5px;'>Para instalaciones en exterior (CMX) y protecci\u00f3n UV.<\/li>\n<li style='margin-bottom: 5px;'>Dise\u00f1ado para: Aplicaciones de datos de alta velocidad&comma; Fast Ethernet.<\/li>\n<li style='margin-bottom: 5px;'>Span 100 metros<\/li>\n<\/ul><\/div>\n<div style='flex: 1 1 300px; min-width: 280px;'>\n<h3 style='font-size: 22px; border-bottom: 2px solid currentColor; padding-bottom: 5px; margin-top: 0; color: inherit; opacity: 0.8;'>Caracter\u00edsticas F\u00edsicas y El\u00e9ctricas<\/h3>\n<ul style='padding-left: 20px; font-size: 15px; color: inherit;'>\n<li style='margin-bottom: 5px;'>Cable tierra BC.<\/li>\n<li style='margin-bottom: 5px;'>Aislamiento PVC.<\/li>\n<li style='margin-bottom: 5px;'>Conductor: 100% Cobre<\/li>\n<li style='margin-bottom: 5px;'>Color Exterior: Negro.<\/li>\n<li style='margin-bottom: 5px;'>Construcci\u00f3n: FTP.<\/li>\n<li style='margin-bottom: 5px;'>Conductor: Cobre solido 23 AWG.<\/li>\n<li style='margin-bottom: 5px;'>Mensajero (Viajero): 1.2 mm de di\u00e1metro<\/li>\n<li style='margin-bottom: 5px;'>Di\u00e1metro: 7.4 \u00b1 0.1 mm.<\/li>\n<li style='margin-bottom: 5px;'>Aplicaci\u00f3n : Intemperie.<\/li>\n<\/ul><\/div>\n<div style='flex: 1 1 300px; min-width: 280px;'>\n<h3 style='font-size: 22px; border-bottom: 2px solid currentColor; padding-bottom: 5px; margin-top: 0; color: inherit; opacity: 0.8;'>Est\u00e1ndares y Certificaciones<\/h3>\n<ul style='padding-left: 20px; font-size: 15px; color: inherit;'>\n<li style='margin-bottom: 5px;'>UL (E488955)<\/li>\n<li style='margin-bottom: 5px;'>ANSI EIA\/TIA 568 C.2<\/li>\n<li style='margin-bottom: 5px;'>ISO\/IEC 11801 2nd Edition<\/li>\n<li style='margin-bottom: 5px;'>EN 50173; EN 50288-3-1<\/li>\n<li style='margin-bottom: 5px;'>Cumple con las Pruebas de Rendimiento para Enlace Permanente a 90 metros<\/li>\n<\/ul><\/div>\n<\/p><\/div>\n<div style='margin: 30px 0;'>\n<p style='font-size: 15px; color: inherit; margin: 0 0 10px;'> <strong style='color: inherit; opacity: 0.8;'>Compatible con remate preformado modelo:<\/strong> <\/p>\n<p style='margin: 0 0 20px;'> <a href='https:\/\/www.syscom.mx\/producto\/DE-2525-PLP-210017.html' style='color: #1a0dab; text-decoration: underline;' target='_blank' rel='noopener noreferrer'>DE-2525<\/a> <\/p>\n<p style='font-size: 15px; color: inherit; margin: 0 0 20px;'> <strong style='color: inherit; opacity: 0.8;'>*Precio por carrete de 305 mts.<\/strong> <\/p>\n<\/p><\/div>\n<div style='margin: 30px 0;'>\n<div style='position: relative; padding-bottom: 56.25%; height: 0; overflow: hidden; margin-bottom: 30px;'>   <\/div>\n<div style='position: relative; padding-bottom: 56.25%; height: 0; overflow: hidden; margin-bottom: 30px;'>   <\/div>\n<\/p><\/div>\n<\/p><\/div>\n","protected":false},"excerpt":{"rendered":"<p>Bobina de Cable FTP con Mensajero de Acero de 305 Metros (1000 Pies) Cat6+ Calibre 23, Color Negro, para Aplicaciones en Video Vigilancia y Redes de Datos \/ Uso en Intemperie y Aplicaciones A?reas<\/p>\n","protected":false},"featured_media":108767,"comment_status":"open","ping_status":"closed","template":"","meta":[],"product_brand":[],"product_cat":[576],"product_tag":[488,577,435],"class_list":{"0":"post-108768","1":"product","2":"type-product","3":"status-publish","4":"has-post-thumbnail","6":"product_cat-categoria-6","7":"product_tag-cables-y-conectores","8":"product_tag-categoria-6","9":"product_tag-linkedpro-by-epcom","11":"first","12":"instock","13":"sale","14":"shipping-taxable","15":"purchasable","16":"product-type-simple"},"_links":{"self":[{"href":"https:\/\/soydeaqui.ddns.net\/pachuca\/index.php\/wp-json\/wp\/v2\/product\/108768","targetHints":{"allow":["GET"]}}],"collection":[{"href":"https:\/\/soydeaqui.ddns.net\/pachuca\/index.php\/wp-json\/wp\/v2\/product"}],"about":[{"href":"https:\/\/soydeaqui.ddns.net\/pachuca\/index.php\/wp-json\/wp\/v2\/types\/product"}],"replies":[{"embeddable":true,"href":"https:\/\/soydeaqui.ddns.net\/pachuca\/index.php\/wp-json\/wp\/v2\/comments?post=108768"}],"wp:featuredmedia":[{"embeddable":true,"href":"https:\/\/soydeaqui.ddns.net\/pachuca\/index.php\/wp-json\/wp\/v2\/media\/108767"}],"wp:attachment":[{"href":"https:\/\/soydeaqui.ddns.net\/pachuca\/index.php\/wp-json\/wp\/v2\/media?parent=108768"}],"wp:term":[{"taxonomy":"product_brand","embeddable":true,"href":"https:\/\/soydeaqui.ddns.net\/pachuca\/index.php\/wp-json\/wp\/v2\/product_brand?post=108768"},{"taxonomy":"product_cat","embeddable":true,"href":"https:\/\/soydeaqui.ddns.net\/pachuca\/index.php\/wp-json\/wp\/v2\/product_cat?post=108768"},{"taxonomy":"product_tag","embeddable":true,"href":"https:\/\/soydeaqui.ddns.net\/pachuca\/index.php\/wp-json\/wp\/v2\/product_tag?post=108768"}],"curies":[{"name":"wp","href":"https:\/\/api.w.org\/{rel}","templated":true}]}}