{"id":108597,"date":"2026-03-20T18:10:40","date_gmt":"2026-03-20T18:10:40","guid":{"rendered":"https:\/\/soydeaqui.ddns.net\/pachuca\/index.php\/producto\/nvr-8-mp-4k-16-canales-ip-16-puertos-poe-h-265-16-tb-incluidos-ndaa-onvif-audio-y-alarmas-i-o-soporta-ia-serie-35-honeywell-security\/"},"modified":"2026-03-20T18:10:42","modified_gmt":"2026-03-20T18:10:42","slug":"nvr-8-mp-4k-16-canales-ip-16-puertos-poe-h-265-16-tb-incluidos-ndaa-onvif-audio-y-alarmas-i-o-soporta-ia-serie-35-honeywell-security","status":"publish","type":"product","link":"https:\/\/soydeaqui.ddns.net\/pachuca\/index.php\/producto\/nvr-8-mp-4k-16-canales-ip-16-puertos-poe-h-265-16-tb-incluidos-ndaa-onvif-audio-y-alarmas-i-o-soporta-ia-serie-35-honeywell-security\/","title":{"rendered":"NVR 8 MP 4K \/ 16 Canales IP \/ 16 Puertos PoE+ \/ H.265 \/ 16 TB (Incluidos) \/ NDAA \/ ONVIF \/ Audio y Alarmas I\/O \/ Soporta IA \/ Serie 35 \/ Honeywell Security"},"content":{"rendered":"<div style='width: 100%; max-width: 1200px; margin: 0 auto; font-family: sans-serif; line-height: 1.6; color: inherit; background-color: transparent;'> <!-- Im\u00e1genes banner --> <\/p>\n<div style='width: 100%; margin-bottom: 30px;'> <img style='width: 100%; height: auto; border: 1px solid rgba(150&comma;150&comma;150&comma;0.3); border-radius: 8px;' src='https:\/\/ftp3.syscom.mx\/usuarios\/pnunez\/Honeywell\/HC30WE5R2\/Imagenes\/banner-honeywell.jpg' alt='Banner Honeywell'> <\/div>\n<div style='width: 100%; margin-bottom: 30px;'> <img style='width: 100%; height: auto; border: 1px solid rgba(150&comma;150&comma;150&comma;0.3); border-radius: 8px;' src='https:\/\/ftp3.syscom.mx\/usuarios\/pnunez\/Honeywell\/Banners\/syscom-stock-disponible%20%281%29.jpg' alt='Stock disponible'> <\/div>\n<p> <!-- Secci\u00f3n de caracter\u00edsticas --> <\/p>\n<div style='display: flex; flex-wrap: wrap; gap: 30px; margin-bottom: 30px;'>\n<div style='flex: 1 1 300px; min-width: 280px;'>\n<h3 style='font-size: 22px; border-bottom: 2px solid currentColor; padding-bottom: 5px; margin-top: 0; color: inherit; opacity: 0.8;'>Caracter\u00edsticas del NVR:<\/h3>\n<ul style='padding-left: 20px; font-size: 15px; color: inherit;'>\n<li style='margin-bottom: 5px;'>Compresi\u00f3n de v\u00eddeo: H.264&comma; H.265<\/li>\n<li style='margin-bottom: 5px;'>Resoluci\u00f3n m\u00e1xima: 8MP 4K (3840 x 2160)<\/li>\n<li style='margin-bottom: 5px;'>Reproducci\u00f3n s\u00edncrona: 16 Canales IP<\/li>\n<li style='margin-bottom: 5px;'>Almacenamiento: 16 TB (2 x 8 TB) Incluidos (2 Bah\u00edas HDD Internas)<\/li>\n<li style='margin-bottom: 5px;'>16 Puertos PoE+.<\/li>\n<li style='margin-bottom: 5px;'><strong>Certificaci\u00f3n NDAA.<\/strong><\/li>\n<li style='margin-bottom: 5px;'><strong>Garant\u00eda 5 a\u00f1os.<\/strong><\/li>\n<\/ul><\/div>\n<div style='flex: 1 1 300px; min-width: 280px;'>\n<h3 style='font-size: 22px; border-bottom: 2px solid currentColor; padding-bottom: 5px; margin-top: 0; color: inherit; opacity: 0.8;'>Caracter\u00edsticas Generales:<\/h3>\n<ul style='padding-left: 20px; font-size: 15px; color: inherit;'>\n<li style='margin-bottom: 5px;'>Sistema operativo: LINUX embedido.<\/li>\n<li style='margin-bottom: 5px;'>Throughput entrada: 128 Mbps Salida: 128 Mbps.<\/li>\n<li style='margin-bottom: 5px;'>1 Entrada\/ 1 Salida Audio<\/li>\n<li style='margin-bottom: 5px;'>Alarma: 8 Entradas \/ 2 Salidas<\/li>\n<li style='margin-bottom: 5px;'>Entrada de alarma de c\u00e1mara Serie 35 en: Detecci\u00f3n de movimiento&comma; P\u00e9rdida de v\u00eddeo&comma; Manipulaci\u00f3n de c\u00e1mara&comma; Intrusi\u00f3n&comma; Merodeo m\u00faltiple&comma; Detecci\u00f3n de multitudes.<\/li>\n<li style='margin-bottom: 5px;'>Perfil ONVIF: S<\/li>\n<\/ul><\/div>\n<div style='flex: 1 1 300px; min-width: 280px;'>\n<h3 style='font-size: 22px; border-bottom: 2px solid currentColor; padding-bottom: 5px; margin-top: 0; color: inherit; opacity: 0.8;'>Caracter\u00edsticas F\u00edsicas y El\u00e9ctricas:<\/h3>\n<ul style='padding-left: 20px; font-size: 15px; color: inherit;'>\n<li style='margin-bottom: 5px;'>Dimensiones: 372.0 \u00d7 313.3 \u00d7 46.5 mm.<\/li>\n<li style='margin-bottom: 5px;'>Alimentaci\u00f3n: 100-240V AC&comma; 50\/60 Hz Max. 180 W.<\/li>\n<li style='margin-bottom: 5px;'>1 puertos red 1 GB incluido (LAN)<\/li>\n<li style='margin-bottom: 5px;'>Temperatura de operaci\u00f3n: -10\u00b0C a 55\u00b0C<\/li>\n<li style='margin-bottom: 5px;'>Peso: 2.75 kg sin HDDs<\/li>\n<li style='margin-bottom: 5px;'>Puertos PoE Potencia de salida: 130 W m\u00e1x. (30 W m\u00e1x. para un solo puerto)<\/li>\n<\/ul><\/div>\n<\/p><\/div>\n<p> <!-- Imagenes adicionales --> <\/p>\n<div style='width: 100%; margin-bottom: 30px;'> <img style='width: 100%; height: auto; border: 1px solid rgba(150&comma;150&comma;150&comma;0.3); border-radius: 8px;' src='https:\/\/ftp3.syscom.mx\/usuarios\/diego.ramirez\/Honeywell\/HN35160216\/layoutHN35160216.png' alt='Dise\u00f1o del NVR'> <\/div>\n<div style='width: 100%; margin-bottom: 30px;'> <img style='width: 100%; height: auto; border: 1px solid rgba(150&comma;150&comma;150&comma;0.3); border-radius: 8px;' src='https:\/\/ftp3.syscom.mx\/usuarios\/pnunez\/Honeywell\/NDAA\/NDAA-HONEYWELL.jpg' alt='Certificaci\u00f3n NDAA'> <\/div>\n<p> <!-- Video de YouTube --> <\/p>\n<div style='position: relative; padding-bottom: 56.25%; height: 0; overflow: hidden; margin-bottom: 30px;'>   <\/div>\n<\/p><\/div>\n","protected":false},"excerpt":{"rendered":"<p>NVR 8 MP 4K \/ 16 Canales IP \/ 16 Puertos PoE+ \/ H.265 \/ 16 TB (Incluidos) \/ NDAA \/ ONVIF \/ Audio y Alarmas I\/O \/ Soporta IA \/ Serie 35 \/ Honeywell Security<\/p>\n","protected":false},"featured_media":108596,"comment_status":"open","ping_status":"closed","template":"","meta":[],"product_brand":[],"product_cat":[2234],"product_tag":[122,209,2235],"class_list":{"0":"post-108597","1":"product","2":"type-product","3":"status-publish","4":"has-post-thumbnail","6":"product_cat-nvrs-network-video-recorders","7":"product_tag-camaras-ip-y-nvrs","8":"product_tag-honeywell","9":"product_tag-nvrs-network-video-recorders","11":"first","12":"outofstock","13":"sale","14":"shipping-taxable","15":"purchasable","16":"product-type-simple"},"_links":{"self":[{"href":"https:\/\/soydeaqui.ddns.net\/pachuca\/index.php\/wp-json\/wp\/v2\/product\/108597","targetHints":{"allow":["GET"]}}],"collection":[{"href":"https:\/\/soydeaqui.ddns.net\/pachuca\/index.php\/wp-json\/wp\/v2\/product"}],"about":[{"href":"https:\/\/soydeaqui.ddns.net\/pachuca\/index.php\/wp-json\/wp\/v2\/types\/product"}],"replies":[{"embeddable":true,"href":"https:\/\/soydeaqui.ddns.net\/pachuca\/index.php\/wp-json\/wp\/v2\/comments?post=108597"}],"wp:featuredmedia":[{"embeddable":true,"href":"https:\/\/soydeaqui.ddns.net\/pachuca\/index.php\/wp-json\/wp\/v2\/media\/108596"}],"wp:attachment":[{"href":"https:\/\/soydeaqui.ddns.net\/pachuca\/index.php\/wp-json\/wp\/v2\/media?parent=108597"}],"wp:term":[{"taxonomy":"product_brand","embeddable":true,"href":"https:\/\/soydeaqui.ddns.net\/pachuca\/index.php\/wp-json\/wp\/v2\/product_brand?post=108597"},{"taxonomy":"product_cat","embeddable":true,"href":"https:\/\/soydeaqui.ddns.net\/pachuca\/index.php\/wp-json\/wp\/v2\/product_cat?post=108597"},{"taxonomy":"product_tag","embeddable":true,"href":"https:\/\/soydeaqui.ddns.net\/pachuca\/index.php\/wp-json\/wp\/v2\/product_tag?post=108597"}],"curies":[{"name":"wp","href":"https:\/\/api.w.org\/{rel}","templated":true}]}}