{"id":108480,"date":"2026-03-20T18:04:27","date_gmt":"2026-03-20T18:04:27","guid":{"rendered":"https:\/\/soydeaqui.ddns.net\/pachuca\/index.php\/producto\/kit-turbohd-1080p-dvr-16-canales-16-camaras-bala-policarbonato-con-microfono-exterior-2-8-mm-transceptores-conectores-fuente-de-poder-profesional\/"},"modified":"2026-03-20T18:04:29","modified_gmt":"2026-03-20T18:04:29","slug":"kit-turbohd-1080p-dvr-16-canales-16-camaras-bala-policarbonato-con-microfono-exterior-2-8-mm-transceptores-conectores-fuente-de-poder-profesional","status":"publish","type":"product","link":"https:\/\/soydeaqui.ddns.net\/pachuca\/index.php\/producto\/kit-turbohd-1080p-dvr-16-canales-16-camaras-bala-policarbonato-con-microfono-exterior-2-8-mm-transceptores-conectores-fuente-de-poder-profesional\/","title":{"rendered":"KIT TurboHD 1080p \/ DVR 16 Canales \/ 16 C\u00e1maras Bala Policarbonato con Microfono (exterior 2.8 mm) \/ Transceptores \/ Conectores \/ Fuente de Poder Profesional"},"content":{"rendered":"<div style='width: 100%; max-width: 1200px; margin: 0 auto; font-family: sans-serif; line-height: 1.6; color: inherit; background-color: transparent;'>\n<div style='width: 100%; margin-bottom: 30px;'> <img style='width: 100%; height: auto; border: 1px solid rgba(150&comma;150&comma;150&comma;0.3); border-radius: 8px;' src='https:\/\/ftp3.syscom.mx\/usuarios\/fotos\/KESTX8T16BGP\/A\/88416-camaras-epcom-kit-3.jpg' alt=''> <\/div>\n<div style='width: 100%; margin-bottom: 30px;'>\n<div style='position: relative; padding-bottom: 56.25%; height: 0; overflow: hidden; margin-bottom: 30px;'>   <\/div>\n<\/p><\/div>\n<div style='display: flex; flex-wrap: wrap; gap: 30px; margin-bottom: 30px;'>\n<div style='flex: 1 1 300px; min-width: 280px;'>\n<h3 style='font-size: 22px; border-bottom: 2px solid currentColor; padding-bottom: 5px; margin-top: 0; color: inherit; opacity: 0.8;'>El KIT incluye:<\/h3>\n<ul style='padding-left: 20px; font-size: 15px; color: inherit;'>\n<li style='margin-bottom: 5px;'><strong>1 x<\/strong> <a href='https:\/\/www.syscom.mx\/producto\/DVR-216G-M1(E)-HiLook-by-HIKVISION-224561.html' target='_blank' rel='noopener' style='color: inherit; text-decoration: none; opacity: 0.8;'>DVR-216G-M1<\/a><\/li>\n<li style='margin-bottom: 5px;'><strong>16 x<\/strong> <a href='https:\/\/www.syscom.mx\/principal\/searchcont?route=B8-TURBO-G2P\/A-EPCOM-193418&#038;autodetect=B8-TURBO-G2P\/A%EF%BB%BF' target='_blank' rel='noopener' style='color: inherit; text-decoration: none; opacity: 0.8;'>B8-TURBO-G2P\/A<\/a><\/li>\n<li style='margin-bottom: 5px;'><strong>1 x<\/strong> <a href='https:\/\/www.syscom.mx\/producto\/XP18DC20HD-EPCOM-POWERLINE-139198.html' style='color: inherit; text-decoration: none; opacity: 0.8;'>XP18DC20HD<\/a><\/li>\n<li style='margin-bottom: 5px;'><strong>16 x<\/strong> <a href='https:\/\/www.syscom.mx\/producto\/TT101FTURBOZ-EPCOM-TITANIUM-144325.html' target='_blank' rel='noopener' style='color: inherit; text-decoration: none; opacity: 0.8;'>TT101FTURBOZ<\/a><\/li>\n<li style='margin-bottom: 5px;'><strong>16 x<\/strong> <a href='https:\/\/www.syscom.mx\/producto\/JR-52-EPCOM-POWERLINE-38012.html' target='_blank' rel='noopener' style='color: inherit; text-decoration: none; opacity: 0.8;'>JR-52<\/a><\/li>\n<li style='margin-bottom: 5px;'><strong>Garant\u00eda:<\/strong> 5 a\u00f1os<\/li>\n<\/ul><\/div>\n<\/p><\/div>\n<div style='display: flex; flex-wrap: wrap; gap: 20px; margin-bottom: 30px;'>\n<div style='flex: 1 1 250px; border: 1px solid rgba(150&comma; 150&comma; 150&comma; 0.4); border-radius: 8px; overflow: hidden; display: flex; flex-direction: column;'>\n<div style='padding: 15px; border-bottom: 1px solid rgba(150&comma; 150&comma; 150&comma; 0.2); font-weight: bold; font-size: 18px; color: inherit;'>DVR-216G-M1<\/div>\n<div style='padding: 15px; color: inherit;'>\n<div style='width: 100%; margin-bottom: 15px;'> <img style='width: 100%; height: auto; border: 1px solid rgba(150&comma;150&comma;150&comma;0.3); border-radius: 8px;' src='https:\/\/ftp3.syscom.mx\/usuarios\/fotos\/BancoFotografiasSyscom\/HILOOKBYHIKVISION\/DVR216GK1(C)(S)\/DVR216GK1(C)(S)-l.PNG' alt='DVR-216G-M1'> <\/div>\n<ul style='padding-left: 20px; margin: 0; font-size: 14px; list-style-type: disc;'>\n<li style='margin-bottom: 5px;'>DVR pentahibrido: HD-TVI \/ HD-CVI \/ Analogico \/ IP \/ AHD.<\/li>\n<li style='margin-bottom: 5px;'>Soporta <strong>audio<\/strong> en todos sus canales por coaxitron.<\/li>\n<li style='margin-bottom: 5px;'>Soporta video en 4MP lite<\/li>\n<li style='margin-bottom: 5px;'>Visualizaci\u00f3n remota por Hik-Connect (Descargar clic <a href='https:\/\/appstore.hikvision.com\/' target='_blank' rel='noopener' style='color: inherit; text-decoration: none; opacity: 0.8;'>aqu\u00ed<\/a>)<\/li>\n<\/ul><\/div>\n<\/p><\/div>\n<div style='flex: 1 1 250px; border: 1px solid rgba(150&comma; 150&comma; 150&comma; 0.4); border-radius: 8px; overflow: hidden; display: flex; flex-direction: column;'>\n<div style='padding: 15px; border-bottom: 1px solid rgba(150&comma; 150&comma; 150&comma; 0.2); font-weight: bold; font-size: 18px; color: inherit;'>B8-TURBO-G2P\/A<\/div>\n<div style='padding: 15px; color: inherit;'>\n<div style='width: 100%; margin-bottom: 15px;'> <img style='width: 100%; height: auto; border: 1px solid rgba(150&comma;150&comma;150&comma;0.3); border-radius: 8px;' src='https:\/\/ftp3.syscom.mx\/usuarios\/fotos\/BancoFotografiasSyscom\/EPCOM\/B8TURBOG2P_A\/B8TURBOG2P_A-l.PNG' alt='B8-TURBO-G2P\/A'> <\/div>\n<ul style='padding-left: 20px; margin: 0; font-size: 14px; list-style-type: disc;'>\n<li style='margin-bottom: 5px;'>C\u00e1mara Bala 1080p uso en exterior<\/li>\n<li style='margin-bottom: 5px;'>Lente fijo de 2.8mm (angulo de visi\u00f3n 106\u00b0)<\/li>\n<li style='margin-bottom: 5px;'>Soporta 4 tecnolog\u00edas<\/li>\n<li style='margin-bottom: 5px;'>25 metros IR EXIR (visi\u00f3n nocturna)<\/li>\n<\/ul><\/div>\n<\/p><\/div>\n<div style='flex: 1 1 250px; border: 1px solid rgba(150&comma; 150&comma; 150&comma; 0.4); border-radius: 8px; overflow: hidden; display: flex; flex-direction: column;'>\n<div style='padding: 15px; border-bottom: 1px solid rgba(150&comma; 150&comma; 150&comma; 0.2); font-weight: bold; font-size: 18px; color: inherit;'>XP18DC20HD<\/div>\n<div style='padding: 15px; color: inherit;'>\n<div style='width: 100%; margin-bottom: 15px;'> <img style='width: 100%; height: auto; border: 1px solid rgba(150&comma;150&comma;150&comma;0.3); border-radius: 8px;' src='https:\/\/ftp3.syscom.mx\/cdn-cgi\/image\/format=webp&comma;width=800&comma;height=800&comma;quality=95&comma;fit=contain\/usuarios\/fotos\/BancoFotografiasSyscom\/EPCOMPOWERLINE\/XP18DC20HD\/XP18DC20HD-l.PNG' alt='XP18DC20HD'> <\/div>\n<ul style='padding-left: 20px; margin: 0; font-size: 14px; list-style-type: disc;'>\n<li style='margin-bottom: 5px;'>Fuente de poder alto desempe\u00f1o y con potenciometro para regular la corriente entre 11 &#8211; 15Vcc&comma; 20A \/ 18 Canales<\/li>\n<li style='margin-bottom: 5px;'>OVP ( Over Voltaje Protection ): Protecci\u00f3n contra Sobretensi\u00f3n | OCP ( Over Current Protection ): Protecci\u00f3n contra Sobrecorriente | OTP ( Over Temperature Protection ): Protecci\u00f3n contra Sobretemperatura | SCP ( Short Circuit Protection ): Protecci\u00f3n contra Cortocircuito<\/li>\n<li style='margin-bottom: 5px;'>M\u00e1s informaci\u00f3n <a href='https:\/\/www.syscom.mx\/producto\/XP18DC20HD-EPCOM-POWERLINE-139198.html' style='color: inherit; text-decoration: none; opacity: 0.8;'>aqu\u00ed<\/a><\/li>\n<\/ul><\/div>\n<\/p><\/div>\n<div style='flex: 1 1 250px; border: 1px solid rgba(150&comma; 150&comma; 150&comma; 0.4); border-radius: 8px; overflow: hidden; display: flex; flex-direction: column;'>\n<div style='padding: 15px; border-bottom: 1px solid rgba(150&comma; 150&comma; 150&comma; 0.2); font-weight: bold; font-size: 18px; color: inherit;'>TT101FTURBOZ<\/div>\n<div style='padding: 15px; color: inherit;'>\n<div style='width: 100%; margin-bottom: 15px;'> <img style='width: 100%; height: auto; border: 1px solid rgba(150&comma;150&comma;150&comma;0.3); border-radius: 8px;' src='https:\/\/ftp3.syscom.mx\/usuarios\/fotos\/BancoFotografiasSyscom\/EPCOMTITANIUM\/TT101FTURBOZ\/TT101FTURBOZ-p.PNG' alt='TT101FTURBOZ'> <\/div>\n<ul style='padding-left: 20px; margin: 0; font-size: 14px; list-style-type: disc;'>\n<li style='margin-bottom: 5px;'>Kit de transceptores pasivos TURBOHD<\/li>\n<li style='margin-bottom: 5px;'>Transmisi\u00f3n en tiempo real por cable UTP cat5e\/6<\/li>\n<li style='margin-bottom: 5px;'>No requieren alimentaci\u00f3n<\/li>\n<\/ul><\/div>\n<\/p><\/div>\n<div style='flex: 1 1 250px; border: 1px solid rgba(150&comma; 150&comma; 150&comma; 0.4); border-radius: 8px; overflow: hidden; display: flex; flex-direction: column;'>\n<div style='padding: 15px; border-bottom: 1px solid rgba(150&comma; 150&comma; 150&comma; 0.2); font-weight: bold; font-size: 18px; color: inherit;'>JR-52<\/div>\n<div style='padding: 15px; color: inherit;'>\n<div style='width: 100%; margin-bottom: 15px;'> <img style='width: 100%; height: auto; border: 1px solid rgba(150&comma;150&comma;150&comma;0.3); border-radius: 8px;' src='https:\/\/ftp3.syscom.mx\/usuarios\/xguereque\/Imagenes\/epcom-powe-line\/JR52.png' alt='JR-52'> <\/div>\n<ul style='padding-left: 20px; margin: 0; font-size: 14px; list-style-type: disc;'>\n<li style='margin-bottom: 5px;'>Di\u00e1metro: 2.1mm<\/li>\n<li style='margin-bottom: 5px;'>Largo: 5.5mm<\/li>\n<li style='margin-bottom: 5px;'>Cable sugerido: Calibre 18<\/li>\n<\/ul><\/div>\n<\/p><\/div>\n<\/p><\/div>\n<\/p><\/div>\n","protected":false},"excerpt":{"rendered":"<p>KIT TurboHD 1080p \/ DVR 16 Canales \/ 16 C\u00e1maras Bala Policarbonato con Microfono (exterior 2.8 mm) \/ Transceptores \/ Conectores \/ Fuente de Poder Profesional<\/p>\n","protected":false},"featured_media":108479,"comment_status":"open","ping_status":"closed","template":"","meta":[],"product_brand":[],"product_cat":[2246],"product_tag":[2257,2232,2247],"class_list":{"0":"post-108480","1":"product","2":"type-product","3":"status-publish","4":"has-post-thumbnail","6":"product_cat-turbohd-de-16-canales","7":"product_tag-epcom-professional","8":"product_tag-kits-sistemas-completos","9":"product_tag-turbohd-de-16-canales","11":"first","12":"outofstock","13":"sale","14":"shipping-taxable","15":"purchasable","16":"product-type-simple"},"_links":{"self":[{"href":"https:\/\/soydeaqui.ddns.net\/pachuca\/index.php\/wp-json\/wp\/v2\/product\/108480","targetHints":{"allow":["GET"]}}],"collection":[{"href":"https:\/\/soydeaqui.ddns.net\/pachuca\/index.php\/wp-json\/wp\/v2\/product"}],"about":[{"href":"https:\/\/soydeaqui.ddns.net\/pachuca\/index.php\/wp-json\/wp\/v2\/types\/product"}],"replies":[{"embeddable":true,"href":"https:\/\/soydeaqui.ddns.net\/pachuca\/index.php\/wp-json\/wp\/v2\/comments?post=108480"}],"wp:featuredmedia":[{"embeddable":true,"href":"https:\/\/soydeaqui.ddns.net\/pachuca\/index.php\/wp-json\/wp\/v2\/media\/108479"}],"wp:attachment":[{"href":"https:\/\/soydeaqui.ddns.net\/pachuca\/index.php\/wp-json\/wp\/v2\/media?parent=108480"}],"wp:term":[{"taxonomy":"product_brand","embeddable":true,"href":"https:\/\/soydeaqui.ddns.net\/pachuca\/index.php\/wp-json\/wp\/v2\/product_brand?post=108480"},{"taxonomy":"product_cat","embeddable":true,"href":"https:\/\/soydeaqui.ddns.net\/pachuca\/index.php\/wp-json\/wp\/v2\/product_cat?post=108480"},{"taxonomy":"product_tag","embeddable":true,"href":"https:\/\/soydeaqui.ddns.net\/pachuca\/index.php\/wp-json\/wp\/v2\/product_tag?post=108480"}],"curies":[{"name":"wp","href":"https:\/\/api.w.org\/{rel}","templated":true}]}}