{"id":108200,"date":"2026-03-20T17:49:08","date_gmt":"2026-03-20T17:49:08","guid":{"rendered":"https:\/\/soydeaqui.ddns.net\/pachuca\/index.php\/producto\/sierra-circular-inalambrica-de-18v-diametro-de-disco-6-1-2in-3700-rpm-incluye-2-baterias-li-ion-de-3-0-ah-cargador-y-maletin\/"},"modified":"2026-03-20T17:49:20","modified_gmt":"2026-03-20T17:49:20","slug":"sierra-circular-inalambrica-de-18v-diametro-de-disco-6-1-2in-3700-rpm-incluye-2-baterias-li-ion-de-3-0-ah-cargador-y-maletin","status":"publish","type":"product","link":"https:\/\/soydeaqui.ddns.net\/pachuca\/index.php\/producto\/sierra-circular-inalambrica-de-18v-diametro-de-disco-6-1-2in-3700-rpm-incluye-2-baterias-li-ion-de-3-0-ah-cargador-y-maletin\/","title":{"rendered":"Sierra Circular Inal\u00e1mbrica de 18V, Di\u00e1metro de Disco 6-1\/2in, 3700 Rpm , Incluye 2 Bater\u00edas Li-Ion de 3.0 Ah, Cargador y Malet\u00edn."},"content":{"rendered":"<div style='width: 100%; max-width: 1200px; margin: 0 auto; font-family: sans-serif; line-height: 1.6; color: inherit; background-color: transparent;'> <!-- Secci\u00f3n de beneficios --> <\/p>\n<div style='margin-bottom: 30px;'>\n<h3 style='font-size: 22px; border-bottom: 2px solid currentColor; padding-bottom: 5px; margin-top: 0; color: inherit; opacity: 0.8;'>BENEFICIOS DEL USUARIO<\/h3>\n<ul style='padding-left: 20px; font-size: 15px; color: inherit; list-style-type: disc;'>\n<li style='margin-bottom: 5px;'>Corte limpio y poderoso&comma; gracias a sus 3.700 r.p.m.<\/li>\n<li style='margin-bottom: 5px;'>Visibilidad en la l\u00ednea de corte&comma; gracias al chorro de aire dirigido y la toma de aspiraci\u00f3n.<\/li>\n<li style='margin-bottom: 5px;'>Empu\u00f1adura antideslizante&comma; mayor control sobre la herramienta.<\/li>\n<li style='margin-bottom: 5px;'>Luz incorporada&comma; sin necesidad de encender la m\u00e1quina&comma; se apaga 10 \u00f3 12 segundos despu\u00e9s de soltar el interruptor.<\/li>\n<\/ul><\/div>\n<p> <!-- Secci\u00f3n de especificaciones t\u00e9cnicas --> <\/p>\n<div style='display: flex; flex-wrap: wrap; gap: 20px; margin-bottom: 30px;'>\n<div style='flex: 1 1 250px; border: 1px solid rgba(150&comma; 150&comma; 150&comma; 0.4); border-radius: 8px; overflow: hidden; display: flex; flex-direction: column;'>\n<div style='padding: 15px; border-bottom: 1px solid rgba(150&comma; 150&comma; 150&comma; 0.2); font-weight: bold; font-size: 18px; color: inherit;'>INFORMACI\u00d3N T\u00c9CNICA<\/div>\n<div style='padding: 15px; color: inherit;'>\n<ul style='padding-left: 20px; margin: 0; font-size: 14px; list-style-type: disc;'>\n<li style='margin-bottom: 5px;'><strong>Peso seg\u00fan EPTA:<\/strong> 3&comma;5 Kg<\/li>\n<li style='margin-bottom: 5px;'><strong>Dimensiones. LxAnxAl:<\/strong> 347 x 202 x 228 mm<\/li>\n<li style='margin-bottom: 5px;'><strong>Tensi\u00f3n de la bater\u00eda:<\/strong> 18V<\/li>\n<li style='margin-bottom: 5px;'><strong>Tipo de bater\u00eda:<\/strong> LXT<\/li>\n<li style='margin-bottom: 5px;'><strong>Amperaje de la bater\u00eda:<\/strong> 5&comma;0 Ah<\/li>\n<li style='margin-bottom: 5px;'><strong>R.p.m:<\/strong> 3.700 Rpm<\/li>\n<li style='margin-bottom: 5px;'><strong>Emisi\u00f3n de vibraci\u00f3n:<\/strong> 2&comma;50 m\/seg\u00b2<\/li>\n<li style='margin-bottom: 5px;'><strong>Incertidumbre (K) de vibraci\u00f3n:<\/strong> 1&comma;50 m\/seg\u00b2<\/li>\n<li style='margin-bottom: 5px;'><strong>Presi\u00f3n sonora:<\/strong> 78&comma;00 dB(A)<\/li>\n<li style='margin-bottom: 5px;'><strong>Potencia sonora:<\/strong> 101&comma;00 dB(A)<\/li>\n<li style='margin-bottom: 5px;'><strong>Di\u00e1metro exterior del disco:<\/strong> 165 mm<\/li>\n<li style='margin-bottom: 5px;'><strong>Di\u00e1metro interior de disco:<\/strong> 20&comma;0 mm<\/li>\n<li style='margin-bottom: 5px;'><strong>Capacidad m\u00e1x. 90 (rect\u00e1ngulo):<\/strong> 57 mm<\/li>\n<li style='margin-bottom: 5px;'><strong>Capacidad de corte 45:<\/strong> 40 mm<\/li>\n<li style='margin-bottom: 5px;'><strong>Capacidad m\u00e1x. 50:<\/strong> 36 mm<\/li>\n<\/ul><\/div>\n<\/p><\/div>\n<\/p><\/div>\n<p> <!-- Separador --> <\/p>\n<hr style='border: 0; border-top: 1px solid rgba(150&comma; 150&comma; 150&comma; 0.3); margin: 30px 0;'> <\/div>\n","protected":false},"excerpt":{"rendered":"<p>Sierra Circular Inal\u00e1mbrica de 18V, Di\u00e1metro de Disco 6-1\/2in, 3700 Rpm , Incluye 2 Bater\u00edas Li-Ion de 3.0 Ah, Cargador y Malet\u00edn.<\/p>\n","protected":false},"featured_media":108199,"comment_status":"open","ping_status":"closed","template":"","meta":[],"product_brand":[],"product_cat":[1057],"product_tag":[1058,1059,252],"class_list":{"0":"post-108200","1":"product","2":"type-product","3":"status-publish","4":"has-post-thumbnail","6":"product_cat-herramientas-electrica-cableada","7":"product_tag-ferreteria","8":"product_tag-herramientas-electrica-cableada","9":"product_tag-makita","11":"first","12":"outofstock","13":"sale","14":"shipping-taxable","15":"purchasable","16":"product-type-simple"},"_links":{"self":[{"href":"https:\/\/soydeaqui.ddns.net\/pachuca\/index.php\/wp-json\/wp\/v2\/product\/108200","targetHints":{"allow":["GET"]}}],"collection":[{"href":"https:\/\/soydeaqui.ddns.net\/pachuca\/index.php\/wp-json\/wp\/v2\/product"}],"about":[{"href":"https:\/\/soydeaqui.ddns.net\/pachuca\/index.php\/wp-json\/wp\/v2\/types\/product"}],"replies":[{"embeddable":true,"href":"https:\/\/soydeaqui.ddns.net\/pachuca\/index.php\/wp-json\/wp\/v2\/comments?post=108200"}],"wp:featuredmedia":[{"embeddable":true,"href":"https:\/\/soydeaqui.ddns.net\/pachuca\/index.php\/wp-json\/wp\/v2\/media\/108199"}],"wp:attachment":[{"href":"https:\/\/soydeaqui.ddns.net\/pachuca\/index.php\/wp-json\/wp\/v2\/media?parent=108200"}],"wp:term":[{"taxonomy":"product_brand","embeddable":true,"href":"https:\/\/soydeaqui.ddns.net\/pachuca\/index.php\/wp-json\/wp\/v2\/product_brand?post=108200"},{"taxonomy":"product_cat","embeddable":true,"href":"https:\/\/soydeaqui.ddns.net\/pachuca\/index.php\/wp-json\/wp\/v2\/product_cat?post=108200"},{"taxonomy":"product_tag","embeddable":true,"href":"https:\/\/soydeaqui.ddns.net\/pachuca\/index.php\/wp-json\/wp\/v2\/product_tag?post=108200"}],"curies":[{"name":"wp","href":"https:\/\/api.w.org\/{rel}","templated":true}]}}