{"id":108191,"date":"2026-03-20T17:48:36","date_gmt":"2026-03-20T17:48:36","guid":{"rendered":"https:\/\/soydeaqui.ddns.net\/pachuca\/index.php\/producto\/miniesmeril-115mm-4-1-2in-8-500-rpm1-bateria-18v-li-ion-de-5-0-ah-cargador-y-3-discos\/"},"modified":"2026-03-20T17:48:56","modified_gmt":"2026-03-20T17:48:56","slug":"miniesmeril-115mm-4-1-2in-8-500-rpm1-bateria-18v-li-ion-de-5-0-ah-cargador-y-3-discos","status":"publish","type":"product","link":"https:\/\/soydeaqui.ddns.net\/pachuca\/index.php\/producto\/miniesmeril-115mm-4-1-2in-8-500-rpm1-bateria-18v-li-ion-de-5-0-ah-cargador-y-3-discos\/","title":{"rendered":"Miniesmeril 115mm 4-1\/2in 8.500 Rpm,1 Bater\u00eda 18V Li-ION de 5.0 Ah, Cargador y 3 Discos."},"content":{"rendered":"<div style='width: 100%; max-width: 1200px; margin: 0 auto; font-family: sans-serif; line-height: 1.6; color: inherit; background-color: transparent;'> <!-- Secci\u00f3n de caracter\u00edsticas --> <\/p>\n<div style='display: flex; flex-wrap: wrap; gap: 30px; margin-bottom: 30px;'>\n<div style='flex: 1 1 300px; min-width: 280px;'>\n<h3 style='font-size: 22px; border-bottom: 2px solid currentColor; padding-bottom: 5px; margin-top: 0; color: inherit; opacity: 0.8;'>Caracter\u00edsticas<\/h3>\n<ul style='padding-left: 20px; font-size: 15px; color: inherit;'>\n<li style='margin-bottom: 5px;'><strong>Modelo:<\/strong> DGA456<\/li>\n<li style='margin-bottom: 5px;'><strong>Voltaje:<\/strong> 18V<\/li>\n<li style='margin-bottom: 5px;'><strong>Di\u00e1metro del disco:<\/strong> 115 mm (4-1\/2 pulg)<\/li>\n<li style='margin-bottom: 5px;'><strong>Grosor del disco:<\/strong> 6.4 mm (1\/4 pulg)<\/li>\n<li style='margin-bottom: 5px;'><strong>Rosca del eje:<\/strong> 5\/8 pulg<\/li>\n<li style='margin-bottom: 5px;'><strong>Velocidad:<\/strong> 5800 r\/min<\/li>\n<\/ul><\/div>\n<\/p><\/div>\n<p> <!-- Secci\u00f3n de contenido incluye --> <\/p>\n<div style='display: flex; flex-wrap: wrap; gap: 30px; margin-bottom: 30px;'>\n<div style='flex: 1 1 300px; min-width: 280px;'>\n<h3 style='font-size: 22px; border-bottom: 2px solid currentColor; padding-bottom: 5px; margin-top: 0; color: inherit; opacity: 0.8;'>Incluye<\/h3>\n<ul style='padding-left: 20px; font-size: 15px; color: inherit;'>\n<li style='margin-bottom: 5px;'>Esmeril DGA456<\/li>\n<li style='margin-bottom: 5px;'>Cargador DC18SD<\/li>\n<li style='margin-bottom: 5px;'>Bater\u00eda 18V 5.0 Ah<\/li>\n<li style='margin-bottom: 5px;'>D-50893 Disco para concreto<\/li>\n<li style='margin-bottom: 5px;'>D-63448 Disco para desbaste (Disco laminado grano 60) \/ 2 Piezas<\/li>\n<li style='margin-bottom: 5px;'>E-11841 disco para corte 0.8mm \/ 5 Piezas<\/li>\n<\/ul><\/div>\n<\/p><\/div>\n<p> <!-- Secci\u00f3n de funciones --> <\/p>\n<div style='display: flex; flex-wrap: wrap; gap: 30px; margin-bottom: 30px;'>\n<div style='flex: 1 1 300px; min-width: 280px;'>\n<h3 style='font-size: 22px; border-bottom: 2px solid currentColor; padding-bottom: 5px; margin-top: 0; color: inherit; opacity: 0.8;'>Funciones<\/h3>\n<ul style='padding-left: 20px; font-size: 15px; color: inherit;'>\n<li style='margin-bottom: 5px;'><strong>Protecci\u00f3n contragolpe:<\/strong> Desactiva la herramienta para proteger al usuario<\/li>\n<li style='margin-bottom: 5px;'><strong>Freno el\u00e9ctrico:<\/strong> Detiene la rotaci\u00f3n del disco m\u00e1s r\u00e1pido<\/li>\n<li style='margin-bottom: 5px;'><strong>Control autom\u00e1tico de velocidad:<\/strong> Cambia autom\u00e1ticamente la velocidad de corte de acuerdo con la condici\u00f3n de carga para una excelente operaci\u00f3n<\/li>\n<li style='margin-bottom: 5px;'><strong>Funci\u00f3n de refrigeraci\u00f3n:<\/strong> Soporta carga pesada con excelente sistema de refrigeraci\u00f3n<\/li>\n<\/ul><\/div>\n<\/p><\/div>\n<p> <!-- Separador --> <\/p>\n<hr style='border: 0; border-top: 1px solid rgba(150&comma; 150&comma; 150&comma; 0.3); margin: 30px 0;'> <\/div>\n","protected":false},"excerpt":{"rendered":"<p>Miniesmeril 115mm 4-1\/2in 8.500 Rpm,1 Bater\u00eda 18V Li-ION de 5.0 Ah, Cargador y 3 Discos.<\/p>\n","protected":false},"featured_media":108190,"comment_status":"open","ping_status":"closed","template":"","meta":[],"product_brand":[],"product_cat":[1057],"product_tag":[1058,1059,252],"class_list":{"0":"post-108191","1":"product","2":"type-product","3":"status-publish","4":"has-post-thumbnail","6":"product_cat-herramientas-electrica-cableada","7":"product_tag-ferreteria","8":"product_tag-herramientas-electrica-cableada","9":"product_tag-makita","11":"first","12":"outofstock","13":"sale","14":"shipping-taxable","15":"purchasable","16":"product-type-simple"},"_links":{"self":[{"href":"https:\/\/soydeaqui.ddns.net\/pachuca\/index.php\/wp-json\/wp\/v2\/product\/108191","targetHints":{"allow":["GET"]}}],"collection":[{"href":"https:\/\/soydeaqui.ddns.net\/pachuca\/index.php\/wp-json\/wp\/v2\/product"}],"about":[{"href":"https:\/\/soydeaqui.ddns.net\/pachuca\/index.php\/wp-json\/wp\/v2\/types\/product"}],"replies":[{"embeddable":true,"href":"https:\/\/soydeaqui.ddns.net\/pachuca\/index.php\/wp-json\/wp\/v2\/comments?post=108191"}],"wp:featuredmedia":[{"embeddable":true,"href":"https:\/\/soydeaqui.ddns.net\/pachuca\/index.php\/wp-json\/wp\/v2\/media\/108190"}],"wp:attachment":[{"href":"https:\/\/soydeaqui.ddns.net\/pachuca\/index.php\/wp-json\/wp\/v2\/media?parent=108191"}],"wp:term":[{"taxonomy":"product_brand","embeddable":true,"href":"https:\/\/soydeaqui.ddns.net\/pachuca\/index.php\/wp-json\/wp\/v2\/product_brand?post=108191"},{"taxonomy":"product_cat","embeddable":true,"href":"https:\/\/soydeaqui.ddns.net\/pachuca\/index.php\/wp-json\/wp\/v2\/product_cat?post=108191"},{"taxonomy":"product_tag","embeddable":true,"href":"https:\/\/soydeaqui.ddns.net\/pachuca\/index.php\/wp-json\/wp\/v2\/product_tag?post=108191"}],"curies":[{"name":"wp","href":"https:\/\/api.w.org\/{rel}","templated":true}]}}