{"id":108173,"date":"2026-03-20T17:47:39","date_gmt":"2026-03-20T17:47:39","guid":{"rendered":"https:\/\/soydeaqui.ddns.net\/pachuca\/index.php\/producto\/hub-usb-c-docking-station-5-en-1-ultra-delgado-2-usb-a-3-1-a-5-gbps-hdmi-4k60hz-rj45-gigabit-ethernet-usb-c-pd-carga-rapida-100w-soporta-otg-chips-inteligentes-pequeno-y-ligero\/"},"modified":"2026-03-20T17:47:53","modified_gmt":"2026-03-20T17:47:53","slug":"hub-usb-c-docking-station-5-en-1-ultra-delgado-2-usb-a-3-1-a-5-gbps-hdmi-4k60hz-rj45-gigabit-ethernet-usb-c-pd-carga-rapida-100w-soporta-otg-chips-inteligentes-pequeno-y-ligero","status":"publish","type":"product","link":"https:\/\/soydeaqui.ddns.net\/pachuca\/index.php\/producto\/hub-usb-c-docking-station-5-en-1-ultra-delgado-2-usb-a-3-1-a-5-gbps-hdmi-4k60hz-rj45-gigabit-ethernet-usb-c-pd-carga-rapida-100w-soporta-otg-chips-inteligentes-pequeno-y-ligero\/","title":{"rendered":"HUB USB-C (Docking Station) 5 en 1 | Ultra Delgado | 2 USB-A 3.1 a (5 Gbps) | HDMI 4K@60Hz | RJ45 (Gigabit Ethernet) | USB-C PD Carga R\u00e1pida 100W | Soporta OTG | Chips Inteligentes | Peque\u00f1o y Ligero | Caja de Aluminio."},"content":{"rendered":"<div style='width: 100%; max-width: 1200px; margin: 0 auto; font-family: sans-serif; line-height: 1.6; color: inherit; background-color: transparent;'> <!-- Imagen principal --> <img style='width: 100%; height: auto; border: 1px solid rgba(150&comma;150&comma;150&comma;0.3); border-radius: 8px;' src='http:\/\/ftp3.syscom.mx\/usuarios\/hallende\/UGREEN2\/Estaciones%20de%20acoplamiento\/10919\/10919-1..jpg' alt=''> <!-- Secci\u00f3n de caracter\u00edsticas --> <\/p>\n<div style='display: flex; flex-wrap: wrap; gap: 30px; margin-bottom: 30px; margin-top: 30px;'>\n<div style='flex: 1 1 300px; min-width: 280px;'>\n<h3 style='font-size: 22px; border-bottom: 2px solid currentColor; padding-bottom: 5px; margin-top: 0; color: inherit; opacity: 0.8;'>Caracter\u00edsticas Principales<\/h3>\n<p style='font-size: 15px; color: inherit;'>Con este HUB USB tipo C&comma; podr\u00e1 disponer de un HUB USB 3.0&comma; 4K HDMI&comma; Gigabit Ethernet RJ45. Este dock station USB C es compatible con los dispositivos que tengan el puerto USB C que soporta la salida de v\u00eddeo&comma; tales como Macbook&comma; MacBook Pro M2 M1 2022 2021 2020 2019 2018 2017&comma; MacBook Air&comma; iMac Mini&comma; iPad Pro&comma; Asus Zenbook 3&comma; Zenbook Pro UX550vd&comma; Lenovo Yoga 920\/720\/thinkpad&comma; Dell XPS 13 15 17&comma; Google Chromebook Pixel&comma; Microsoft Surface book.<\/p>\n<\/p><\/div>\n<div style='flex: 1 1 300px; min-width: 280px;'>\n<h3 style='font-size: 22px; border-bottom: 2px solid currentColor; padding-bottom: 5px; margin-top: 0; color: inherit; opacity: 0.8;'>V\u00cdDEO HDMI 4K<\/h3>\n<p style='font-size: 15px; color: inherit;'>Este HUB USB C HDMI soporta la resoluci\u00f3n hasta 4Kx2K@30HZ&comma; mediante un cable HDMI puede conectar su PC o m\u00f3vil compatible a un monitor&comma; proyector o TV para disfrutar HD video en pantalla grande. Admite modo duplicado y modo extendido&comma; as\u00ed que es muy ideal para ver pel\u00edculas&comma; hacer presentaciones o conferencias&comma; dar clases&comma; etc.<\/p>\n<\/p><\/div>\n<div style='flex: 1 1 300px; min-width: 280px;'>\n<h3 style='font-size: 22px; border-bottom: 2px solid currentColor; padding-bottom: 5px; margin-top: 0; color: inherit; opacity: 0.8;'>HUB USB 3.0 a 5Gbps<\/h3>\n<p style='font-size: 15px; color: inherit;'>Este USB C dock a\u00f1ade a sus dispositivos 2 puertos USB 3.0. As\u00ed que puede conectar cualquier USB perif\u00e9rico como disco duro&comma; usb memoria&comma; teclado&comma; rat\u00f3n&comma; pendrive&comma; etc&comma; y disfrutar\u00e1 de una velocidad de transmisi\u00f3n hasta 5Gbps.<\/p>\n<\/p><\/div>\n<div style='flex: 1 1 300px; min-width: 280px;'>\n<h3 style='font-size: 22px; border-bottom: 2px solid currentColor; padding-bottom: 5px; margin-top: 0; color: inherit; opacity: 0.8;'>CONEXI\u00d3N GIGABIT ETHERNET<\/h3>\n<p style='font-size: 15px; color: inherit;'>Adem\u00e1s de los 2 puertos USB 3.0 y el puerto HDMI&comma; este hub usb c a hdmi tambi\u00e9n disponga un puerto RJ45 gigabit ethernet. El rj45 ethernet le ofrecer\u00e1 una manera eficiente y pr\u00e1ctica para sustituir la tarjeta de red averiada de la placa&comma; o mejorar la conexi\u00f3n lan por gigabit 1000Mbps.<\/p>\n<\/p><\/div>\n<div style='flex: 1 1 300px; min-width: 280px;'>\n<h3 style='font-size: 22px; border-bottom: 2px solid currentColor; padding-bottom: 5px; margin-top: 0; color: inherit; opacity: 0.8;'>USB-C PD POWER DELIVERY<\/h3>\n<p style='font-size: 15px; color: inherit;'>Al lado del puerto USB 3.0&comma; se ve un USB C puerto con Power Delivery. Le permite cargar el port\u00e1til compatible con PD Carga. Se recomienda usar el original adaptador de corriente y cable original del port\u00e1til.<\/p>\n<\/p><\/div>\n<\/p><\/div>\n<p> <!-- Imagen de transici\u00f3n --> <img style='width: 100%; height: auto; border: 1px solid rgba(150&comma;150&comma;150&comma;0.3); border-radius: 8px;' src='http:\/\/ftp3.syscom.mx\/usuarios\/hallende\/UGREEN2\/Estaciones%20de%20acoplamiento\/10919\/10919-7..jpg' alt=''> <!-- Secci\u00f3n de caracter\u00edsticas especiales --> <\/p>\n<div style='display: flex; flex-wrap: wrap; gap: 30px; margin-bottom: 30px; margin-top: 30px;'>\n<div style='flex: 1 1 300px; min-width: 280px;'>\n<h3 style='font-size: 22px; border-bottom: 2px solid currentColor; padding-bottom: 5px; margin-top: 0; color: inherit; opacity: 0.8;'>4K 60Hz HDMI&comma; IMAGEN M\u00c1S CLARA<\/h3>\n<p style='font-size: 15px; color: inherit;'>El puerto HDMI admite la resoluci\u00f3n de hasta 4K 60Hz. Soporta el modo duplicado y extendido&comma; as\u00ed que es perfecto para hacer presentaciones&comma; ver pel\u00edculas&comma; etc. Nota: Para alcanzar 4K 60Hz&comma; su PC debe soportar DP1.4. De lo contrario&comma; s\u00f3lo admite 4K 30Hz. Dispositivo Compatible con 4K 60Hz (Lista incompleta): Macbook Air 13&#8221; M2 2022\/M1 2020&comma; Macbook Pro 13&#8221; M2 2022\/M1 2021 2020&comma; 15&#8217;\/16&#8242; 2019&comma; 15&#8242; 2018&comma; iPad Pro 2020\/2018&comma; DELL XPS 13 Book<\/p>\n<\/p><\/div>\n<div style='flex: 1 1 300px; min-width: 280px;'>\n<h3 style='font-size: 22px; border-bottom: 2px solid currentColor; padding-bottom: 5px; margin-top: 0; color: inherit; opacity: 0.8;'>USB 3.0 ALTA VELOCIDAD HASTA DE 5Gbps<\/h3>\n<p style='font-size: 15px; color: inherit;'>F\u00e1cilmente expande 2 puertos usb 3.0 para su macbook y disfrutas de la 5gbps velocidad de transferencia siendo a\u00fan m\u00e1s productiva. Es ideal para conectar cualquier perif\u00e9rico como memorias externas&comma; teclados&comma; ratones&comma; discos duros&comma; receptor bluetooth&comma; c\u00e1maras y m\u00e1s. Todos los puertos se pueden utilizar al mismo tiempo.<\/p>\n<\/p><\/div>\n<div style='flex: 1 1 300px; min-width: 280px;'>\n<h3 style='font-size: 22px; border-bottom: 2px solid currentColor; padding-bottom: 5px; margin-top: 0; color: inherit; opacity: 0.8;'>100W USB-C POWER DELIVERY PD CARGA<\/h3>\n<p style='font-size: 15px; color: inherit;'>El puerto USB-C puede cargar su port\u00e1til hasta 100W&comma; as\u00ed que con el cargador original&comma; la carga es tan r\u00e1pida como conectar el cargador directamente al port\u00e1til. Comparado con otros HUBs USB C sin PD carga en el mercado&comma; \u00e9ste le permite usar todos los puertos de este HUB sin preocupaci\u00f3n de agotarse la bater\u00eda de PC&comma; m\u00e1s estable y seguro.<\/p>\n<\/p><\/div>\n<div style='flex: 1 1 300px; min-width: 280px;'>\n<h3 style='font-size: 22px; border-bottom: 2px solid currentColor; padding-bottom: 5px; margin-top: 0; color: inherit; opacity: 0.8;'>M\u00c1S SEGURO<\/h3>\n<p style='font-size: 15px; color: inherit;'>Los chips inteligentes incorporados protegen este HUB USB C contra cortocircuitos&comma; sobrecargas&comma; sobrecalentamiento y sobretensi\u00f3n.<\/p>\n<\/p><\/div>\n<div style='flex: 1 1 300px; min-width: 280px;'>\n<h3 style='font-size: 22px; border-bottom: 2px solid currentColor; padding-bottom: 5px; margin-top: 0; color: inherit; opacity: 0.8;'>PEQUE\u00d1O Y LIGERO<\/h3>\n<p style='font-size: 15px; color: inherit;'>El tama\u00f1o peque\u00f1o lo hace port\u00e1til y ahorra mucho espacio en el escritorio&comma; f\u00e1cil de guardar en su bolso y llevar a todas partes.<\/p>\n<\/p><\/div>\n<\/p><\/div>\n<p> <!-- Imagen de aplicaciones --> <img style='width: 100%; height: auto; border: 1px solid rgba(150&comma;150&comma;150&comma;0.3); border-radius: 8px;' src='http:\/\/ftp3.syscom.mx\/usuarios\/hallende\/UGREEN2\/Estaciones%20de%20acoplamiento\/10919\/10919-13..jpg' alt=''> <!-- Secci\u00f3n de especificaciones --> <\/p>\n<div style='margin-top: 30px; margin-bottom: 30px;'>\n<h3 style='font-size: 22px; border-bottom: 2px solid currentColor; padding-bottom: 5px; margin-top: 0; color: inherit; opacity: 0.8;'>Especificaciones:<\/h3>\n<ul style='padding-left: 20px; font-size: 15px; color: inherit;'>\n<li style='margin-bottom: 5px;'><strong>Entrada:<\/strong> 1xUSB-C Macho<\/li>\n<li style='margin-bottom: 5px;'><strong>Salida:<\/strong> 2xUSB3.0 Hembra&comma; 1xHDMI (4Kx2K@30Hz)&comma; 1xRJ45 (1000Mbps)<\/li>\n<li style='margin-bottom: 5px;'><strong>Est\u00e1ndar USB:<\/strong> USB3.0 es capaz de proporcionar una velocidad de transferencia de datos de hasta 5 Gbps<\/li>\n<li style='margin-bottom: 5px;'><strong>Puerto de alimentaci\u00f3n:<\/strong> Admite hasta 100 W de carga PD<\/li>\n<li style='margin-bottom: 5px;'><strong>Material:<\/strong> Aleaci\u00f3n de aluminio<\/li>\n<li style='margin-bottom: 5px;'><strong>Dimensi\u00f3n:<\/strong> 122 mm x 26&comma;3 mm x 17&comma;6 mm<\/li>\n<li style='margin-bottom: 5px;'><strong>Garant\u00eda:<\/strong> 1 A\u00f1o<\/li>\n<\/ul><\/div>\n<\/p><\/div>\n","protected":false},"excerpt":{"rendered":"<p>HUB USB-C (Docking Station) 5 en 1 | Ultra Delgado | 2 USB-A 3.1 a (5 Gbps) | HDMI 4K@60Hz | RJ45 (Gigabit Ethernet) | USB-C PD Carga R\u00e1pida 100W | Soporta OTG | Chips Inteligentes | Peque\u00f1o y Ligero | Caja de Aluminio.<\/p>\n","protected":false},"featured_media":108172,"comment_status":"open","ping_status":"closed","template":"","meta":[],"product_brand":[],"product_cat":[1235],"product_tag":[417,1236,650],"class_list":{"0":"post-108173","1":"product","2":"type-product","3":"status-publish","4":"has-post-thumbnail","6":"product_cat-accesorios-para-computadora-y-smartphones","7":"product_tag-accesorios-generales","8":"product_tag-accesorios-para-computadora-y-smartphones","9":"product_tag-ugreen","11":"first","12":"instock","13":"sale","14":"shipping-taxable","15":"purchasable","16":"product-type-simple"},"_links":{"self":[{"href":"https:\/\/soydeaqui.ddns.net\/pachuca\/index.php\/wp-json\/wp\/v2\/product\/108173","targetHints":{"allow":["GET"]}}],"collection":[{"href":"https:\/\/soydeaqui.ddns.net\/pachuca\/index.php\/wp-json\/wp\/v2\/product"}],"about":[{"href":"https:\/\/soydeaqui.ddns.net\/pachuca\/index.php\/wp-json\/wp\/v2\/types\/product"}],"replies":[{"embeddable":true,"href":"https:\/\/soydeaqui.ddns.net\/pachuca\/index.php\/wp-json\/wp\/v2\/comments?post=108173"}],"wp:featuredmedia":[{"embeddable":true,"href":"https:\/\/soydeaqui.ddns.net\/pachuca\/index.php\/wp-json\/wp\/v2\/media\/108172"}],"wp:attachment":[{"href":"https:\/\/soydeaqui.ddns.net\/pachuca\/index.php\/wp-json\/wp\/v2\/media?parent=108173"}],"wp:term":[{"taxonomy":"product_brand","embeddable":true,"href":"https:\/\/soydeaqui.ddns.net\/pachuca\/index.php\/wp-json\/wp\/v2\/product_brand?post=108173"},{"taxonomy":"product_cat","embeddable":true,"href":"https:\/\/soydeaqui.ddns.net\/pachuca\/index.php\/wp-json\/wp\/v2\/product_cat?post=108173"},{"taxonomy":"product_tag","embeddable":true,"href":"https:\/\/soydeaqui.ddns.net\/pachuca\/index.php\/wp-json\/wp\/v2\/product_tag?post=108173"}],"curies":[{"name":"wp","href":"https:\/\/api.w.org\/{rel}","templated":true}]}}