{"id":107509,"date":"2026-03-20T17:12:31","date_gmt":"2026-03-20T17:12:31","guid":{"rendered":"https:\/\/soydeaqui.ddns.net\/pachuca\/index.php\/producto\/camara-ip-domo-unifi-protect-4-mpx-techo-o-pared-para-semi-exterior-con-proteccion-ipx4-y-antivandalica\/"},"modified":"2026-03-20T17:12:47","modified_gmt":"2026-03-20T17:12:47","slug":"camara-ip-domo-unifi-protect-4-mpx-techo-o-pared-para-semi-exterior-con-proteccion-ipx4-y-antivandalica","status":"publish","type":"product","link":"https:\/\/soydeaqui.ddns.net\/pachuca\/index.php\/producto\/camara-ip-domo-unifi-protect-4-mpx-techo-o-pared-para-semi-exterior-con-proteccion-ipx4-y-antivandalica\/","title":{"rendered":"C\u00e1mara IP Domo UniFi Protect 4 mpx, techo o pared,  para semi-exterior con protecci\u00f3n IPX4 y antivand\u00e1lica"},"content":{"rendered":"<div style='width: 100%; max-width: 1200px; margin: 0 auto; font-family: sans-serif; line-height: 1.6; color: inherit; background-color: transparent;'>\n<div style='display: flex; flex-wrap: wrap; gap: 30px; margin-bottom: 30px;'>\n<div style='flex: 1 1 300px; min-width: 280px;'> <img style='width: 100%; height: auto; border: 1px solid rgba(150&comma;150&comma;150&comma;0.3); border-radius: 8px;' src='https:\/\/ftp3.syscom.mx\/usuarios\/fotos\/UVCG4DOME\/207993-uvcg4dome.gif' alt='Camara UniFi G4 Domo'> <\/div>\n<div style='flex: 1 1 300px; min-width: 280px;'>\n<h3 style='font-size: 22px; border-bottom: 2px solid currentColor; padding-bottom: 5px; margin-top: 0; color: inherit; opacity: 0.8;'>Caracter\u00edsticas principales<\/h3>\n<p style='font-size: 14px; margin-bottom: 15px; text-align: justify;'>El domo G4 es una c\u00e1mara domo duradera y lista para exteriores que captura video de 4MP a 24 cuadros por segundo (FPS)&comma; brinda una vigilancia nocturna consistentemente clara con sus LED infrarrojos incorporados. El domo G4 tambi\u00e9n est\u00e1 protegido con una carcasa resistente a la intemperie con clasificaci\u00f3n IPX4 y resistencia al vandalismo con clasificaci\u00f3n IK08.<\/p>\n<p style='font-size: 14px; margin-bottom: 15px; text-align: justify;'>Dise\u00f1ado para una versatilidad \u00f3ptima&comma; el domo G4 compacto se puede montar discretamente en una pared o en el techo y&comma; seg\u00fan su orientaci\u00f3n&comma; puede girar o inclinar f\u00e1cilmente su lente para garantizar la vista correcta.<\/p>\n<div style='display: flex; flex-direction: column; gap: 10px; margin-top: 20px;'>\n<div style='display: flex; align-items: center; gap: 8px; font-size: 14px; color: inherit;'> <img style='width: 20px; height: 20px; border: none;' src='https:\/\/assets.ecomm.ui.com\/static\/key-features\/lens.svg' alt=''> <span>Resoluci\u00f3n de v\u00eddeo 2K (4MP)<\/span> <\/div>\n<div style='display: flex; align-items: center; gap: 8px; font-size: 14px; color: inherit;'> <img style='width: 20px; height: 20px; border: none;' src='https:\/\/assets.ecomm.ui.com\/static\/key-features\/wide_angle.svg' alt=''> <span>\u00c1ngulo de visi\u00f3n ultra amplio (102&comma;4\u00b0)<\/span> <\/div>\n<div style='display: flex; align-items: center; gap: 8px; font-size: 14px; color: inherit;'> <img style='width: 20px; height: 20px; border: none;' src='https:\/\/assets.ecomm.ui.com\/static\/key-features\/night.svg' alt=''> <span>Visi\u00f3n nocturna IR de 30 pies<\/span> <\/div>\n<div style='display: flex; align-items: center; gap: 8px; font-size: 14px; color: inherit;'> <img style='width: 20px; height: 20px; border: none;' src='https:\/\/assets.ecomm.ui.com\/static\/key-features\/range.svg' alt=''> <span>Detecciones de eventos de IA<\/span> <\/div>\n<div style='display: flex; align-items: center; gap: 8px; font-size: 14px; color: inherit;'> <img style='width: 20px; height: 20px; border: none;' src='https:\/\/assets.ecomm.ui.com\/static\/key-features\/sound.svg' alt=''> <span>Audio bidireccional integrado<\/span> <\/div>\n<div style='display: flex; align-items: center; gap: 8px; font-size: 14px; color: inherit;'> <img style='width: 20px; height: 20px; border: none;' src='https:\/\/assets.ecomm.ui.com\/static\/key-features\/poe.svg' alt=''> <span>Con\u00e9ctese y encienda usando PoE<\/span> <\/div>\n<div style='display: flex; align-items: center; gap: 8px; font-size: 14px; color: inherit;'> <img style='width: 20px; height: 20px; border: none;' src='https:\/\/assets.ecomm.ui.com\/static\/key-features\/waterdrop.svg' alt=''> <span>Resistente a la intemperie (al aire libre cubierto)<\/span> <\/div>\n<div style='display: flex; align-items: center; gap: 8px; font-size: 14px; color: inherit;'> <img style='width: 20px; height: 20px; border: none;' src='https:\/\/assets.ecomm.ui.com\/static\/key-features\/hammer.svg' alt=''> <span>Resistente al vandalismo<\/span> <\/div>\n<\/p><\/div>\n<\/p><\/div>\n<\/p><\/div>\n<p style='font-size: 14px; margin-bottom: 30px; text-align: justify;'> <strong>Nota:<\/strong> Se requiere UniFi Protect para ejecutar este producto con sus funcionalidades completas&comma; recomendamos usarlo con grabadores UniFi (<a style='color: inherit; text-decoration: underline;' href='https:\/\/www.syscom.mx\/producto\/UNVR-UBIQUITI-NETWORKS-188480.html'>UNVR<\/a> \/ <a style='color: inherit; text-decoration: underline;' href='https:\/\/www.syscom.mx\/producto\/UNVR-PRO-UBIQUITI-NETWORKS-200341.html'>UNVR-PRO<\/a>) o Consolas con UniFi OS (<a style='color: inherit; text-decoration: underline;' href='https:\/\/www.syscom.mx\/producto\/UDM-PRO-UBIQUITI-NETWORKS-177842.html'>UDM-PRO<\/a> \/ <a style='color: inherit; text-decoration: underline;' href='https:\/\/www.syscom.mx\/producto\/UDM-SE-UBIQUITI-NETWORKS-208007.html'>UDM-SE<\/a>) <\/p>\n<h2 style='font-size: 16px; margin-bottom: 20px; color: inherit; opacity: 0.8;'>\u00d3ptica<\/h2>\n<div style='display: flex; flex-wrap: wrap; gap: 20px; margin-bottom: 30px;'>\n<div style='flex: 1 1 250px; border: 1px solid rgba(150&comma; 150&comma; 150&comma; 0.4); border-radius: 8px; overflow: hidden; display: flex; flex-direction: column;'>\n<div style='padding: 15px; border-bottom: 1px solid rgba(150&comma; 150&comma; 150&comma; 0.2); font-weight: bold; font-size: 16px; color: inherit;'>Sensor<\/div>\n<div style='padding: 15px; font-size: 14px; color: inherit;'>5MP CMOS sensor<\/div>\n<\/p><\/div>\n<div style='flex: 1 1 250px; border: 1px solid rgba(150&comma; 150&comma; 150&comma; 0.4); border-radius: 8px; overflow: hidden; display: flex; flex-direction: column;'>\n<div style='padding: 15px; border-bottom: 1px solid rgba(150&comma; 150&comma; 150&comma; 0.2); font-weight: bold; font-size: 16px; color: inherit;'>Lente<\/div>\n<div style='padding: 15px; font-size: 14px; color: inherit;'>Distancia focal fija<\/div>\n<\/p><\/div>\n<div style='flex: 1 1 250px; border: 1px solid rgba(150&comma; 150&comma; 150&comma; 0.4); border-radius: 8px; overflow: hidden; display: flex; flex-direction: column;'>\n<div style='padding: 15px; border-bottom: 1px solid rgba(150&comma; 150&comma; 150&comma; 0.2); font-weight: bold; font-size: 16px; color: inherit;'>\u00c1ngulo de visi\u00f3n<\/div>\n<div style='padding: 15px; font-size: 14px; color: inherit;'>H: 102.4\u00b0&comma; V: 71.4\u00b0&comma; D: 134.3\u00b0<\/div>\n<\/p><\/div>\n<div style='flex: 1 1 250px; border: 1px solid rgba(150&comma; 150&comma; 150&comma; 0.4); border-radius: 8px; overflow: hidden; display: flex; flex-direction: column;'>\n<div style='padding: 15px; border-bottom: 1px solid rgba(150&comma; 150&comma; 150&comma; 0.2); font-weight: bold; font-size: 16px; color: inherit;'>Modo nocturno<\/div>\n<div style='padding: 15px; font-size: 14px; color: inherit;'>Sensor de luz incorporado&comma; iluminaci\u00f3n LED IR y filtro de corte IR<\/div>\n<\/p><\/div>\n<\/p><\/div>\n<h2 style='font-size: 16px; margin-bottom: 20px; color: inherit; opacity: 0.8;'>Video<\/h2>\n<div style='display: flex; flex-wrap: wrap; gap: 20px; margin-bottom: 30px;'>\n<div style='flex: 1 1 250px; border: 1px solid rgba(150&comma; 150&comma; 150&comma; 0.4); border-radius: 8px; overflow: hidden; display: flex; flex-direction: column;'>\n<div style='padding: 15px; border-bottom: 1px solid rgba(150&comma; 150&comma; 150&comma; 0.2); font-weight: bold; font-size: 16px; color: inherit;'>Compresi\u00f3n de video<\/div>\n<div style='padding: 15px; font-size: 14px; color: inherit;'>H.264<\/div>\n<\/p><\/div>\n<div style='flex: 1 1 250px; border: 1px solid rgba(150&comma; 150&comma; 150&comma; 0.4); border-radius: 8px; overflow: hidden; display: flex; flex-direction: column;'>\n<div style='padding: 15px; border-bottom: 1px solid rgba(150&comma; 150&comma; 150&comma; 0.2); font-weight: bold; font-size: 16px; color: inherit;'>Resoluci\u00f3n<\/div>\n<div style='padding: 15px; font-size: 14px; color: inherit;'>2688 x 1512 (16:9)<\/div>\n<\/p><\/div>\n<div style='flex: 1 1 250px; border: 1px solid rgba(150&comma; 150&comma; 150&comma; 0.4); border-radius: 8px; overflow: hidden; display: flex; flex-direction: column;'>\n<div style='padding: 15px; border-bottom: 1px solid rgba(150&comma; 150&comma; 150&comma; 0.2); font-weight: bold; font-size: 16px; color: inherit;'>Max. frame rate<\/div>\n<div style='padding: 15px; font-size: 14px; color: inherit;'>24 FPS<\/div>\n<\/p><\/div>\n<div style='flex: 1 1 250px; border: 1px solid rgba(150&comma; 150&comma; 150&comma; 0.4); border-radius: 8px; overflow: hidden; display: flex; flex-direction: column;'>\n<div style='padding: 15px; border-bottom: 1px solid rgba(150&comma; 150&comma; 150&comma; 0.2); font-weight: bold; font-size: 16px; color: inherit;'>Configuraciones de imagen<\/div>\n<div style='padding: 15px; font-size: 14px; color: inherit;'>Brillo&comma; contraste&comma; nitidez&comma; saturaci\u00f3n&comma; reducci\u00f3n de ruido&comma; 50\/60 Hz<\/div>\n<\/p><\/div>\n<\/p><\/div>\n<h2 style='font-size: 16px; margin-bottom: 20px; color: inherit; opacity: 0.8;'>Sistema<\/h2>\n<div style='display: flex; flex-wrap: wrap; gap: 20px; margin-bottom: 30px;'>\n<div style='flex: 1 1 250px; border: 1px solid rgba(150&comma; 150&comma; 150&comma; 0.4); border-radius: 8px; overflow: hidden; display: flex; flex-direction: column;'>\n<div style='padding: 15px; border-bottom: 1px solid rgba(150&comma; 150&comma; 150&comma; 0.2); font-weight: bold; font-size: 16px; color: inherit;'>Procesador<\/div>\n<div style='padding: 15px; font-size: 14px; color: inherit;'>Quad-core Arm\u00ae Cortex\u00ae-A53 based chip<\/div>\n<\/p><\/div>\n<div style='flex: 1 1 250px; border: 1px solid rgba(150&comma; 150&comma; 150&comma; 0.4); border-radius: 8px; overflow: hidden; display: flex; flex-direction: column;'>\n<div style='padding: 15px; border-bottom: 1px solid rgba(150&comma; 150&comma; 150&comma; 0.2); font-weight: bold; font-size: 16px; color: inherit;'>Interfaz de red<\/div>\n<div style='padding: 15px; font-size: 14px; color: inherit;'>GbE puerto RJ45<\/div>\n<\/p><\/div>\n<div style='flex: 1 1 250px; border: 1px solid rgba(150&comma; 150&comma; 150&comma; 0.4); border-radius: 8px; overflow: hidden; display: flex; flex-direction: column;'>\n<div style='padding: 15px; border-bottom: 1px solid rgba(150&comma; 150&comma; 150&comma; 0.2); font-weight: bold; font-size: 16px; color: inherit;'>M\u00e1ximo consumo de energ\u00eda<\/div>\n<div style='padding: 15px; font-size: 14px; color: inherit;'>5W<\/div>\n<\/p><\/div>\n<div style='flex: 1 1 250px; border: 1px solid rgba(150&comma; 150&comma; 150&comma; 0.4); border-radius: 8px; overflow: hidden; display: flex; flex-direction: column;'>\n<div style='padding: 15px; border-bottom: 1px solid rgba(150&comma; 150&comma; 150&comma; 0.2); font-weight: bold; font-size: 16px; color: inherit;'>M\u00e9todo de alimentaci\u00f3n<\/div>\n<div style='padding: 15px; font-size: 14px; color: inherit;'>PoE (802.3af&comma; NO incluye inyector. Recomendado <a style='color: inherit; text-decoration: underline;' href='https:\/\/www.syscom.mx\/principal\/searchcont?route=U-POE-AF-UBIQUITI-NETWORKS-155372&#038;autodetect=upoeaf'>U-POE-AF<\/a>)<\/div>\n<\/p><\/div>\n<div style='flex: 1 1 250px; border: 1px solid rgba(150&comma; 150&comma; 150&comma; 0.4); border-radius: 8px; overflow: hidden; display: flex; flex-direction: column;'>\n<div style='padding: 15px; border-bottom: 1px solid rgba(150&comma; 150&comma; 150&comma; 0.2); font-weight: bold; font-size: 16px; color: inherit;'>Rango de voltaje soportado<\/div>\n<div style='padding: 15px; font-size: 14px; color: inherit;'>44\u201457V DC<\/div>\n<\/p><\/div>\n<div style='flex: 1 1 250px; border: 1px solid rgba(150&comma; 150&comma; 150&comma; 0.4); border-radius: 8px; overflow: hidden; display: flex; flex-direction: column;'>\n<div style='padding: 15px; border-bottom: 1px solid rgba(150&comma; 150&comma; 150&comma; 0.2); font-weight: bold; font-size: 16px; color: inherit;'>LED<\/div>\n<div style='padding: 15px; font-size: 14px; color: inherit;'>R\/G\/B\/W<\/div>\n<\/p><\/div>\n<div style='flex: 1 1 250px; border: 1px solid rgba(150&comma; 150&comma; 150&comma; 0.4); border-radius: 8px; overflow: hidden; display: flex; flex-direction: column;'>\n<div style='padding: 15px; border-bottom: 1px solid rgba(150&comma; 150&comma; 150&comma; 0.2); font-weight: bold; font-size: 16px; color: inherit;'>Bot\u00f3n<\/div>\n<div style='padding: 15px; font-size: 14px; color: inherit;'>Factory reset<\/div>\n<\/p><\/div>\n<div style='flex: 1 1 250px; border: 1px solid rgba(150&comma; 150&comma; 150&comma; 0.4); border-radius: 8px; overflow: hidden; display: flex; flex-direction: column;'>\n<div style='padding: 15px; border-bottom: 1px solid rgba(150&comma; 150&comma; 150&comma; 0.2); font-weight: bold; font-size: 16px; color: inherit;'>Temperatura de operaci\u00f3n<\/div>\n<div style='padding: 15px; font-size: 14px; color: inherit;'>-20 to 40\u00b0 C (-4 to 104\u00b0 F)<\/div>\n<\/p><\/div>\n<div style='flex: 1 1 250px; border: 1px solid rgba(150&comma; 150&comma; 150&comma; 0.4); border-radius: 8px; overflow: hidden; display: flex; flex-direction: column;'>\n<div style='padding: 15px; border-bottom: 1px solid rgba(150&comma; 150&comma; 150&comma; 0.2); font-weight: bold; font-size: 16px; color: inherit;'>Operativa en humedad<\/div>\n<div style='padding: 15px; font-size: 14px; color: inherit;'>0 to 90% sin condensar<\/div>\n<\/p><\/div>\n<div style='flex: 1 1 250px; border: 1px solid rgba(150&comma; 150&comma; 150&comma; 0.4); border-radius: 8px; overflow: hidden; display: flex; flex-direction: column;'>\n<div style='padding: 15px; border-bottom: 1px solid rgba(150&comma; 150&comma; 150&comma; 0.2); font-weight: bold; font-size: 16px; color: inherit;'>Certificaciones<\/div>\n<div style='padding: 15px; font-size: 14px; color: inherit;'>FCC&comma; IC&comma; CE<\/div>\n<\/p><\/div>\n<\/p><\/div>\n<hr style='border: 0; border-top: 1px solid rgba(150&comma; 150&comma; 150&comma; 0.3); margin: 30px 0;'> <\/div>\n","protected":false},"excerpt":{"rendered":"<p>C\u00e1mara IP Domo UniFi Protect 4 mpx, techo o pared,  para semi-exterior con protecci\u00f3n IPX4 y antivand\u00e1lica<\/p>\n","protected":false},"featured_media":107508,"comment_status":"open","ping_status":"closed","template":"","meta":[],"product_brand":[],"product_cat":[2056],"product_tag":[122,2057,166],"class_list":{"0":"post-107509","1":"product","2":"type-product","3":"status-publish","4":"has-post-thumbnail","6":"product_cat-domo-eyeball-turret","7":"product_tag-camaras-ip-y-nvrs","8":"product_tag-domo-eyeball-turret","9":"product_tag-ubiquiti","11":"first","12":"outofstock","13":"sale","14":"shipping-taxable","15":"purchasable","16":"product-type-simple"},"_links":{"self":[{"href":"https:\/\/soydeaqui.ddns.net\/pachuca\/index.php\/wp-json\/wp\/v2\/product\/107509","targetHints":{"allow":["GET"]}}],"collection":[{"href":"https:\/\/soydeaqui.ddns.net\/pachuca\/index.php\/wp-json\/wp\/v2\/product"}],"about":[{"href":"https:\/\/soydeaqui.ddns.net\/pachuca\/index.php\/wp-json\/wp\/v2\/types\/product"}],"replies":[{"embeddable":true,"href":"https:\/\/soydeaqui.ddns.net\/pachuca\/index.php\/wp-json\/wp\/v2\/comments?post=107509"}],"wp:featuredmedia":[{"embeddable":true,"href":"https:\/\/soydeaqui.ddns.net\/pachuca\/index.php\/wp-json\/wp\/v2\/media\/107508"}],"wp:attachment":[{"href":"https:\/\/soydeaqui.ddns.net\/pachuca\/index.php\/wp-json\/wp\/v2\/media?parent=107509"}],"wp:term":[{"taxonomy":"product_brand","embeddable":true,"href":"https:\/\/soydeaqui.ddns.net\/pachuca\/index.php\/wp-json\/wp\/v2\/product_brand?post=107509"},{"taxonomy":"product_cat","embeddable":true,"href":"https:\/\/soydeaqui.ddns.net\/pachuca\/index.php\/wp-json\/wp\/v2\/product_cat?post=107509"},{"taxonomy":"product_tag","embeddable":true,"href":"https:\/\/soydeaqui.ddns.net\/pachuca\/index.php\/wp-json\/wp\/v2\/product_tag?post=107509"}],"curies":[{"name":"wp","href":"https:\/\/api.w.org\/{rel}","templated":true}]}}