{"id":107466,"date":"2026-03-20T17:10:13","date_gmt":"2026-03-20T17:10:13","guid":{"rendered":"https:\/\/soydeaqui.ddns.net\/pachuca\/index.php\/producto\/receptor-compatible-para-kits-tt592-resolucion-4k60hz-cat-5e-6-distancia-de-100-m-ipcolor-control-ir-cero-latencia-compatible-con-switch-gigabit\/"},"modified":"2026-03-20T17:10:22","modified_gmt":"2026-03-20T17:10:22","slug":"receptor-compatible-para-kits-tt592-resolucion-4k60hz-cat-5e-6-distancia-de-100-m-ipcolor-control-ir-cero-latencia-compatible-con-switch-gigabit","status":"publish","type":"product","link":"https:\/\/soydeaqui.ddns.net\/pachuca\/index.php\/producto\/receptor-compatible-para-kits-tt592-resolucion-4k60hz-cat-5e-6-distancia-de-100-m-ipcolor-control-ir-cero-latencia-compatible-con-switch-gigabit\/","title":{"rendered":"Receptor Compatible para Kits TT592 \/ Resoluci\u00f3n 4K@60Hz \/ Cat 5e\/6 \/ Distancia de 100 m \/ IPCOLOR \/ Control IR \/  Cero Latencia \/ Compatible con Switch Gigabit."},"content":{"rendered":"<div style='width: 100%; max-width: 1200px; margin: 0 auto; font-family: sans-serif; line-height: 1.6; color: inherit; background-color: transparent;'>\n<div style='width: 100%; margin-bottom: 30px;'>\n<h1 style='font-size: 28px; color: inherit; text-align: center; margin: 0 0 10px 0;'><strong>TT592RX<\/strong><\/h1>\n<h3 style='color: inherit; opacity: 0.7; text-align: center; margin: 0 0 20px 0;'>Receptor para kits TT592&comma; 4K@60HZ sobre IP Gigabit \/ IPCOLOR \/ Cero Latencia \/ ARC<\/h3>\n<p style='text-align: center; margin: 0 70px; font-size: 15px; color: inherit;'> El TT592RX es un receptor para el kit extensor HDMI TT592 sobre IP&comma; que adopta la tecnolog\u00eda ipcolor&comma; la cual es una tecnolog\u00eda innovadora y l\u00edder mundial para transmisi\u00f3n digital de video de ultra alta definici\u00f3n&comma; se centra en la transmisi\u00f3n 4K @ 60Hz SIN COMPRIMIR Y CON CERO LATENCIA&comma; en comparaci\u00f3n con otros extensores 4K @ 60Hz los productos ipcolor tienen una mayor calidad en video y mayor distancia con un precio m\u00e1s competitivo. La se\u00f1al HDMI de 4K a 60 Hz se puede extender 100 m mediante cable de red CAT6\/6A\/7. Tiene funciones como HDMI loop out&comma; paso de IR bidireccional&comma; ARC&comma; etc. Admite conexi\u00f3n uno a uno y tambi\u00e9n admite una conexi\u00f3n de uno a muchos a trav\u00e9s de un switch Gigabit o realiza una conexi\u00f3n en cascada a trav\u00e9s de varios switch. Este extensor es una soluci\u00f3n confiable de transmisi\u00f3n de video de ultra alta definici\u00f3n&comma; que se usa ampliamente en monitoreo de seguridad&comma; tr\u00e1nsito ferroviario&comma; radiodifusi\u00f3n&comma; ciudades inteligentes&comma; etc. <\/p>\n<\/p><\/div>\n<div style='display: flex; flex-wrap: wrap; gap: 30px; margin-bottom: 30px;'>\n<div style='flex: 1 1 300px; min-width: 280px;'>\n<div style='border: 1px solid rgba(150&comma; 150&comma; 150&comma; 0.3); border-radius: 8px; overflow: hidden; display: flex; flex-direction: column; height: 100%;'>\n<div style='background-color: rgba(150&comma; 150&comma; 150&comma; 0.1); padding: 15px; border-bottom: 1px solid rgba(150&comma; 150&comma; 150&comma; 0.3);'>\n<h3 style='font-size: 18px; margin: 0; color: inherit; font-weight: bold;'>Caracter\u00edsticas Principales:<\/h3>\n<\/p><\/div>\n<div style='padding: 15px; flex-grow: 1;'> <img style='width: 100%; height: auto; border: 1px solid rgba(150&comma;150&comma;150&comma;0.3); border-radius: 8px; margin-bottom: 15px;' src='http:\/\/ftp3.syscom.mx\/usuarios\/hallende\/EPCOM%20Titanium\/TT-592-RX\/TT592-RX-1.png' alt='...'> <\/p>\n<ul style='padding-left: 20px; font-size: 14px; color: inherit; list-style-position: inside;'>\n<li style='margin-bottom: 8px;'><strong>Receptor compatible con el Kit TT592<\/strong><\/li>\n<li style='margin-bottom: 8px;'><strong>Resoluci\u00f3n 4K @ 60Hz (4096&#215;2160 @24\/25\/30\/50\/60Hz)<\/strong><\/li>\n<li style='margin-bottom: 8px;'><strong>Soporta la conexi\u00f3n de 1 transmisor a muchos receptores esto permite dividir y extender la se\u00f1al de video fuente.<\/strong><\/li>\n<li style='margin-bottom: 8px;'><strong>Permite la conexi\u00f3n mediante Switch Gigabit en cascada para extender ilimitadamente<\/strong><\/li>\n<li style='margin-bottom: 8px;'>Admite transmisi\u00f3n LAN para construir una red de manera flexible.<\/li>\n<li style='margin-bottom: 8px;'>Baja latencia en la transmisi\u00f3n de video<\/li>\n<li style='margin-bottom: 8px;'>Compatible con HDMI ARC y HDMI CEC.<\/li>\n<li style='margin-bottom: 8px;'><strong>Admite paso de RS-232 y control de comando.<\/strong><\/li>\n<li style='margin-bottom: 8px;'>Ancho de banda de video 18 Mbps (10.2G)<\/li>\n<\/ul><\/div>\n<\/p><\/div>\n<\/p><\/div>\n<div style='flex: 1 1 300px; min-width: 280px;'>\n<div style='border: 1px solid rgba(150&comma; 150&comma; 150&comma; 0.3); border-radius: 8px; overflow: hidden; display: flex; flex-direction: column; height: 100%;'>\n<div style='background-color: rgba(150&comma; 150&comma; 150&comma; 0.1); padding: 15px; border-bottom: 1px solid rgba(150&comma; 150&comma; 150&comma; 0.3);'>\n<h3 style='font-size: 18px; margin: 0; color: inherit; font-weight: bold;'>Caracter\u00edsticas F\u00edsicas y El\u00e9ctricas:<\/h3>\n<\/p><\/div>\n<div style='padding: 15px; flex-grow: 1;'> <img style='width: 100%; height: auto; border: 1px solid rgba(150&comma;150&comma;150&comma;0.3); border-radius: 8px; margin-bottom: 15px;' src='http:\/\/ftp3.syscom.mx\/usuarios\/hallende\/EPCOM%20Titanium\/TT-592-RX\/TT592-RX-2.png' alt='...'> <\/p>\n<ul style='padding-left: 20px; font-size: 14px; color: inherit; list-style-position: inside;'>\n<li style='margin-bottom: 8px;'><strong>Alimentaci\u00f3n incluida de 5 Vcc&comma; 2 A<\/strong> <span style='color: #0000ff;'>(Fuente de alimentaci\u00f3n incluida)<\/span><\/li>\n<li style='margin-bottom: 8px;'>Potencia de consumo 4 W<\/li>\n<li style='margin-bottom: 8px;'>Dimensiones 124.0 mm (L) x 115.5 mm (W) x 20.5 mm (H)<\/li>\n<li style='margin-bottom: 8px;'>Peso 335g<\/li>\n<li style='margin-bottom: 8px;'>Temperatura de operaci\u00f3n -20~60\u00b0<\/li>\n<li style='margin-bottom: 8px;'>Temperatura de almacenamiento -30~70\u00b0C<\/li>\n<li style='margin-bottom: 8px;'>Color Negro<\/li>\n<li style='margin-bottom: 8px;'><strong>1 A\u00f1o de Garant\u00eda por defectos de f\u00e1brica<\/strong><\/li>\n<\/ul><\/div>\n<\/p><\/div>\n<\/p><\/div>\n<div style='flex: 1 1 300px; min-width: 280px;'>\n<div style='border: 1px solid rgba(150&comma; 150&comma; 150&comma; 0.3); border-radius: 8px; overflow: hidden; display: flex; flex-direction: column; height: 100%;'>\n<div style='background-color: rgba(150&comma; 150&comma; 150&comma; 0.1); padding: 15px; border-bottom: 1px solid rgba(150&comma; 150&comma; 150&comma; 0.3);'>\n<h3 style='font-size: 18px; margin: 0; color: inherit; font-weight: bold;'>Caracter\u00edsticas Destacadas:<\/h3>\n<\/p><\/div>\n<div style='padding: 15px; flex-grow: 1;'> <img style='width: 100%; height: auto; border: 1px solid rgba(150&comma;150&comma;150&comma;0.3); border-radius: 8px; margin-bottom: 15px;' src='http:\/\/ftp3.syscom.mx\/usuarios\/hallende\/EPCOM%20Titanium\/TT-592-RX\/TT592-RX-3.png' alt='...'> <\/p>\n<ul style='padding-left: 20px; font-size: 14px; color: inherit; list-style-position: inside;'>\n<li style='margin-bottom: 8px;'>Adopta una nueva tecnolog\u00eda de transmisi\u00f3n digital de s\u00faper alta definici\u00f3n.<\/li>\n<li style='margin-bottom: 8px;'>Admite la funci\u00f3n de transferencia de infrarrojos bidireccional (con el control remoto del equipo fuente) para control a larga distancia.<\/li>\n<li style='margin-bottom: 8px;'>Admite formato de audio LPCM 7.1\/DTS-HD\/DTS-Audio\/Dolby Digital plus\/Dolby TrueHD7.1CH\/Dolby Atmos<\/li>\n<li style='margin-bottom: 8px;'>El receptor puede emitir la fuente de audio adicionalmente a trav\u00e9s del puerto S\/PDIF.<\/li>\n<li style='margin-bottom: 8px;'>Admite actualizaci\u00f3n de firmware a trav\u00e9s de micro USB.<\/li>\n<li style='margin-bottom: 8px;'><strong>Protecci\u00f3n contra rayos&comma; protecci\u00f3n contra sobretensiones&comma; protecci\u00f3n ESD.<\/strong><\/li>\n<li style='margin-bottom: 8px;'>Dise\u00f1o de carcasa de aleaci\u00f3n de aluminio&comma; estable y duradero<\/li>\n<li style='margin-bottom: 8px; color: #e60000;'><strong>Compatible con el kit TT592<\/strong><\/li>\n<\/ul><\/div>\n<\/p><\/div>\n<\/p><\/div>\n<\/p><\/div>\n<div style='width: 100%; margin: 30px 0;'> <img style='width: 100%; height: auto; border: 1px solid rgba(150&comma;150&comma;150&comma;0.3); border-radius: 8px;' src='http:\/\/ftp3.syscom.mx\/usuarios\/hallende\/EPCOM%20Titanium\/TT-592-RX\/TT592%20POSTER.jpg' alt=''> <\/div>\n<div style='width: 100%; margin: 30px 0;'>   <\/div>\n<div style='width: 100%; margin: 30px 0;'>\n<h3 style='font-size: 20px; color: inherit; border-bottom: 2px solid currentColor; padding-bottom: 5px; margin-top: 0; margin-bottom: 20px; opacity: 0.8;'>Videos<\/h3>\n<div style='display: grid; grid-template-columns: repeat(auto-fill&comma; minmax(320px&comma; 1fr)); gap: 20px;'>\n<div style='position: relative; padding-bottom: 56.25%; height: 0; overflow: hidden; border: 1px solid rgba(150&comma;150&comma;150&comma;0.3); border-radius: 8px;'>   <\/div>\n<div style='position: relative; padding-bottom: 56.25%; height: 0; overflow: hidden; border: 1px solid rgba(150&comma;150&comma;150&comma;0.3); border-radius: 8px;'>   <\/div>\n<div style='position: relative; padding-bottom: 56.25%; height: 0; overflow: hidden; border: 1px solid rgba(150&comma;150&comma;150&comma;0.3); border-radius: 8px;'>   <\/div>\n<\/p><\/div>\n<\/p><\/div>\n<\/p><\/div>\n","protected":false},"excerpt":{"rendered":"<p>Receptor Compatible para Kits TT592 \/ Resoluci\u00f3n 4K@60Hz \/ Cat 5e\/6 \/ Distancia de 100 m \/ IPCOLOR \/ Control IR \/  Cero Latencia \/ Compatible con Switch Gigabit.<\/p>\n","protected":false},"featured_media":107465,"comment_status":"open","ping_status":"closed","template":"","meta":[],"product_brand":[],"product_cat":[2073,2074,2077,2075,2072,2076],"product_tag":[417,2079,2080,2083,507,2081,2078,2082],"class_list":{"0":"post-107466","1":"product","2":"type-product","3":"status-publish","4":"has-post-thumbnail","6":"product_cat-convertidores","7":"product_cat-divisores","8":"product_cat-dvi","9":"product_cat-hdmi","10":"product_cat-kits-extensores","11":"product_cat-vga","12":"product_tag-accesorios-generales","13":"product_tag-convertidores","14":"product_tag-divisores","15":"product_tag-dvi","16":"product_tag-epcom-titanium","17":"product_tag-hdmi","18":"product_tag-kits-extensores","19":"product_tag-vga","21":"first","22":"instock","23":"sale","24":"shipping-taxable","25":"purchasable","26":"product-type-simple"},"_links":{"self":[{"href":"https:\/\/soydeaqui.ddns.net\/pachuca\/index.php\/wp-json\/wp\/v2\/product\/107466","targetHints":{"allow":["GET"]}}],"collection":[{"href":"https:\/\/soydeaqui.ddns.net\/pachuca\/index.php\/wp-json\/wp\/v2\/product"}],"about":[{"href":"https:\/\/soydeaqui.ddns.net\/pachuca\/index.php\/wp-json\/wp\/v2\/types\/product"}],"replies":[{"embeddable":true,"href":"https:\/\/soydeaqui.ddns.net\/pachuca\/index.php\/wp-json\/wp\/v2\/comments?post=107466"}],"wp:featuredmedia":[{"embeddable":true,"href":"https:\/\/soydeaqui.ddns.net\/pachuca\/index.php\/wp-json\/wp\/v2\/media\/107465"}],"wp:attachment":[{"href":"https:\/\/soydeaqui.ddns.net\/pachuca\/index.php\/wp-json\/wp\/v2\/media?parent=107466"}],"wp:term":[{"taxonomy":"product_brand","embeddable":true,"href":"https:\/\/soydeaqui.ddns.net\/pachuca\/index.php\/wp-json\/wp\/v2\/product_brand?post=107466"},{"taxonomy":"product_cat","embeddable":true,"href":"https:\/\/soydeaqui.ddns.net\/pachuca\/index.php\/wp-json\/wp\/v2\/product_cat?post=107466"},{"taxonomy":"product_tag","embeddable":true,"href":"https:\/\/soydeaqui.ddns.net\/pachuca\/index.php\/wp-json\/wp\/v2\/product_tag?post=107466"}],"curies":[{"name":"wp","href":"https:\/\/api.w.org\/{rel}","templated":true}]}}