{"id":107355,"date":"2026-03-20T17:04:09","date_gmt":"2026-03-20T17:04:09","guid":{"rendered":"https:\/\/soydeaqui.ddns.net\/pachuca\/index.php\/producto\/1-dispositivo-de-control-de-acceso-para-open-desk-pro-o-api-para-desarrollos-de-terceros-suscripcion-anual\/"},"modified":"2026-03-20T17:04:10","modified_gmt":"2026-03-20T17:04:10","slug":"1-dispositivo-de-control-de-acceso-para-open-desk-pro-o-api-para-desarrollos-de-terceros-suscripcion-anual","status":"publish","type":"product","link":"https:\/\/soydeaqui.ddns.net\/pachuca\/index.php\/producto\/1-dispositivo-de-control-de-acceso-para-open-desk-pro-o-api-para-desarrollos-de-terceros-suscripcion-anual\/","title":{"rendered":"1 Dispositivo de Control de Acceso para Open Desk PRO o API para Desarrollos de Terceros \/ Suscripci\u00f3n Anual"},"content":{"rendered":"<div style='width: 100%; max-width: 1200px; margin: 0 auto; font-family: sans-serif; line-height: 1.6; color: inherit; background-color: transparent;'>\n<div style='width: 100%; text-align: center; margin: 30px 0;'> <img style='width: 50%; max-width: 300px; height: auto; border: none; border-radius: 8px;' src='https:\/\/ftp3.syscom.mx\/usuarios\/xguereque\/opendesk\/Logo-blanco.svg' alt='Logo Open Desk PRO'> <\/div>\n<div style='width: 100%; text-align: center; padding: 10px; margin: 20px 0;'> <a style='font-size: 20px; color: inherit; text-decoration: none; border-bottom: 2px solid currentColor; padding-bottom: 2px; display: inline-block;' href='https:\/\/syscom.opendesk.mx\/desk?u=ZGVtb0BvcGVuZGVzay5teA==&#038;p=MTIzNDU=' target='_blank' rel='noopener'>Ver demo en l\u00ednea aqu\u00ed<\/a> <\/div>\n<div style='display: flex; flex-wrap: wrap; gap: 30px; margin-bottom: 30px;'>\n<div style='flex: 1 1 300px; min-width: 280px;'>\n<h3 style='font-size: 22px; border-bottom: 2px solid currentColor; padding-bottom: 5px; margin-top: 0; color: inherit; opacity: 0.8;'>Caracter\u00edsticas principales<\/h3>\n<ul style='padding-left: 20px; font-size: 15px; color: inherit;'>\n<li style='margin-bottom: 5px;'>No requiere instalaciones&comma; funciona 100% nube en dispositivos Hikvision <span style='color: #e74c3c;'>(consultar compatibilidad)<\/span>.<\/li>\n<li style='margin-bottom: 5px;'>Conexi\u00f3n de dispositivos de control de acceso mediante protocolo ISUP5.0&comma; sin apertura de puertos ni direcciones ip p\u00fablicas.<\/li>\n<li style='margin-bottom: 5px;'>API disponible para consumirlos desde aplicaciones terceras o directo con Open Desk PRO.<\/li>\n<li style='margin-bottom: 5px;'>Administraci\u00f3n de biom\u00e9tricos y accesos de manera remota.<\/li>\n<li style='margin-bottom: 5px;'>Captura de rostros desde dispositivos m\u00f3viles.<\/li>\n<li style='margin-bottom: 5px;'>Generaci\u00f3n de c\u00f3digos QR.<\/li>\n<li style='margin-bottom: 5px;'>Enrolamiento remoto de huellas dactilares y tarjetas de acceso.<\/li>\n<li style='margin-bottom: 5px;'>Grupos de acceso<\/li>\n<li style='margin-bottom: 5px;'>Tiempo y asistencia en m\u00faltiples sucursales<\/li>\n<li style='margin-bottom: 5px;'>Suscripci\u00f3n de 1 mes.<\/li>\n<\/ul>\n<h4 style='font-size: 18px; margin-top: 25px; margin-bottom: 10px; color: inherit; opacity: 0.8;'>Notas<\/h4>\n<ul style='padding-left: 20px; font-size: 15px; color: inherit;'>\n<li style='margin-bottom: 5px;'>El m\u00f3dulo de control de acceso s\u00f3lo es compatible con biom\u00e9tricos Hikvision.<\/li>\n<li style='margin-bottom: 5px;'>No requiere licencia de usuarios a menos que se requieran usuarios adicionales.<\/li>\n<\/ul><\/div>\n<\/p><\/div>\n<div style='width: 100%; margin: 30px 0; padding: 20px; font-size: 16px; text-align: center; background-color: rgba(228&comma; 228&comma; 228&comma; 0.2); border: 1px solid rgba(150&comma; 150&comma; 150&comma; 0.3); border-radius: 8px;'> <a style='color: inherit; text-decoration: none; font-weight: bold; border-bottom: 2px solid currentColor; padding-bottom: 2px; display: inline-block;' href='https:\/\/soporte.syscom.mx\/es\/articles\/6449491-open-desk-pro-lista-de-compatibilidad-con-hikvision' target='_blank' rel='noopener'>Consulte los modelos <strong>Hikvision<\/strong> compatibles dando clic aqu\u00ed<\/a> <\/div>\n<div style='width: 100%; text-align: center; margin: 40px 0 20px;'>\n<h2 style='margin-top: 0; font-size: 24px; color: inherit; opacity: 0.8;'>Soluciones para negocios modernos<\/h2>\n<p style='font-size: 16px; color: inherit; opacity: 0.7;'>Un sistema modular ajustable para infinitas soluciones<\/p>\n<\/p><\/div>\n<div style='display: grid; grid-template-columns: repeat(auto-fit&comma; minmax(280px&comma; 1fr)); gap: 30px; margin-bottom: 30px;'>\n<div style='text-align: center;'> <img style='width: 100%; max-width: 300px; height: auto; border: 1px solid rgba(150&comma;150&comma;150&comma;0.3); border-radius: 8px;' src='https:\/\/ftp3.syscom.mx\/usuarios\/xguereque\/opendesk\/imagen1.png' alt='Todas las sucursales en l\u00ednea'> <\/p>\n<h3 style='font-size: 20px; margin-top: 15px; margin-bottom: 10px; color: inherit;'>Todas las sucursales en l\u00ednea<\/h3>\n<p style='font-size: 14px; color: inherit;'>Tenga en orden las existencias de todos sus almacenes&comma; valor del inventario&comma; genere cotizaciones y ventas sin instalar apps. Solo unos cuantos clics se requieren para saber el estado de sus operaciones en tiempo real.<\/p>\n<\/p><\/div>\n<div style='text-align: center;'> <img style='width: 100%; max-width: 300px; height: auto; border: 1px solid rgba(150&comma;150&comma;150&comma;0.3); border-radius: 8px;' src='https:\/\/ftp3.syscom.mx\/usuarios\/xguereque\/opendesk\/imagen2.png' alt='Accesos con biom\u00e9tricos'> <\/p>\n<h3 style='font-size: 20px; margin-top: 15px; margin-bottom: 10px; color: inherit;'>Accesos con biom\u00e9tricos<\/h3>\n<p style='font-size: 14px; color: inherit;'>Administre el acceso con dispositivos de control de acceso desde la nube a clubes&comma; gimnasios&comma; fraccionamientos&comma; Airbnb&comma; etc. Registros de ingreso&comma; tiempo y asistencia.<\/p>\n<\/p><\/div>\n<\/p><\/div>\n<div style='display: grid; grid-template-columns: repeat(auto-fit&comma; minmax(280px&comma; 1fr)); gap: 30px; margin-bottom: 30px;'>\n<div style='text-align: center;'> <img style='width: 100%; max-width: 300px; height: auto; border: 1px solid rgba(150&comma;150&comma;150&comma;0.3); border-radius: 8px;' src='https:\/\/ftp3.syscom.mx\/usuarios\/xguereque\/opendesk\/imagen3.png' alt='Cobre en l\u00ednea'> <\/p>\n<h3 style='font-size: 20px; margin-top: 15px; margin-bottom: 10px; color: inherit;'>Cobre en l\u00ednea<\/h3>\n<p style='font-size: 14px; color: inherit;'>Acepte pagos con tarjeta de cr\u00e9dito o d\u00e9bito.<\/p>\n<\/p><\/div>\n<\/p><\/div>\n<div style='width: 100%; margin: 40px 0; padding: 20px; text-align: center; background-color: rgba(0&comma; 158&comma; 247&comma; 0.1); border: 1px solid rgba(0&comma; 158&comma; 247&comma; 0.3); border-radius: 8px;'>\n<h3 style='margin-top: 0; margin-bottom: 10px; font-size: 18px; color: inherit;'>Software de calidad&comma; servicio de primera<\/h3>\n<p style='margin: 0; font-size: 14px; color: inherit;'>100% confiable y seguro&comma; desarrollado en M\u00e9xico con infraestructura en AWS<\/p>\n<\/p><\/div>\n<div style='width: 100%; text-align: center; margin: 40px 0 20px;'>\n<h2 style='margin-top: 0; font-size: 24px; color: inherit; opacity: 0.8;'>Caracter\u00edsticas \u00fanicas&comma; tecnolog\u00eda creciente<\/h2>\n<p style='font-size: 16px; color: inherit; opacity: 0.7;'>Todos los d\u00edas desarrollamos nuevos m\u00f3dulos&comma; la innovaci\u00f3n est\u00e1 en nuestro ADN<\/p>\n<\/p><\/div>\n<div style='display: grid; grid-template-columns: repeat(auto-fit&comma; minmax(250px&comma; 1fr)); gap: 20px; margin-bottom: 30px;'>\n<div style='border: 1px solid rgba(150&comma; 150&comma; 150&comma; 0.3); border-radius: 8px; overflow: hidden; display: flex; flex-direction: column;'>\n<div style='padding: 15px; border-bottom: 1px solid rgba(150&comma; 150&comma; 150&comma; 0.2); font-weight: bold; font-size: 16px; color: inherit;'>Notificaciones en tiempo real<\/div>\n<div style='padding: 15px; color: inherit; flex-grow: 1;'>\n<div style='margin-bottom: 15px; text-align: center;'> <img style='width: auto; height: 50px; border: none;' src='https:\/\/ftp3.syscom.mx\/usuarios\/xguereque\/opendesk\/icono1.png' alt=''> <\/div>\n<p style='font-size: 14px; margin: 0; color: inherit;'>Los servidores de Open Desk PRO le notifican en el momento aquellas situaciones que requieren su atenci\u00f3n.<\/p>\n<\/p><\/div>\n<\/p><\/div>\n<div style='border: 1px solid rgba(150&comma; 150&comma; 150&comma; 0.3); border-radius: 8px; overflow: hidden; display: flex; flex-direction: column;'>\n<div style='padding: 15px; border-bottom: 1px solid rgba(150&comma; 150&comma; 150&comma; 0.2); font-weight: bold; font-size: 16px; color: inherit;'>P2P para control de acceso<\/div>\n<div style='padding: 15px; color: inherit; flex-grow: 1;'>\n<div style='margin-bottom: 15px; text-align: center;'> <img style='width: auto; height: 50px; border: none;' src='https:\/\/ftp3.syscom.mx\/usuarios\/xguereque\/opendesk\/icono2.png' alt=''> <\/div>\n<p style='font-size: 14px; margin: 0; color: inherit;'>Comunique sus dispositivos de detecci\u00f3n de rostro&comma; huella o tarjeta con Open Desk en segundos.<\/p>\n<\/p><\/div>\n<\/p><\/div>\n<div style='border: 1px solid rgba(150&comma; 150&comma; 150&comma; 0.3); border-radius: 8px; overflow: hidden; display: flex; flex-direction: column;'>\n<div style='padding: 15px; border-bottom: 1px solid rgba(150&comma; 150&comma; 150&comma; 0.2); font-weight: bold; font-size: 16px; color: inherit;'>Timbrado CFDI 4.0<\/div>\n<div style='padding: 15px; color: inherit; flex-grow: 1;'>\n<div style='margin-bottom: 15px; text-align: center;'> <img style='width: auto; height: 50px; border: none;' src='https:\/\/ftp3.syscom.mx\/usuarios\/xguereque\/opendesk\/icono3.png' alt=''> <\/div>\n<p style='font-size: 14px; margin: 0; color: inherit;'>Timbre sus comprobantes fiscales en el momento desde Open Desk con las \u00faltimas disposiciones del SAT.<\/p>\n<\/p><\/div>\n<\/p><\/div>\n<div style='border: 1px solid rgba(150&comma; 150&comma; 150&comma; 0.3); border-radius: 8px; overflow: hidden; display: flex; flex-direction: column;'>\n<div style='padding: 15px; border-bottom: 1px solid rgba(150&comma; 150&comma; 150&comma; 0.2); font-weight: bold; font-size: 16px; color: inherit;'>C\u00e1lculo de costos de env\u00edo<\/div>\n<div style='padding: 15px; color: inherit; flex-grow: 1;'>\n<div style='margin-bottom: 15px; text-align: center;'> <img style='width: auto; height: 50px; border: none;' src='https:\/\/ftp3.syscom.mx\/usuarios\/xguereque\/opendesk\/icono4.png' alt=''> <\/div>\n<p style='font-size: 14px; margin: 0; color: inherit;'>Automatice el c\u00e1lculo de costos de env\u00edo con todas las paqueter\u00edas del pa\u00eds en segundos y genere gu\u00edas para sus ventas.<\/p>\n<\/p><\/div>\n<\/p><\/div>\n<div style='border: 1px solid rgba(150&comma; 150&comma; 150&comma; 0.3); border-radius: 8px; overflow: hidden; display: flex; flex-direction: column;'>\n<div style='padding: 15px; border-bottom: 1px solid rgba(150&comma; 150&comma; 150&comma; 0.2); font-weight: bold; font-size: 16px; color: inherit;'>Optimice su cobranza<\/div>\n<div style='padding: 15px; color: inherit; flex-grow: 1;'>\n<div style='margin-bottom: 15px; text-align: center;'> <img style='width: auto; height: 50px; border: none;' src='https:\/\/ftp3.syscom.mx\/usuarios\/xguereque\/opendesk\/icono5.png' alt=''> <\/div>\n<p style='font-size: 14px; margin: 0; color: inherit;'>Genere ligas de pago para tarjetas de cr\u00e9dito o d\u00e9bito.<\/p>\n<\/p><\/div>\n<\/p><\/div>\n<div style='border: 1px solid rgba(150&comma; 150&comma; 150&comma; 0.3); border-radius: 8px; overflow: hidden; display: flex; flex-direction: column;'>\n<div style='padding: 15px; border-bottom: 1px solid rgba(150&comma; 150&comma; 150&comma; 0.2); font-weight: bold; font-size: 16px; color: inherit;'>Seguridad bancaria<\/div>\n<div style='padding: 15px; color: inherit; flex-grow: 1;'>\n<div style='margin-bottom: 15px; text-align: center;'> <img style='width: auto; height: 50px; border: none;' src='https:\/\/ftp3.syscom.mx\/usuarios\/xguereque\/opendesk\/icono6.png' alt=''> <\/div>\n<p style='font-size: 14px; margin: 0; color: inherit;'>Administre listas negras y limite el acceso a sus colaboradores desde ubicaciones espec\u00edficas.<\/p>\n<\/p><\/div>\n<\/p><\/div>\n<\/p><\/div>\n<div style='width: 100%; margin: 30px 0;'> <img style='width: 100%; height: auto; border: 1px solid rgba(150&comma;150&comma;150&comma;0.3); border-radius: 8px;' src='https:\/\/ftp3.syscom.mx\/usuarios\/xguereque\/opendesk\/banner-final.png' alt='Banner final'> <\/div>\n<\/p><\/div>\n","protected":false},"excerpt":{"rendered":"<p>1 Dispositivo de Control de Acceso para Open Desk PRO o API para Desarrollos de Terceros \/ Suscripci\u00f3n Anual<\/p>\n","protected":false},"featured_media":107354,"comment_status":"open","ping_status":"closed","template":"","meta":[],"product_brand":[],"product_cat":[846],"product_tag":[926,792,847],"class_list":{"0":"post-107355","1":"product","2":"type-product","3":"status-publish","4":"has-post-thumbnail","6":"product_cat-tiempo-y-asistencia","7":"product_tag-open-desk-pro","8":"product_tag-software-de-asistencia","9":"product_tag-tiempo-y-asistencia","11":"first","12":"instock","13":"sale","14":"shipping-taxable","15":"purchasable","16":"product-type-simple"},"_links":{"self":[{"href":"https:\/\/soydeaqui.ddns.net\/pachuca\/index.php\/wp-json\/wp\/v2\/product\/107355","targetHints":{"allow":["GET"]}}],"collection":[{"href":"https:\/\/soydeaqui.ddns.net\/pachuca\/index.php\/wp-json\/wp\/v2\/product"}],"about":[{"href":"https:\/\/soydeaqui.ddns.net\/pachuca\/index.php\/wp-json\/wp\/v2\/types\/product"}],"replies":[{"embeddable":true,"href":"https:\/\/soydeaqui.ddns.net\/pachuca\/index.php\/wp-json\/wp\/v2\/comments?post=107355"}],"wp:featuredmedia":[{"embeddable":true,"href":"https:\/\/soydeaqui.ddns.net\/pachuca\/index.php\/wp-json\/wp\/v2\/media\/107354"}],"wp:attachment":[{"href":"https:\/\/soydeaqui.ddns.net\/pachuca\/index.php\/wp-json\/wp\/v2\/media?parent=107355"}],"wp:term":[{"taxonomy":"product_brand","embeddable":true,"href":"https:\/\/soydeaqui.ddns.net\/pachuca\/index.php\/wp-json\/wp\/v2\/product_brand?post=107355"},{"taxonomy":"product_cat","embeddable":true,"href":"https:\/\/soydeaqui.ddns.net\/pachuca\/index.php\/wp-json\/wp\/v2\/product_cat?post=107355"},{"taxonomy":"product_tag","embeddable":true,"href":"https:\/\/soydeaqui.ddns.net\/pachuca\/index.php\/wp-json\/wp\/v2\/product_tag?post=107355"}],"curies":[{"name":"wp","href":"https:\/\/api.w.org\/{rel}","templated":true}]}}