{"id":107303,"date":"2026-03-20T17:01:31","date_gmt":"2026-03-20T17:01:31","guid":{"rendered":"https:\/\/soydeaqui.ddns.net\/pachuca\/index.php\/producto\/cable-adaptador-usb-c-a-hdmi-4k60hz-convertidor-thunderbolt-3-caja-de-aluminio-hdmi-v2-0-3d-longitud-del-cable-10-cm-3-94-pulgadas\/"},"modified":"2026-03-20T17:01:45","modified_gmt":"2026-03-20T17:01:45","slug":"cable-adaptador-usb-c-a-hdmi-4k60hz-convertidor-thunderbolt-3-caja-de-aluminio-hdmi-v2-0-3d-longitud-del-cable-10-cm-3-94-pulgadas","status":"publish","type":"product","link":"https:\/\/soydeaqui.ddns.net\/pachuca\/index.php\/producto\/cable-adaptador-usb-c-a-hdmi-4k60hz-convertidor-thunderbolt-3-caja-de-aluminio-hdmi-v2-0-3d-longitud-del-cable-10-cm-3-94-pulgadas\/","title":{"rendered":"Cable Adaptador USB C a HDMI 4K@60Hz \/ Convertidor Thunderbolt 3 \/ Caja de Aluminio \/ HDMI V2.0 \/ 3D \/ Longitud del Cable 10 cm (3.94 Pulgadas)"},"content":{"rendered":"<div style='width: 100%; max-width: 1200px; margin: 0 auto; font-family: sans-serif; line-height: 1.6; color: inherit; background-color: transparent;'> <img style='width: 100%; height: auto; border: 1px solid rgba(150&comma;150&comma;150&comma;0.3); border-radius: 8px;' src='http:\/\/ftp3.syscom.mx\/usuarios\/hallende\/UGREEN2\/Estaciones%20de%20acoplamiento\/70444\/70444-1.jpg' alt=''> <\/p>\n<div style='display: flex; flex-wrap: wrap; gap: 30px; margin-bottom: 30px;'>\n<div style='flex: 1 1 300px; min-width: 280px;'>\n<h3 style='font-size: 22px; border-bottom: 2px solid currentColor; padding-bottom: 5px; margin-top: 0; color: inherit; opacity: 0.8;'>Video y Audio HDR Vivo<\/h3>\n<p style='font-size: 15px; color: inherit;'>El adaptador USB C a HDMI 2.0 Premium con chips avanzados VL100 y PS176 admite resoluci\u00f3n de alta definici\u00f3n 4K @ 60Hz (4096 por 2160) y High Dynamic Range 1080P (HDR)&comma; lo que le permite obtener im\u00e1genes vibrantes en una pantalla m\u00e1s grande donde los colores resaltan&comma; aumenta el brillo y los detalles son mucho m\u00e1s refinados. Y asegura significativamente una transmisi\u00f3n de se\u00f1al estable y evitan el retraso o el parpadeo de la imagen.<\/p>\n<p> <img style='width: 100%; height: auto; border: 1px solid rgba(150&comma;150&comma;150&comma;0.3); border-radius: 8px;' src='http:\/\/ftp3.syscom.mx\/usuarios\/hallende\/UGREEN2\/Estaciones%20de%20acoplamiento\/70444\/70444-2.jpg' alt=''> <\/div>\n<div style='flex: 1 1 300px; min-width: 280px;'>\n<h3 style='font-size: 22px; border-bottom: 2px solid currentColor; padding-bottom: 5px; margin-top: 0; color: inherit; opacity: 0.8;'>Trabajo m\u00e1s Eficiente<\/h3>\n<p style='font-size: 15px; color: inherit;'>El adaptador tipo C Thunderbolt 3 macho a HDMI hembra no requiere instalaci\u00f3n de controlador o software. Solo enchufar y jugar. Le hace entregar f\u00e1cilmente presentaciones&comma; documentos&comma; fotos&comma; videos&comma; juegos y p\u00e1ginas web desde su computadora port\u00e1til \/ tableta \/ tel\u00e9fono Thunderbolt 3 Tipo-C a un monitor \/ TV HDMI externo incluso sin Wi-Fi. Con el modo espejo y extendido le permite operar multitarea.<\/p>\n<p> <img style='width: 100%; height: auto; border: 1px solid rgba(150&comma;150&comma;150&comma;0.3); border-radius: 8px;' src='http:\/\/ftp3.syscom.mx\/usuarios\/hallende\/UGREEN2\/Estaciones%20de%20acoplamiento\/70444\/70444-3.jpg' alt=''> <\/div>\n<div style='flex: 1 1 300px; min-width: 280px;'>\n<h3 style='font-size: 22px; border-bottom: 2px solid currentColor; padding-bottom: 5px; margin-top: 0; color: inherit; opacity: 0.8;'>Amplia Compatibilidad<\/h3>\n<p style='font-size: 15px; color: inherit;'>El cable adaptador USB tipo C a HDMI est\u00e1 dise\u00f1ado para conectar dispositivos habilitados con USB C \/ Thunderbolt 3 que admiten el modo DisplayPort Alt (modo DP Alt)&comma; a un televisor \/ monitor \/ pantalla HDMI para la transmisi\u00f3n. Conecta con dispositivos USB-C \/ Thunderbolt 3 a HDTV&comma; como iPad Pro 2018&comma; MacBook Air 2019\/2018&comma; MacBook Pro&comma; Galaxy S10 + \/ S9 \/ S8 \/ Note 10 + \/ Nota 9 \/ Tab S4 S5e S6&comma; Dell XPS 13 \/ XPS 15&comma; Huawei Mate 20 \/ P30 \/ P20 Pro&comma; HP Spectre x360 \/ Envy x360&comma; Microsoft Surface Pro 7 \/ Surface Book 2 \/ Surface Go&comma; Google Pixelbook&comma; Lenovo Yoga 910 \/ C930&comma; ASUS Chromebook \/ ZenBook Flip&comma; Acer Chromebook R13&comma; One Plus 7 Pro&comma; HTC U11. Y muchos m\u00e1s\u2026. Soporta DeX.<\/p>\n<p> <img style='width: 100%; height: auto; border: 1px solid rgba(150&comma;150&comma;150&comma;0.3); border-radius: 8px;' src='http:\/\/ftp3.syscom.mx\/usuarios\/hallende\/UGREEN2\/Estaciones%20de%20acoplamiento\/70444\/70444-4.jpg' alt=''> <\/div>\n<div style='flex: 1 1 300px; min-width: 280px;'>\n<h3 style='font-size: 22px; border-bottom: 2px solid currentColor; padding-bottom: 5px; margin-top: 0; color: inherit; opacity: 0.8;'>Durable y Port\u00e1til<\/h3>\n<p style='font-size: 15px; color: inherit;'>El color y el cuerpo met\u00e1lico del adaptador USB-C HDMI est\u00e1n bien dise\u00f1ados y refinados combinando una carcasa de aluminio resistente al calor&comma; una trenza de nylon flexible con una junta de alambre extendida&comma; que lo hace suficientemente fuerte para soportar desgaste. Y presenta un tama\u00f1o compacto y delgado (L62 * W21 * H10 mm) que lo hace port\u00e1til y adecuado para viajes&comma; hogar u oficina.<\/p>\n<p> <img style='width: 100%; height: auto; border: 1px solid rgba(150&comma;150&comma;150&comma;0.3); border-radius: 8px;' src='http:\/\/ftp3.syscom.mx\/usuarios\/hallende\/UGREEN2\/Estaciones%20de%20acoplamiento\/70444\/70444-5.jpg' alt=''> <\/div>\n<div style='flex: 1 1 300px; min-width: 280px;'>\n<h3 style='font-size: 22px; border-bottom: 2px solid currentColor; padding-bottom: 5px; margin-top: 0; color: inherit; opacity: 0.8;'>Delgado y Compacto<\/h3>\n<p style='font-size: 15px; color: inherit;'>El convertidor USB C a HDMI 2.0 4K @ 60Hz presenta un elegante marco de aluminio y un mini cable trenzado de nylon que le da un aspecto elegante y moderno a este adaptador de video ultra delgado. El adaptador de cable HDMI tipo C presenta un tama\u00f1o compacto y delgado (L62 * W21 * H10 mm) que lo hace port\u00e1til y adecuado para viajes&comma; hogar u oficina.<\/p>\n<p> <img style='width: 100%; height: auto; border: 1px solid rgba(150&comma;150&comma;150&comma;0.3); border-radius: 8px;' src='http:\/\/ftp3.syscom.mx\/usuarios\/hallende\/UGREEN2\/Estaciones%20de%20acoplamiento\/70444\/70444-7.jpg' alt=''> <\/div>\n<\/p><\/div>\n<p> <img style='width: 100%; height: auto; border: 1px solid rgba(150&comma;150&comma;150&comma;0.3); border-radius: 8px;' src='http:\/\/ftp3.syscom.mx\/usuarios\/hallende\/UGREEN2\/Estaciones%20de%20acoplamiento\/70444\/70444-8.jpg' alt=''> <\/p>\n<div style='display: flex; flex-wrap: wrap; gap: 30px; margin-bottom: 30px; margin-top: 30px;'>\n<div style='flex: 1 1 300px; min-width: 280px;'>\n<h3 style='font-size: 22px; border-bottom: 2px solid currentColor; padding-bottom: 5px; margin-top: 0; color: inherit; opacity: 0.8;'>Adaptador USB C Macho a HDMI Hembra<\/h3>\n<p style='font-size: 15px; color: inherit;'>Aseg\u00farese de que el puerto USB C de su PC\/ tableta\/ tel\u00e9fono sea compatible con el modo Alt DP o Thunderbolt 3&comma; de lo contrario&comma; el puerto HDMI no funciona.<\/p>\n<p> <img style='width: 100%; height: auto; border: 1px solid rgba(150&comma;150&comma;150&comma;0.3); border-radius: 8px;' src='http:\/\/ftp3.syscom.mx\/usuarios\/hallende\/UGREEN2\/Estaciones%20de%20acoplamiento\/70444\/70444-9.jpg' alt=''> <\/div>\n<div style='flex: 1 1 300px; min-width: 280px;'>\n<h3 style='font-size: 22px; border-bottom: 2px solid currentColor; padding-bottom: 5px; margin-top: 0; color: inherit; opacity: 0.8;'>Chip Inteligente<\/h3>\n<p style='font-size: 15px; color: inherit;'>Equipado con un chip inteligente para garantizar video de alta definici\u00f3n y contenido de imagen claro&comma; la transferencia es suave y no hay p\u00e9rdida en t\u00e9rminos de calidad de imagen.<\/p>\n<p> <img style='width: 100%; height: auto; border: 1px solid rgba(150&comma;150&comma;150&comma;0.3); border-radius: 8px;' src='http:\/\/ftp3.syscom.mx\/usuarios\/hallende\/UGREEN2\/Estaciones%20de%20acoplamiento\/70444\/70444-10.jpg' alt=''> <\/div>\n<div style='flex: 1 1 300px; min-width: 280px;'>\n<h3 style='font-size: 22px; border-bottom: 2px solid currentColor; padding-bottom: 5px; margin-top: 0; color: inherit; opacity: 0.8;'>Transmisi\u00f3n Estable<\/h3>\n<p style='font-size: 15px; color: inherit;'>El adaptador tipo C (Thunderbolt 3) a HDMI est\u00e1 hecho de tres capas de blindaje&comma; lo que garantiza la transmisi\u00f3n estable de la se\u00f1al&comma; no distorsiona el audio o el video y le ofrece una experiencia visual fluida.<\/p>\n<p> <img style='width: 100%; height: auto; border: 1px solid rgba(150&comma;150&comma;150&comma;0.3); border-radius: 8px;' src='http:\/\/ftp3.syscom.mx\/usuarios\/hallende\/UGREEN2\/Estaciones%20de%20acoplamiento\/70444\/70444-11.jpg' alt=''> <\/div>\n<div style='flex: 1 1 300px; min-width: 280px;'>\n<h3 style='font-size: 22px; border-bottom: 2px solid currentColor; padding-bottom: 5px; margin-top: 0; color: inherit; opacity: 0.8;'>Carcasa Aluminio<\/h3>\n<p style='font-size: 15px; color: inherit;'>La carcasa de aleaci\u00f3n de aluminio resistente a los ara\u00f1azos proporciona una excelente disipaci\u00f3n del calor y protege la placa de circuito interno.<\/p>\n<p> <img style='width: 100%; height: auto; border: 1px solid rgba(150&comma;150&comma;150&comma;0.3); border-radius: 8px;' src='http:\/\/ftp3.syscom.mx\/usuarios\/hallende\/UGREEN2\/Estaciones%20de%20acoplamiento\/70444\/70444-12.jpg' alt=''> <\/div>\n<\/p><\/div>\n<p> <img style='width: 100%; height: auto; border: 1px solid rgba(150&comma;150&comma;150&comma;0.3); border-radius: 8px;' src='http:\/\/ftp3.syscom.mx\/usuarios\/hallende\/UGREEN2\/Estaciones%20de%20acoplamiento\/70444\/70444-13.jpg' alt=''> <\/p>\n<div style='display: flex; flex-wrap: wrap; gap: 20px; margin-bottom: 30px;'>\n<div style='flex: 1 1 250px; border: 1px solid rgba(150&comma; 150&comma; 150&comma; 0.4); border-radius: 8px; overflow: hidden; display: flex; flex-direction: column;'>\n<div style='padding: 15px; border-bottom: 1px solid rgba(150&comma; 150&comma; 150&comma; 0.2); font-weight: bold; font-size: 18px; color: inherit;'>Especificaciones<\/div>\n<div style='padding: 15px; color: inherit;'>\n<ul style='padding-left: 20px; margin: 0; font-size: 14px; list-style-type: disc;'>\n<li style='margin-bottom: 5px;'><strong>Material Premium:<\/strong> aluminio resistente al calor y trenza de nylon flexible<\/li>\n<li style='margin-bottom: 5px;'><strong>Dise\u00f1o antideslizante:<\/strong> junta de alambre extendida para proteger el cable de la flexi\u00f3n.<\/li>\n<li style='margin-bottom: 5px;'><strong>1 A\u00f1o de Garant\u00eda<\/strong> por defectos de fabricaci\u00f3n<\/li>\n<\/ul><\/div>\n<\/p><\/div>\n<\/p><\/div>\n<hr style='border: 0; border-top: 1px solid rgba(150&comma; 150&comma; 150&comma; 0.3); margin: 30px 0;'> <\/div>\n","protected":false},"excerpt":{"rendered":"<p>Cable Adaptador USB C a HDMI 4K@60Hz \/ Convertidor Thunderbolt 3 \/ Caja de Aluminio \/ HDMI V2.0 \/ 3D \/ Longitud del Cable 10 cm (3.94 Pulgadas)<\/p>\n","protected":false},"featured_media":107302,"comment_status":"open","ping_status":"closed","template":"","meta":[],"product_brand":[],"product_cat":[2130],"product_tag":[488,650,2131],"class_list":{"0":"post-107303","1":"product","2":"type-product","3":"status-publish","4":"has-post-thumbnail","6":"product_cat-vga-dvi-hdmi","7":"product_tag-cables-y-conectores","8":"product_tag-ugreen","9":"product_tag-vga-dvi-hdmi","11":"first","12":"instock","13":"sale","14":"shipping-taxable","15":"purchasable","16":"product-type-simple"},"_links":{"self":[{"href":"https:\/\/soydeaqui.ddns.net\/pachuca\/index.php\/wp-json\/wp\/v2\/product\/107303","targetHints":{"allow":["GET"]}}],"collection":[{"href":"https:\/\/soydeaqui.ddns.net\/pachuca\/index.php\/wp-json\/wp\/v2\/product"}],"about":[{"href":"https:\/\/soydeaqui.ddns.net\/pachuca\/index.php\/wp-json\/wp\/v2\/types\/product"}],"replies":[{"embeddable":true,"href":"https:\/\/soydeaqui.ddns.net\/pachuca\/index.php\/wp-json\/wp\/v2\/comments?post=107303"}],"wp:featuredmedia":[{"embeddable":true,"href":"https:\/\/soydeaqui.ddns.net\/pachuca\/index.php\/wp-json\/wp\/v2\/media\/107302"}],"wp:attachment":[{"href":"https:\/\/soydeaqui.ddns.net\/pachuca\/index.php\/wp-json\/wp\/v2\/media?parent=107303"}],"wp:term":[{"taxonomy":"product_brand","embeddable":true,"href":"https:\/\/soydeaqui.ddns.net\/pachuca\/index.php\/wp-json\/wp\/v2\/product_brand?post=107303"},{"taxonomy":"product_cat","embeddable":true,"href":"https:\/\/soydeaqui.ddns.net\/pachuca\/index.php\/wp-json\/wp\/v2\/product_cat?post=107303"},{"taxonomy":"product_tag","embeddable":true,"href":"https:\/\/soydeaqui.ddns.net\/pachuca\/index.php\/wp-json\/wp\/v2\/product_tag?post=107303"}],"curies":[{"name":"wp","href":"https:\/\/api.w.org\/{rel}","templated":true}]}}