{"id":106991,"date":"2026-03-20T16:45:06","date_gmt":"2026-03-20T16:45:06","guid":{"rendered":"https:\/\/soydeaqui.ddns.net\/pachuca\/index.php\/producto\/ptz-ip-5-mp-30x-zoom-150-m-ir-h-265-u-poe-soporta-autoseguimiento-ip66-nema-4x-ik10-alarmas-y-audio-i-o-deteccion-facial-merodeo-objeto-abandonado-intrusion-onvif-ndaa\/"},"modified":"2026-03-20T16:45:08","modified_gmt":"2026-03-20T16:45:08","slug":"ptz-ip-5-mp-30x-zoom-150-m-ir-h-265-u-poe-soporta-autoseguimiento-ip66-nema-4x-ik10-alarmas-y-audio-i-o-deteccion-facial-merodeo-objeto-abandonado-intrusion-onvif-ndaa","status":"publish","type":"product","link":"https:\/\/soydeaqui.ddns.net\/pachuca\/index.php\/producto\/ptz-ip-5-mp-30x-zoom-150-m-ir-h-265-u-poe-soporta-autoseguimiento-ip66-nema-4x-ik10-alarmas-y-audio-i-o-deteccion-facial-merodeo-objeto-abandonado-intrusion-onvif-ndaa\/","title":{"rendered":"PTZ IP 5 MP \/ 30X Zoom \/ 150 m IR \/ H.265 \/ U-PoE \/ Soporta Autoseguimiento \/ IP66 \/ NEMA 4X \/ IK10 \/ Alarmas y Audio I\/O \/ Detecci\u00f3n Facial \/ Merodeo \/ Objeto Abandonado \/ Intrusi\u00f3n \/ ONVIF \/ NDAA \/ Serie 60 \/ Honeywell Security"},"content":{"rendered":"<div style='width: 100%; max-width: 1200px; margin: 0 auto; font-family: sans-serif; line-height: 1.6; color: inherit; background-color: transparent;'> <!-- Im\u00e1genes iniciales --> <\/p>\n<div style='width: 100%; margin-bottom: 20px;'> <img style='width: 100%; height: auto; border: 1px solid rgba(150&comma;150&comma;150&comma;0.3); border-radius: 8px;' src='https:\/\/ftp3.syscom.mx\/usuarios\/pnunez\/Honeywell\/HC30WE5R2\/Imagenes\/banner-honeywell.jpg' alt='Banner Honeywell'> <\/div>\n<div style='width: 100%; margin-bottom: 20px;'> <img style='width: 100%; height: auto; border: 1px solid rgba(150&comma;150&comma;150&comma;0.3); border-radius: 8px;' src='https:\/\/ftp3.syscom.mx\/usuarios\/pnunez\/Honeywell\/Banners\/syscom-stock-disponible%20%281%29.jpg' alt='Stock Disponible'> <\/div>\n<p> <!-- Secci\u00f3n de caracter\u00edsticas en grid --> <\/p>\n<div style='display: flex; flex-wrap: wrap; gap: 30px; margin-bottom: 30px;'>\n<div style='flex: 1 1 300px; min-width: 280px;'>\n<h3 style='font-size: 22px; border-bottom: 2px solid currentColor; padding-bottom: 5px; margin-top: 0; color: inherit; opacity: 0.8;'>Caracter\u00edsticas de la C\u00e1mara<\/h3>\n<ul style='padding-left: 20px; font-size: 15px; color: inherit;'>\n<li style='margin-bottom: 5px;'>Resoluci\u00f3n m\u00e1xima: 5MP (2560 x 1920mm) a 30FPS<\/li>\n<li style='margin-bottom: 5px;'>Sensor de imagen: 1\/2.8 Scan Progresivo CMOS<\/li>\n<li style='margin-bottom: 5px;'>Iluminaci\u00f3n m\u00ednima: Color 0.04 Lux&comma; B\/N 0 Lux @F1.4<\/li>\n<li style='margin-bottom: 5px;'>D\u00eda \/ Noche real con filtro ICR<\/li>\n<li style='margin-bottom: 5px;'>Lente: 4.94mm &#8211; 148.24mm (30X Zoom \u00f3ptico)<\/li>\n<li style='margin-bottom: 5px;'>Distancia de IR: 150m IR Inteligente<\/li>\n<\/ul><\/div>\n<div style='flex: 1 1 300px; min-width: 280px;'>\n<h3 style='font-size: 22px; border-bottom: 2px solid currentColor; padding-bottom: 5px; margin-top: 0; color: inherit; opacity: 0.8;'>Caracter\u00edsticas PTZ<\/h3>\n<ul style='padding-left: 20px; font-size: 15px; color: inherit;'>\n<li style='margin-bottom: 5px;'>Giro panor\u00e1mico: 360\u00ba<\/li>\n<li style='margin-bottom: 5px;'>Giro vertical: -110\u00ba a +110\u00ba<\/li>\n<li style='margin-bottom: 5px;'>256 Presets \/ 128 presets por patrol<\/li>\n<li style='margin-bottom: 5px;'>Funciones soportadas: Autoseguimiento&comma; Regreso a posici\u00f3n de casa&comma; direcci\u00f3n de c\u00e1mara (G-Sensor)<\/li>\n<\/ul><\/div>\n<div style='flex: 1 1 300px; min-width: 280px;'>\n<h3 style='font-size: 22px; border-bottom: 2px solid currentColor; padding-bottom: 5px; margin-top: 0; color: inherit; opacity: 0.8;'>Caracter\u00edsticas Generales<\/h3>\n<ul style='padding-left: 20px; font-size: 15px; color: inherit;'>\n<li style='margin-bottom: 5px;'>Compensaci\u00f3n de luz: WDR 120dB&comma; BLC&comma; HLC&comma; 3 DNR<\/li>\n<li style='margin-bottom: 5px;'>Video anal\u00edticos embebidos: Detecci\u00f3n Sabotaje (Tampering)&comma; Movimiento&comma; Rostros&comma; Intrusi\u00f3n&comma; Merodeo&comma; Objeto abandonado\/perdido&comma; Cruce de l\u00ednea<\/li>\n<li style='margin-bottom: 5px;'>Compresi\u00f3n: H.265&comma; H.264&comma; MJPEG<\/li>\n<li style='margin-bottom: 5px;'>Almacenamiento: Soporta microSD de hasta 256GB (no incluida)<\/li>\n<li style='margin-bottom: 5px;'>M\u00e1scara de privacidad 24 zonas<\/li>\n<li style='margin-bottom: 5px;'>ONVIF: Profile S&comma; G<\/li>\n<li style='margin-bottom: 5px;'><strong>Certificaci\u00f3n NDAA<\/strong><\/li>\n<li style='margin-bottom: 5px;'><strong>Garant\u00eda 5 a\u00f1os<\/strong><\/li>\n<\/ul><\/div>\n<div style='flex: 1 1 300px; min-width: 280px;'>\n<h3 style='font-size: 22px; border-bottom: 2px solid currentColor; padding-bottom: 5px; margin-top: 0; color: inherit; opacity: 0.8;'>Caracter\u00edsticas F\u00edsicas y El\u00e9ctricas<\/h3>\n<ul style='padding-left: 20px; font-size: 15px; color: inherit;'>\n<li style='margin-bottom: 5px;'>Temperatura de operaci\u00f3n: -40 a 60 \u00b0C<\/li>\n<li style='margin-bottom: 5px;'>Alimentaci\u00f3n: 24 Vca&comma; 51 W&comma; UPoE 42.5-57 V<\/li>\n<li style='margin-bottom: 5px;'>Protecci\u00f3n: IP66\/ NEMA 4X \/IK10<\/li>\n<li style='margin-bottom: 5px;'>Dimensiones: 243.92 mm x 455.28 mm<\/li>\n<li style='margin-bottom: 5px;'>Peso: 6.95 kg<\/li>\n<li style='margin-bottom: 5px;'>Puerto Ethernet RJ45 10\/100 Mbps<\/li>\n<li style='margin-bottom: 5px;'>Entrada\/Salida de audio dos v\u00edas<\/li>\n<li style='margin-bottom: 5px;'>2 Entradas\/1 Salida de alarma<\/li>\n<li style='margin-bottom: 5px;'>Soporta acoplamiento de accesorio Wi-Fi<\/li>\n<\/ul><\/div>\n<\/p><\/div>\n<p> <!-- Imagen de dimensiones --> <\/p>\n<div style='width: 100%; margin-bottom: 20px;'> <img style='width: 100%; height: auto; border: 1px solid rgba(150&comma;150&comma;150&comma;0.3); border-radius: 8px;' src='https:\/\/ftp3.syscom.mx\/usuarios\/diego.ramirez\/Honeywell\/HC60WZ5R30\/medidasHC60WZ5R30.png' alt='Dimensiones de la c\u00e1mara'> <\/div>\n<p> <!-- Imagen NDAA --> <\/p>\n<div style='width: 100%; margin-bottom: 20px;'> <img style='width: 100%; height: auto; border: 1px solid rgba(150&comma;150&comma;150&comma;0.3); border-radius: 8px;' src='https:\/\/ftp3.syscom.mx\/usuarios\/pnunez\/Honeywell\/NDAA\/NDAA-HONEYWELL.jpg' alt='Certificaci\u00f3n NDAA'> <\/div>\n<p> <!-- Video de YouTube --> <\/p>\n<div style='position: relative; padding-bottom: 56.25%; height: 0; overflow: hidden; margin-bottom: 30px;'>   <\/div>\n<\/p><\/div>\n","protected":false},"excerpt":{"rendered":"<p>PTZ IP 5 MP \/ 30X Zoom \/ 150 m IR \/ H.265 \/ U-PoE \/ Soporta Autoseguimiento \/ IP66 \/ NEMA 4X \/ IK10 \/ Alarmas y Audio I\/O \/ Detecci\u00f3n Facial \/ Merodeo \/ Objeto Abandonado \/ Intrusi\u00f3n \/ ONVIF \/ NDAA \/ Serie 60 \/ Honeywell Security<\/p>\n","protected":false},"featured_media":106990,"comment_status":"open","ping_status":"closed","template":"","meta":[],"product_brand":[],"product_cat":[1224],"product_tag":[122,209,1225],"class_list":{"0":"post-106991","1":"product","2":"type-product","3":"status-publish","4":"has-post-thumbnail","6":"product_cat-ptz","7":"product_tag-camaras-ip-y-nvrs","8":"product_tag-honeywell","9":"product_tag-ptz","11":"first","12":"outofstock","13":"sale","14":"shipping-taxable","15":"purchasable","16":"product-type-simple"},"_links":{"self":[{"href":"https:\/\/soydeaqui.ddns.net\/pachuca\/index.php\/wp-json\/wp\/v2\/product\/106991","targetHints":{"allow":["GET"]}}],"collection":[{"href":"https:\/\/soydeaqui.ddns.net\/pachuca\/index.php\/wp-json\/wp\/v2\/product"}],"about":[{"href":"https:\/\/soydeaqui.ddns.net\/pachuca\/index.php\/wp-json\/wp\/v2\/types\/product"}],"replies":[{"embeddable":true,"href":"https:\/\/soydeaqui.ddns.net\/pachuca\/index.php\/wp-json\/wp\/v2\/comments?post=106991"}],"wp:featuredmedia":[{"embeddable":true,"href":"https:\/\/soydeaqui.ddns.net\/pachuca\/index.php\/wp-json\/wp\/v2\/media\/106990"}],"wp:attachment":[{"href":"https:\/\/soydeaqui.ddns.net\/pachuca\/index.php\/wp-json\/wp\/v2\/media?parent=106991"}],"wp:term":[{"taxonomy":"product_brand","embeddable":true,"href":"https:\/\/soydeaqui.ddns.net\/pachuca\/index.php\/wp-json\/wp\/v2\/product_brand?post=106991"},{"taxonomy":"product_cat","embeddable":true,"href":"https:\/\/soydeaqui.ddns.net\/pachuca\/index.php\/wp-json\/wp\/v2\/product_cat?post=106991"},{"taxonomy":"product_tag","embeddable":true,"href":"https:\/\/soydeaqui.ddns.net\/pachuca\/index.php\/wp-json\/wp\/v2\/product_tag?post=106991"}],"curies":[{"name":"wp","href":"https:\/\/api.w.org\/{rel}","templated":true}]}}