{"id":106427,"date":"2026-03-20T16:15:16","date_gmt":"2026-03-20T16:15:16","guid":{"rendered":"https:\/\/soydeaqui.ddns.net\/pachuca\/index.php\/producto\/domo-ip-5-mp-lente-mot-2-7-a-13-5-mm-interior-30-mts-ir-h-265-ndaa-onvif-ip52-ik10-deteccion-sabotaje-movimiento-rostros-intrusion-merodeo-objeto-abandonado-audio-i-o\/"},"modified":"2026-03-20T16:15:18","modified_gmt":"2026-03-20T16:15:18","slug":"domo-ip-5-mp-lente-mot-2-7-a-13-5-mm-interior-30-mts-ir-h-265-ndaa-onvif-ip52-ik10-deteccion-sabotaje-movimiento-rostros-intrusion-merodeo-objeto-abandonado-audio-i-o","status":"publish","type":"product","link":"https:\/\/soydeaqui.ddns.net\/pachuca\/index.php\/producto\/domo-ip-5-mp-lente-mot-2-7-a-13-5-mm-interior-30-mts-ir-h-265-ndaa-onvif-ip52-ik10-deteccion-sabotaje-movimiento-rostros-intrusion-merodeo-objeto-abandonado-audio-i-o\/","title":{"rendered":"Domo IP 5 MP \/ Lente Mot. 2.7 a 13.5 mm \/ Interior \/ 30 mts IR \/ H.265 \/ NDAA \/ ONVIF \/ IP52 \/ IK10 \/ Detecci\u00f3n Sabotaje \/ Movimiento \/ Rostros \/ Intrusi\u00f3n \/ Merodeo \/ Objeto Abandonado \/ Audio I\/O \/ PoE \/ Serie 60 \/ Honeywell Security"},"content":{"rendered":"<div style='width: 100%; max-width: 1200px; margin: 0 auto; font-family: sans-serif; line-height: 1.6; color: inherit; background-color: transparent;'> <!-- Im\u00e1genes iniciales --> <\/p>\n<div style='margin-bottom: 30px;'> <img style='width: 100%; height: auto; border: 1px solid rgba(150&comma;150&comma;150&comma;0.3); border-radius: 8px;' src='https:\/\/ftp3.syscom.mx\/usuarios\/pnunez\/Honeywell\/HC30WE5R2\/Imagenes\/banner-honeywell.jpg' alt='Banner Honeywell'> <img style='width: 100%; height: auto; border: 1px solid rgba(150&comma;150&comma;150&comma;0.3); border-radius: 8px; margin-top: 30px;' src='https:\/\/ftp3.syscom.mx\/usuarios\/pnunez\/Honeywell\/Banners\/syscom-stock-disponible%20%281%29.jpg' alt='Stock Disponible'> <\/div>\n<p> <!-- Especificaciones --> <\/p>\n<div style='display: flex; flex-wrap: wrap; gap: 30px; margin-bottom: 30px;'> <!-- Caracter\u00edsticas de la C\u00e1mara --> <\/p>\n<div style='flex: 1 1 300px; min-width: 280px;'>\n<div style='background: #b01a19; color: white; padding: 15px; font-weight: bold; font-size: 18px; margin-top: 0; border-top-left-radius: 8px; border-top-right-radius: 8px;'>Caracter\u00edsticas de la C\u00e1mara:<\/div>\n<ul style='padding: 15px; margin: 0; font-size: 15px; color: inherit; background: rgba(150&comma;150&comma;150&comma;0.05); border: 1px solid rgba(150&comma;150&comma;150&comma;0.3); border-top: none; border-radius: 0 0 8px 8px;'>\n<li style='margin-bottom: 5px;'><strong>Resoluci\u00f3n m\u00e1xima:<\/strong> 5 Megap\u00edxel (2560 x 1920) a 30FPS.<\/li>\n<li style='margin-bottom: 5px;'><strong>Sensor de imagen:<\/strong> 1\/2.8 Scan Progresivo CMOS<\/li>\n<li style='margin-bottom: 5px;'><strong>Iluminaci\u00f3n m\u00ednima:<\/strong> Color: 0.04Lux&comma; B\/N: 0Lux con IR encendido @F1.4<\/li>\n<li style='margin-bottom: 5px;'><strong>D\u00eda \/ Noche real<\/strong> con filtro ICR.<\/li>\n<li style='margin-bottom: 5px;'><strong>Lente Varifocal Motorizado:<\/strong> 2.7 &#8211; 13.5 mm.<\/li>\n<li style='margin-bottom: 5px;'><strong>Distancia de IR:<\/strong> 30m IR Inteligente<\/li>\n<li style='margin-bottom: 5px;'><strong>Compresi\u00f3n:<\/strong> H.265&comma; H.264&comma; MJPEG.<\/li>\n<\/ul><\/div>\n<p> <!-- Caracter\u00edsticas Generales --> <\/p>\n<div style='flex: 1 1 300px; min-width: 280px;'>\n<div style='background: #b01a19; color: white; padding: 15px; font-weight: bold; font-size: 18px; margin-top: 0; border-top-left-radius: 8px; border-top-right-radius: 8px;'>Caracter\u00edsticas Generales:<\/div>\n<ul style='padding: 15px; margin: 0; font-size: 15px; color: inherit; background: rgba(150&comma;150&comma;150&comma;0.05); border: 1px solid rgba(150&comma;150&comma;150&comma;0.3); border-top: none; border-radius: 0 0 8px 8px;'>\n<li style='margin-bottom: 5px;'><strong>Video anal\u00edticos embebidos:<\/strong> Detecci\u00f3n Sabotaje&comma; Movimiento&comma; Rostros&comma; Intrusi\u00f3n&comma; Merodeo&comma; Objeto abandonado\/perdido&comma; Cruce de l\u00ednea.<\/li>\n<li style='margin-bottom: 5px;'><strong>Compensaci\u00f3n de luz:<\/strong> WDR 120dB&comma; BLC&comma; HLC&comma; 3 DNR.<\/li>\n<li style='margin-bottom: 5px;'><strong>Almacenamiento:<\/strong> Soporta microSD de hasta 256GB (no incluida).<\/li>\n<li style='margin-bottom: 5px;'><strong>M\u00e1scara de privacidad<\/strong> 5 zonas.<\/li>\n<li style='margin-bottom: 5px;'><strong>ONVIF:<\/strong> Profile S&comma; G<\/li>\n<li style='margin-bottom: 5px;'><strong>Certificaci\u00f3n NDAA.<\/strong><\/li>\n<li style='margin-bottom: 5px;'><strong>Garant\u00eda 3 a\u00f1os.<\/strong><\/li>\n<\/ul><\/div>\n<p> <!-- Caracter\u00edsticas F\u00edsicas y El\u00e9ctricas --> <\/p>\n<div style='flex: 1 1 300px; min-width: 280px;'>\n<div style='background: #b01a19; color: white; padding: 15px; font-weight: bold; font-size: 18px; margin-top: 0; border-top-left-radius: 8px; border-top-right-radius: 8px;'>Caracter\u00edsticas F\u00edsicas y El\u00e9ctricas:<\/div>\n<ul style='padding: 15px; margin: 0; font-size: 15px; color: inherit; background: rgba(150&comma;150&comma;150&comma;0.05); border: 1px solid rgba(150&comma;150&comma;150&comma;0.3); border-top: none; border-radius: 0 0 8px 8px;'>\n<li style='margin-bottom: 5px;'><strong>Temperatura de operaci\u00f3n:<\/strong> -10 a 60 \u00b0C<\/li>\n<li style='margin-bottom: 5px;'><strong>Alimentaci\u00f3n:<\/strong> 12Vcc&comma; PoE (802.3af) Clase 0 \/ 12.95 W.<\/li>\n<li style='margin-bottom: 5px;'><strong>Protecci\u00f3n:<\/strong> IP52 \/ IK10<\/li>\n<li style='margin-bottom: 5px;'><strong>Dimensiones:<\/strong> 126 x 122 mm.<\/li>\n<li style='margin-bottom: 5px;'><strong>Peso:<\/strong> 0.58 Kg.<\/li>\n<li style='margin-bottom: 5px;'><strong>Puerto Ethernet<\/strong> RJ45 10\/100 Mbps<\/li>\n<li style='margin-bottom: 5px;'><strong>Entrada\/Salida de audio<\/strong> de l\u00ednea<\/li>\n<li style='margin-bottom: 5px;'><strong>Micr\u00f3fono Integrado<\/strong><\/li>\n<\/ul><\/div>\n<\/p><\/div>\n<p> <!-- Separador --> <\/p>\n<hr style='border: 0; border-top: 1px solid rgba(150&comma; 150&comma; 150&comma; 0.3); margin: 30px 0;'> <!-- Im\u00e1genes y video --> <\/p>\n<div style='display: flex; flex-direction: column; gap: 30px;'> <img style='width: 100%; height: auto; border: 1px solid rgba(150&comma;150&comma;150&comma;0.3); border-radius: 8px;' src='https:\/\/ftp3.syscom.mx\/usuarios\/pnunez\/Honeywell\/HC60W35R2\/HC60W35R2\/HC60W35R2%20MEDIDAS.PNG' alt='Medidas'> <img style='width: 100%; height: auto; border: 1px solid rgba(150&comma;150&comma;150&comma;0.3); border-radius: 8px;' src='https:\/\/ftp3.syscom.mx\/usuarios\/pnunez\/Honeywell\/NDAA\/NDAA-HONEYWELL.jpg' alt='NDAA Honeywell'> <!-- Video YouTube --> <\/p>\n<div style='position: relative; padding-bottom: 56.25%; height: 0; overflow: hidden; margin-bottom: 30px;'>   <\/div>\n<\/p><\/div>\n<\/p><\/div>\n","protected":false},"excerpt":{"rendered":"<p>Domo IP 5 MP \/ Lente Mot. 2.7 a 13.5 mm \/ Interior \/ 30 mts IR \/ H.265 \/ NDAA \/ ONVIF \/ IP52 \/ IK10 \/ Detecci\u00f3n Sabotaje \/ Movimiento \/ Rostros \/ Intrusi\u00f3n \/ Merodeo \/ Objeto Abandonado \/ Audio I\/O \/ PoE \/ Serie 60 \/ Honeywell Security<\/p>\n","protected":false},"featured_media":106426,"comment_status":"open","ping_status":"closed","template":"","meta":[],"product_brand":[],"product_cat":[2056],"product_tag":[122,2057,209],"class_list":{"0":"post-106427","1":"product","2":"type-product","3":"status-publish","4":"has-post-thumbnail","6":"product_cat-domo-eyeball-turret","7":"product_tag-camaras-ip-y-nvrs","8":"product_tag-domo-eyeball-turret","9":"product_tag-honeywell","11":"first","12":"outofstock","13":"sale","14":"shipping-taxable","15":"purchasable","16":"product-type-simple"},"_links":{"self":[{"href":"https:\/\/soydeaqui.ddns.net\/pachuca\/index.php\/wp-json\/wp\/v2\/product\/106427","targetHints":{"allow":["GET"]}}],"collection":[{"href":"https:\/\/soydeaqui.ddns.net\/pachuca\/index.php\/wp-json\/wp\/v2\/product"}],"about":[{"href":"https:\/\/soydeaqui.ddns.net\/pachuca\/index.php\/wp-json\/wp\/v2\/types\/product"}],"replies":[{"embeddable":true,"href":"https:\/\/soydeaqui.ddns.net\/pachuca\/index.php\/wp-json\/wp\/v2\/comments?post=106427"}],"wp:featuredmedia":[{"embeddable":true,"href":"https:\/\/soydeaqui.ddns.net\/pachuca\/index.php\/wp-json\/wp\/v2\/media\/106426"}],"wp:attachment":[{"href":"https:\/\/soydeaqui.ddns.net\/pachuca\/index.php\/wp-json\/wp\/v2\/media?parent=106427"}],"wp:term":[{"taxonomy":"product_brand","embeddable":true,"href":"https:\/\/soydeaqui.ddns.net\/pachuca\/index.php\/wp-json\/wp\/v2\/product_brand?post=106427"},{"taxonomy":"product_cat","embeddable":true,"href":"https:\/\/soydeaqui.ddns.net\/pachuca\/index.php\/wp-json\/wp\/v2\/product_cat?post=106427"},{"taxonomy":"product_tag","embeddable":true,"href":"https:\/\/soydeaqui.ddns.net\/pachuca\/index.php\/wp-json\/wp\/v2\/product_tag?post=106427"}],"curies":[{"name":"wp","href":"https:\/\/api.w.org\/{rel}","templated":true}]}}