{"id":106405,"date":"2026-03-20T16:14:01","date_gmt":"2026-03-20T16:14:01","guid":{"rendered":"https:\/\/soydeaqui.ddns.net\/pachuca\/index.php\/producto\/localizador-visual-de-fallos-vfl-con-adaptador-de-2-5-mm-para-conectores-sc-st-y-fc-para-probar-conectores-y-continuidad-en-fibra-ptica\/"},"modified":"2026-03-20T16:14:17","modified_gmt":"2026-03-20T16:14:17","slug":"localizador-visual-de-fallos-vfl-con-adaptador-de-2-5-mm-para-conectores-sc-st-y-fc-para-probar-conectores-y-continuidad-en-fibra-ptica","status":"publish","type":"product","link":"https:\/\/soydeaqui.ddns.net\/pachuca\/index.php\/producto\/localizador-visual-de-fallos-vfl-con-adaptador-de-2-5-mm-para-conectores-sc-st-y-fc-para-probar-conectores-y-continuidad-en-fibra-ptica\/","title":{"rendered":"Localizador Visual de Fallos (VFL), Con Adaptador de 2.5 mm para Conectores SC, ST y FC, para Probar Conectores y Continuidad en Fibra ?ptica"},"content":{"rendered":"<div style='width: 100%; max-width: 1200px; margin: 0 auto; font-family: sans-serif; line-height: 1.6; color: inherit; background-color: transparent;'> <!-- Secci\u00f3n de descripci\u00f3n --> <\/p>\n<div style='margin-bottom: 30px; font-size: 15px; color: inherit;'>\n<p style='margin-top: 0; margin-bottom: 15px;'>Usted puede diagnosticar y reparar problemas simples de enlace de fibra con el Localizador visual de fallas (VFL) VisiFaultTM de Fluke Networks. El localizador visual de fallos VisiFault es un comprobante de continuidad de cableado que localiza fibras&comma; verifica la continuidad y la polaridad de cableado. Este comprobador de continuidad de cable ayuda a encontrar roturas en cables&comma; conectores y empalmes. Los modos continuo e intermitente facilitan la identificaci\u00f3n. Es compatible con conectores de 2&comma;5 mm para facilitar la conexi\u00f3n. Su dise\u00f1o robusto se adapta a los entornos de comprobaci\u00f3n m\u00e1s exigentes. Este localizador visual de fallos tiene una larga duraci\u00f3n de pilas para utilizar por horas.<\/p>\n<\/p><\/div>\n<p> <!-- Secci\u00f3n de especificaciones --> <\/p>\n<div style='display: flex; flex-wrap: wrap; gap: 20px; margin-bottom: 30px;'>\n<div style='flex: 1 1 250px; border: 1px solid rgba(150&comma; 150&comma; 150&comma; 0.4); border-radius: 8px; overflow: hidden; display: flex; flex-direction: column;'>\n<div style='padding: 15px; border-bottom: 1px solid rgba(150&comma; 150&comma; 150&comma; 0.2); font-weight: bold; font-size: 18px; color: inherit;'>Especificaciones T\u00e9cnicas<\/div>\n<div style='padding: 15px; color: inherit;'>\n<ul style='padding-left: 20px; margin: 0; font-size: 14px; list-style-type: disc;'>\n<li style='margin-bottom: 5px;'><strong>Compatibilidad de fibra:<\/strong> Multimodo y monomodo<\/li>\n<li style='margin-bottom: 5px;'><strong>Longitud de onda:<\/strong> 650 nan\u00f3metros (longitud de onda visible)<\/li>\n<li style='margin-bottom: 5px;'><strong>Clasificaci\u00f3n de la seguridad del l\u00e1ser:<\/strong> Clase II<\/li>\n<li style='margin-bottom: 5px;'><strong>Potencia de salida:<\/strong> &lt; 1&comma;3 mW<\/li>\n<li style='margin-bottom: 5px;'><strong>Modos de salida:<\/strong> Continuo (constante) e intermitente (pulsos de 2-3 Hz)<\/li>\n<li style='margin-bottom: 5px;'><strong>Intervalo:<\/strong> 3 km multimodo&comma; 4 km monomodo<\/li>\n<\/ul><\/div>\n<\/p><\/div>\n<\/p><\/div>\n<p> <!-- Separador --> <\/p>\n<hr style='border: 0; border-top: 1px solid rgba(150&comma; 150&comma; 150&comma; 0.3); margin: 30px 0;'> <\/div>\n","protected":false},"excerpt":{"rendered":"<p>Localizador Visual de Fallos (VFL), Con Adaptador de 2.5 mm para Conectores SC, ST y FC, para Probar Conectores y Continuidad en Fibra ?ptica<\/p>\n","protected":false},"featured_media":106404,"comment_status":"open","ping_status":"closed","template":"","meta":[],"product_brand":[],"product_cat":[636],"product_tag":[611,730,25],"class_list":{"0":"post-106405","1":"product","2":"type-product","3":"status-publish","4":"has-post-thumbnail","6":"product_cat-herramientas-fibra-optica","7":"product_tag-fibra-optica","8":"product_tag-fluke-networks","9":"product_tag-herramientas","11":"first","12":"outofstock","13":"sale","14":"shipping-taxable","15":"purchasable","16":"product-type-simple"},"_links":{"self":[{"href":"https:\/\/soydeaqui.ddns.net\/pachuca\/index.php\/wp-json\/wp\/v2\/product\/106405","targetHints":{"allow":["GET"]}}],"collection":[{"href":"https:\/\/soydeaqui.ddns.net\/pachuca\/index.php\/wp-json\/wp\/v2\/product"}],"about":[{"href":"https:\/\/soydeaqui.ddns.net\/pachuca\/index.php\/wp-json\/wp\/v2\/types\/product"}],"replies":[{"embeddable":true,"href":"https:\/\/soydeaqui.ddns.net\/pachuca\/index.php\/wp-json\/wp\/v2\/comments?post=106405"}],"wp:featuredmedia":[{"embeddable":true,"href":"https:\/\/soydeaqui.ddns.net\/pachuca\/index.php\/wp-json\/wp\/v2\/media\/106404"}],"wp:attachment":[{"href":"https:\/\/soydeaqui.ddns.net\/pachuca\/index.php\/wp-json\/wp\/v2\/media?parent=106405"}],"wp:term":[{"taxonomy":"product_brand","embeddable":true,"href":"https:\/\/soydeaqui.ddns.net\/pachuca\/index.php\/wp-json\/wp\/v2\/product_brand?post=106405"},{"taxonomy":"product_cat","embeddable":true,"href":"https:\/\/soydeaqui.ddns.net\/pachuca\/index.php\/wp-json\/wp\/v2\/product_cat?post=106405"},{"taxonomy":"product_tag","embeddable":true,"href":"https:\/\/soydeaqui.ddns.net\/pachuca\/index.php\/wp-json\/wp\/v2\/product_tag?post=106405"}],"curies":[{"name":"wp","href":"https:\/\/api.w.org\/{rel}","templated":true}]}}