{"id":106390,"date":"2026-03-20T16:13:14","date_gmt":"2026-03-20T16:13:14","guid":{"rendered":"https:\/\/soydeaqui.ddns.net\/pachuca\/index.php\/producto\/cuchilla-de-repuesto-eversharp-110-para-pinzas-de-impacto-d914s-d914-d814-y-d214\/"},"modified":"2026-03-20T16:13:16","modified_gmt":"2026-03-20T16:13:16","slug":"cuchilla-de-repuesto-eversharp-110-para-pinzas-de-impacto-d914s-d914-d814-y-d214","status":"publish","type":"product","link":"https:\/\/soydeaqui.ddns.net\/pachuca\/index.php\/producto\/cuchilla-de-repuesto-eversharp-110-para-pinzas-de-impacto-d914s-d914-d814-y-d214\/","title":{"rendered":"Cuchilla de Repuesto Eversharp 110, Para Pinzas de Impacto D914s?, D914?, D814? y D214?"},"content":{"rendered":"<div style='width: 100%; max-width: 1200px; margin: 0 auto; font-family: sans-serif; line-height: 1.6; color: inherit; background-color: transparent;'> <!-- Secci\u00f3n de descripci\u00f3n --> <\/p>\n<div style='margin-bottom: 30px; font-size: 15px;'>\n<p>Fluke Networks ofrece tres dise\u00f1os de la cuchilla de EverSharp\u2122: La cuchilla EverSharp 66\/110&comma; la cuchilla EverSharp 110 y las cuchillas EverSharp 66. Con el procesamiento especial del metal&comma; estas cuchillas de alto rendimiento se mantienen afiladas durante m\u00e1s tiempo que otras cuchillas de la competencia. Las cuchillas m\u00e1s afiladas proporcionan mejores terminaciones en el bloque&comma; resultando en una calidad superior en las instalaciones. Estas cuchillas se pueden utilizar con las herramientas crimpadoras D914S\u2122&comma; D914\u2122&comma; D814\u2122 y D214\u2122 Punchdown Tools.<\/p>\n<\/p><\/div>\n<p> <!-- Secci\u00f3n de caracter\u00edsticas principales --> <\/p>\n<div style='display: flex; flex-wrap: wrap; gap: 30px; margin-bottom: 30px;'>\n<div style='flex: 1 1 300px; min-width: 280px;'>\n<h3 style='font-size: 22px; border-bottom: 2px solid currentColor; padding-bottom: 5px; margin-top: 0; color: inherit; opacity: 0.8;'>Caracter\u00edsticas Principales<\/h3>\n<ul style='padding-left: 20px; font-size: 15px; color: inherit;'>\n<li style='margin-bottom: 5px;'>Tres dise\u00f1os de cuchilla EverSharp para versatilidad m\u00e1xima<\/li>\n<li style='margin-bottom: 5px;'>Cuchillas EverSharp con procesamiento especial de metal<\/li>\n<li style='margin-bottom: 5px;'>Compatibles con herramientas crimpadoras D914S&comma; D914&comma; D814&comma; D214<\/li>\n<li style='margin-bottom: 5px;'>Cuchillas m\u00e1s afiladas&comma; mejores terminaciones en bloque<\/li>\n<li style='margin-bottom: 5px;'>Alto rendimiento y durabilidad superior en instalaciones<\/li>\n<\/ul><\/div>\n<p> <!-- Secci\u00f3n de especificaciones t\u00e9cnicas --> <\/p>\n<div style='flex: 1 1 300px; min-width: 280px;'>\n<h3 style='font-size: 22px; border-bottom: 2px solid currentColor; padding-bottom: 5px; margin-top: 0; color: inherit; opacity: 0.8;'>Especificaciones T\u00e9cnicas<\/h3>\n<ul style='padding-left: 20px; font-size: 15px; color: inherit;'>\n<li style='margin-bottom: 5px;'><strong>Tipo:<\/strong> Cuchilla de repuesto EverSharp 110<\/li>\n<li style='margin-bottom: 5px;'><strong>Modelo compatible:<\/strong> D914S\u2122&comma; D914\u2122&comma; D814\u2122 y D214\u2122<\/li>\n<li style='margin-bottom: 5px;'><strong>Material:<\/strong> Metal con procesamiento especial para mayor durabilidad<\/li>\n<li style='margin-bottom: 5px;'><strong>Prueba de durabilidad:<\/strong> Probada para m\u00e1s de 1&comma;000&comma;000 terminaciones<\/li>\n<li style='margin-bottom: 5px;'><strong>Garant\u00eda:<\/strong> De por vida<\/li>\n<li style='margin-bottom: 5px;'><strong>Dimensiones:<\/strong> 177.094mm x 88.547mm<\/li>\n<li style='margin-bottom: 5px;'><strong>Referencia:<\/strong> 10176500<\/li>\n<\/ul><\/div>\n<\/p><\/div>\n<p> <!-- Secci\u00f3n de compatibilidad --> <\/p>\n<div style='margin-bottom: 30px;'>\n<h3 style='font-size: 22px; border-bottom: 2px solid currentColor; padding-bottom: 5px; margin-top: 0; margin-bottom: 15px; color: inherit; opacity: 0.8;'>Compatibilidad<\/h3>\n<p style='font-size: 15px; margin-bottom: 15px;'>La cuchilla EverSharp 110 es compatible con las siguientes herramientas crimpadoras:<\/p>\n<ul style='padding-left: 20px; font-size: 15px; color: inherit;'>\n<li style='margin-bottom: 5px;'>D914S\u2122 Impact Tool<\/li>\n<li style='margin-bottom: 5px;'>D914\u2122 Punchdown Tool<\/li>\n<li style='margin-bottom: 5px;'>D814\u2122 Punchdown Tool<\/li>\n<li style='margin-bottom: 5px;'>D214\u2122 Punchdown Tool<\/li>\n<\/ul><\/div>\n<p> <!-- Secci\u00f3n de instrucciones de uso --> <\/p>\n<div style='margin-bottom: 30px;'>\n<h3 style='font-size: 22px; border-bottom: 2px solid currentColor; padding-bottom: 5px; margin-top: 0; margin-bottom: 15px; color: inherit; opacity: 0.8;'>Instrucciones de Uso<\/h3>\n<ul style='padding-left: 20px; font-size: 15px; color: inherit;'>\n<li style='margin-bottom: 5px;'><strong>Instalaci\u00f3n:<\/strong> Inserte la cuchilla en el orificio&comma; gire la rueda de liberaci\u00f3n y la cuchilla se insertar\u00e1.<\/li>\n<li style='margin-bottom: 5px;'><strong>Extracci\u00f3n:<\/strong> Voltee la herramienta al rev\u00e9s&comma; gire la rueda de liberaci\u00f3n y la cuchilla saldr\u00e1.<\/li>\n<li style='margin-bottom: 5px;'><strong>Ajuste de fuerza:<\/strong> Gire la rueda de impacto a &#8216;LO&#8217; para alambres de menor calibre y &#8216;HI&#8217; para alambres de mayor calibre.<\/li>\n<\/ul><\/div>\n<p> <!-- Secci\u00f3n de beneficios --> <\/p>\n<div style='margin-bottom: 30px;'>\n<h3 style='font-size: 22px; border-bottom: 2px solid currentColor; padding-bottom: 5px; margin-top: 0; margin-bottom: 15px; color: inherit; opacity: 0.8;'>Beneficios<\/h3>\n<ul style='padding-left: 20px; font-size: 15px; color: inherit;'>\n<li style='margin-bottom: 5px;'>Cuchillas m\u00e1s afiladas que proporcionan mejores terminaciones en bloque<\/li>\n<li style='margin-bottom: 5px;'>Mayor durabilidad&comma; probadas para m\u00e1s de 1&comma;000&comma;000 terminaciones<\/li>\n<li style='margin-bottom: 5px;'>Dise\u00f1o ajustable para diferentes calibres de alambre<\/li>\n<li style='margin-bottom: 5px;'>F\u00e1cil almacenamiento de cuchillas adicionales en el mango de la herramienta<\/li>\n<\/ul><\/div>\n<p> <!-- Separador --> <\/p>\n<hr style='border: 0; border-top: 1px solid rgba(150&comma; 150&comma; 150&comma; 0.3); margin: 30px 0;'> <\/div>\n","protected":false},"excerpt":{"rendered":"<p>Cuchilla de Repuesto Eversharp 110, Para Pinzas de Impacto D914s?, D914?, D814? y D214?<\/p>\n","protected":false},"featured_media":106389,"comment_status":"open","ping_status":"closed","template":"","meta":[],"product_brand":[],"product_cat":[608],"product_tag":[586,730,25],"class_list":{"0":"post-106390","1":"product","2":"type-product","3":"status-publish","4":"has-post-thumbnail","6":"product_cat-herramientas-cableado-de-cobre","7":"product_tag-cableado-de-cobre","8":"product_tag-fluke-networks","9":"product_tag-herramientas","11":"first","12":"instock","13":"sale","14":"shipping-taxable","15":"purchasable","16":"product-type-simple"},"_links":{"self":[{"href":"https:\/\/soydeaqui.ddns.net\/pachuca\/index.php\/wp-json\/wp\/v2\/product\/106390","targetHints":{"allow":["GET"]}}],"collection":[{"href":"https:\/\/soydeaqui.ddns.net\/pachuca\/index.php\/wp-json\/wp\/v2\/product"}],"about":[{"href":"https:\/\/soydeaqui.ddns.net\/pachuca\/index.php\/wp-json\/wp\/v2\/types\/product"}],"replies":[{"embeddable":true,"href":"https:\/\/soydeaqui.ddns.net\/pachuca\/index.php\/wp-json\/wp\/v2\/comments?post=106390"}],"wp:featuredmedia":[{"embeddable":true,"href":"https:\/\/soydeaqui.ddns.net\/pachuca\/index.php\/wp-json\/wp\/v2\/media\/106389"}],"wp:attachment":[{"href":"https:\/\/soydeaqui.ddns.net\/pachuca\/index.php\/wp-json\/wp\/v2\/media?parent=106390"}],"wp:term":[{"taxonomy":"product_brand","embeddable":true,"href":"https:\/\/soydeaqui.ddns.net\/pachuca\/index.php\/wp-json\/wp\/v2\/product_brand?post=106390"},{"taxonomy":"product_cat","embeddable":true,"href":"https:\/\/soydeaqui.ddns.net\/pachuca\/index.php\/wp-json\/wp\/v2\/product_cat?post=106390"},{"taxonomy":"product_tag","embeddable":true,"href":"https:\/\/soydeaqui.ddns.net\/pachuca\/index.php\/wp-json\/wp\/v2\/product_tag?post=106390"}],"curies":[{"name":"wp","href":"https:\/\/api.w.org\/{rel}","templated":true}]}}