{"id":106306,"date":"2026-03-20T16:08:51","date_gmt":"2026-03-20T16:08:51","guid":{"rendered":"https:\/\/soydeaqui.ddns.net\/pachuca\/index.php\/producto\/servidor-nas-para-rack-de-12-bahias-expandible-a-24-bahias-hasta-288-tb-doble-fuente-de-poder\/"},"modified":"2026-03-20T16:08:59","modified_gmt":"2026-03-20T16:08:59","slug":"servidor-nas-para-rack-de-12-bahias-expandible-a-24-bahias-hasta-288-tb-doble-fuente-de-poder","status":"publish","type":"product","link":"https:\/\/soydeaqui.ddns.net\/pachuca\/index.php\/producto\/servidor-nas-para-rack-de-12-bahias-expandible-a-24-bahias-hasta-288-tb-doble-fuente-de-poder\/","title":{"rendered":"Servidor NAS para rack de 12 bah\u00edas \/ Expandible a 24 bah\u00edas \/ Hasta 288 TB \/ Doble fuente de poder"},"content":{"rendered":"<div style='width: 100%; max-width: 1200px; margin: 0 auto; font-family: sans-serif; line-height: 1.6; color: inherit; background-color: transparent;'> <!-- Banner de garant\u00eda --> <\/p>\n<div style='text-align: center; margin-bottom: 30px;'> <a href='https:\/\/ftp3.syscom.mx\/usuarios\/ftp\/2018\/10\/17\/be9cb\/PROCEDIMIENTO%20GARANTIA%20SYNOLOGY.pdf'> <img style='width: 100%; max-width: 900px; height: auto; border: 1px solid rgba(150&comma;150&comma;150&comma;0.3); border-radius: 8px;' src='https:\/\/ftp3.syscom.mx\/usuarios\/nortega\/synology\/imagenes\/cintillo%20garantia.jpg' alt=''> <\/a> <\/div>\n<p> <!-- Descripci\u00f3n principal --> <\/p>\n<div style='margin-bottom: 30px; font-size: 15px; color: inherit;'> Synology RackStation RS2421RPPLUS es un NAS de 12 bah\u00edas dise\u00f1ado para pymes. Proporciona almacenamiento flexible y ampliabilidad de la SSD M.2&comma; ideal para funcionar como un servidor de archivos o como destino de copia de seguridad centralizado. Se puede integrar f\u00e1cilmente en entornos virtuales y ofrece aplicaciones de almacenamiento f\u00e1ciles de usar para proteger los activos de datos de la empresa. <\/div>\n<p> <!-- Secci\u00f3n de especificaciones --> <\/p>\n<div style='display: flex; flex-wrap: wrap; gap: 20px; margin-bottom: 30px;'>\n<div style='flex: 1 1 300px; min-width: 280px;'>\n<div style='border: 1px solid rgba(150&comma;150&comma;150&comma;0.4); border-radius: 8px; overflow: hidden; display: flex; flex-direction: column; height: 100%;'>\n<div style='padding: 15px; border-bottom: 1px solid rgba(150&comma;150&comma;150&comma;0.2); font-weight: bold; font-size: 18px; color: inherit;'>Procesador<\/div>\n<div style='padding: 15px; color: inherit;'>\n<ul style='padding-left: 20px; margin: 0; font-size: 14px; list-style-type: disc;'>\n<li style='margin-bottom: 5px;'><span style='color: inherit; font-size: 14px; line-height: 1.5;'>Intel Atom C3538<\/span><\/li>\n<li style='margin-bottom: 5px;'><span style='color: inherit; font-size: 14px; line-height: 1.5;'>64-bit<\/span><\/li>\n<li style='margin-bottom: 5px;'><span style='color: inherit; font-size: 14px; line-height: 1.5;'>N\u00facleo cu\u00e1druple 2.1GHz<\/span><\/li>\n<li style='margin-bottom: 5px;'><span style='color: inherit; font-size: 14px; line-height: 1.5;'>RAM 4GB (expandible hasta 64GB)<\/span><\/li>\n<\/ul><\/div>\n<\/p><\/div>\n<\/p><\/div>\n<div style='flex: 1 1 300px; min-width: 280px;'>\n<div style='border: 1px solid rgba(150&comma;150&comma;150&comma;0.4); border-radius: 8px; overflow: hidden; display: flex; flex-direction: column; height: 100%;'>\n<div style='padding: 15px; border-bottom: 1px solid rgba(150&comma;150&comma;150&comma;0.2); font-weight: bold; font-size: 18px; color: inherit;'>Caracter\u00edsticas F\u00edsicas y El\u00e9ctricas<\/div>\n<div style='padding: 15px; color: inherit;'>\n<ul style='padding-left: 20px; margin: 0; font-size: 14px; list-style-type: disc;'>\n<li style='margin-bottom: 5px;'><span style='color: inherit; font-size: 14px; line-height: 1.5;'>Alimentaci\u00f3n: 100 a 240VCA (Incluye fuente de alimentaci\u00f3n redundante)<\/span><\/li>\n<li style='margin-bottom: 5px;'><span style='color: inherit; font-size: 14px; line-height: 1.5;'>Consumo: 70.58W<\/span><\/li>\n<li style='margin-bottom: 5px;'><span style='color: inherit; font-size: 14px; line-height: 1.5;'>Temperatura de operaci\u00f3n: 5 a 35 \u00b0C<\/span><\/li>\n<li style='margin-bottom: 5px;'><span style='color: inherit; font-size: 14px; line-height: 1.5;'>Dimensiones: 88 X 430.5 X 692 mm<\/span><\/li>\n<li style='margin-bottom: 5px;'><span style='color: inherit; font-size: 14px; line-height: 1.5;'>Peso: 13.85 Kg<\/span><\/li>\n<li style='margin-bottom: 5px;'><span style='color: inherit; font-size: 14px; line-height: 1.5; font-weight: bold;'>Para instalaci\u00f3n en rack de 4 postes (utilizar RKS1317)<\/span><\/li>\n<\/ul><\/div>\n<\/p><\/div>\n<\/p><\/div>\n<div style='flex: 1 1 300px; min-width: 280px;'>\n<div style='border: 1px solid rgba(150&comma;150&comma;150&comma;0.4); border-radius: 8px; overflow: hidden; display: flex; flex-direction: column; height: 100%;'>\n<div style='padding: 15px; border-bottom: 1px solid rgba(150&comma;150&comma;150&comma;0.2); font-weight: bold; font-size: 18px; color: inherit;'>Almacenamiento<\/div>\n<div style='padding: 15px; color: inherit;'>\n<ul style='padding-left: 20px; margin: 0; font-size: 14px; list-style-type: disc;'>\n<li style='margin-bottom: 5px;'><span style='color: inherit; font-size: 14px; line-height: 1.5;'>12 Bah\u00edas para Disco Duro (no incluidos)<\/span><\/li>\n<li style='margin-bottom: 5px;'><span style='color: inherit; font-size: 14px; line-height: 1.5;'>Expandible hasta 24 Bah\u00edas con Unidad de Expansi\u00f3n RX1217<\/span><\/li>\n<li style='margin-bottom: 5px;'><span style='color: inherit; font-size: 14px; line-height: 1.5;'>Soporta discos duros HDD\/SSD de 3.5\u201d&comma; 2.5\u201d. SATA III y SATA II<\/span><\/li>\n<li style='margin-bottom: 5px;'><span style='color: inherit; font-size: 14px; line-height: 1.5;'>Soporta discos duros de hasta 12TB<\/span><\/li>\n<li style='margin-bottom: 5px;'><span style='color: inherit; font-size: 14px; line-height: 1.5;'>Hot Swap<\/span><\/li>\n<\/ul><\/div>\n<\/p><\/div>\n<\/p><\/div>\n<div style='flex: 1 1 300px; min-width: 280px;'>\n<div style='border: 1px solid rgba(150&comma;150&comma;150&comma;0.4); border-radius: 8px; overflow: hidden; display: flex; flex-direction: column; height: 100%;'>\n<div style='padding: 15px; border-bottom: 1px solid rgba(150&comma;150&comma;150&comma;0.2); font-weight: bold; font-size: 18px; color: inherit;'>Puertos de conexi\u00f3n<\/div>\n<div style='padding: 15px; color: inherit;'>\n<ul style='padding-left: 20px; margin: 0; font-size: 14px; list-style-type: disc;'>\n<li style='margin-bottom: 5px;'><span style='color: inherit; font-size: 14px; line-height: 1.5;'>4 Puertos RJ45 Gigabit (Con Link Aggregation \/ Failover support)<\/span><\/li>\n<li style='margin-bottom: 5px;'><span style='color: inherit; font-size: 14px; line-height: 1.5;'>2 Puertos USB 3.0<\/span><\/li>\n<li style='margin-bottom: 5px;'><span style='color: inherit; font-size: 14px; line-height: 1.5;'>2 Puertos USB 2.0<\/span><\/li>\n<li style='margin-bottom: 5px;'><span style='color: inherit; font-size: 14px; line-height: 1.5;'>1 Puerto PCIe 3.0<\/span><\/li>\n<li style='margin-bottom: 5px;'><span style='color: inherit; font-size: 14px; line-height: 1.5;'>1 Puerto expansi\u00f3n<\/span><\/li>\n<\/ul><\/div>\n<\/p><\/div>\n<\/p><\/div>\n<div style='flex: 1 1 300px; min-width: 280px;'>\n<div style='border: 1px solid rgba(150&comma;150&comma;150&comma;0.4); border-radius: 8px; overflow: hidden; display: flex; flex-direction: column; height: 100%;'>\n<div style='padding: 15px; border-bottom: 1px solid rgba(150&comma;150&comma;150&comma;0.2); font-weight: bold; font-size: 18px; color: inherit;'>RAID Compatible<\/div>\n<div style='padding: 15px; color: inherit;'>\n<ul style='padding-left: 20px; margin: 0; font-size: 14px; list-style-type: disc;'>\n<li style='margin-bottom: 5px;'><span style='color: inherit; font-size: 14px; line-height: 1.5;'>Synology Hybrid RAID<\/span><\/li>\n<li style='margin-bottom: 5px;'><span style='color: inherit; font-size: 14px; line-height: 1.5;'>JBOD<\/span><\/li>\n<li style='margin-bottom: 5px;'><span style='color: inherit; font-size: 14px; line-height: 1.5;'>RAID 0<\/span><\/li>\n<li style='margin-bottom: 5px;'><span style='color: inherit; font-size: 14px; line-height: 1.5;'>RAID 1<\/span><\/li>\n<li style='margin-bottom: 5px;'><span style='color: inherit; font-size: 14px; line-height: 1.5;'>RAID 5<\/span><\/li>\n<li style='margin-bottom: 5px;'><span style='color: inherit; font-size: 14px; line-height: 1.5;'>RAID 6<\/span><\/li>\n<li style='margin-bottom: 5px;'><span style='color: inherit; font-size: 14px; line-height: 1.5;'>RAID 10<\/span><\/li>\n<\/ul><\/div>\n<\/p><\/div>\n<\/p><\/div>\n<div style='flex: 1 1 300px; min-width: 280px;'>\n<div style='border: 1px solid rgba(150&comma;150&comma;150&comma;0.4); border-radius: 8px; overflow: hidden; display: flex; flex-direction: column; height: 100%;'>\n<div style='padding: 15px; border-bottom: 1px solid rgba(150&comma;150&comma;150&comma;0.2); font-weight: bold; font-size: 18px; color: inherit;'>Software<\/div>\n<div style='padding: 15px; color: inherit;'>\n<ul style='padding-left: 20px; margin: 0; font-size: 14px; list-style-type: disc;'>\n<li style='margin-bottom: 5px;'><span style='color: inherit; font-size: 14px; line-height: 1.5;'>Synology DiskStation Manager (DSM) es un elegante sistema operativo basado en navegador&comma; lo que hace que Synology NAS sea muy f\u00e1cil de utilizar<\/span><\/li>\n<li style='margin-bottom: 5px;'><span style='color: inherit; font-size: 14px; line-height: 1.5;'>Para conocer todas las aplicaciones adicionales (Add-Ons)&comma; como Servidor de Archivos&comma; de correo&comma; FTP&comma; impresi\u00f3n&comma; fotos&comma; videos y muchos m\u00e1s&comma; consulte la Hoja de Especificaciones<\/span><\/li>\n<\/ul><\/div>\n<\/p><\/div>\n<\/p><\/div>\n<\/p><\/div>\n<p> <!-- Enlace selector de NAS --> <\/p>\n<div style='margin-top: 30px; padding: 15px; border-left: 5px solid rgba(150&comma;150&comma;150&comma;0.4); background-color: rgba(150&comma;150&comma;150&comma;0.05);'>\n<div style='font-weight: bold; margin-bottom: 10px; color: inherit;'>\u00bfQu\u00e9 servidor NAS es el m\u00e1s adecuado para usted?<\/div>\n<p> <a href='https:\/\/www.synology.com\/es-mx\/support\/nas_selector' style='color: inherit; text-decoration: underline; word-break: break-all;'>https:\/\/www.synology.com\/es-mx\/support\/nas_selector<\/a> <\/div>\n<\/p><\/div>\n","protected":false},"excerpt":{"rendered":"<p>Servidor NAS para rack de 12 bah\u00edas \/ Expandible a 24 bah\u00edas \/ Hasta 288 TB \/ Doble fuente de poder<\/p>\n","protected":false},"featured_media":106305,"comment_status":"open","ping_status":"closed","template":"","meta":[],"product_brand":[],"product_cat":[2064],"product_tag":[2066,2065,1976],"class_list":{"0":"post-106306","1":"product","2":"type-product","3":"status-publish","4":"has-post-thumbnail","6":"product_cat-almacenamiento-nas-san-esata","7":"product_tag-almacenamiento-nas-san-esata","8":"product_tag-servidores-almacenamiento","9":"product_tag-synology","11":"first","12":"outofstock","13":"sale","14":"shipping-taxable","15":"purchasable","16":"product-type-simple"},"_links":{"self":[{"href":"https:\/\/soydeaqui.ddns.net\/pachuca\/index.php\/wp-json\/wp\/v2\/product\/106306","targetHints":{"allow":["GET"]}}],"collection":[{"href":"https:\/\/soydeaqui.ddns.net\/pachuca\/index.php\/wp-json\/wp\/v2\/product"}],"about":[{"href":"https:\/\/soydeaqui.ddns.net\/pachuca\/index.php\/wp-json\/wp\/v2\/types\/product"}],"replies":[{"embeddable":true,"href":"https:\/\/soydeaqui.ddns.net\/pachuca\/index.php\/wp-json\/wp\/v2\/comments?post=106306"}],"wp:featuredmedia":[{"embeddable":true,"href":"https:\/\/soydeaqui.ddns.net\/pachuca\/index.php\/wp-json\/wp\/v2\/media\/106305"}],"wp:attachment":[{"href":"https:\/\/soydeaqui.ddns.net\/pachuca\/index.php\/wp-json\/wp\/v2\/media?parent=106306"}],"wp:term":[{"taxonomy":"product_brand","embeddable":true,"href":"https:\/\/soydeaqui.ddns.net\/pachuca\/index.php\/wp-json\/wp\/v2\/product_brand?post=106306"},{"taxonomy":"product_cat","embeddable":true,"href":"https:\/\/soydeaqui.ddns.net\/pachuca\/index.php\/wp-json\/wp\/v2\/product_cat?post=106306"},{"taxonomy":"product_tag","embeddable":true,"href":"https:\/\/soydeaqui.ddns.net\/pachuca\/index.php\/wp-json\/wp\/v2\/product_tag?post=106306"}],"curies":[{"name":"wp","href":"https:\/\/api.w.org\/{rel}","templated":true}]}}