{"id":106067,"date":"2026-03-20T15:56:44","date_gmt":"2026-03-20T15:56:44","guid":{"rendered":"https:\/\/soydeaqui.ddns.net\/pachuca\/index.php\/producto\/kit-extensor-hdmi-para-distancias-de-120-metros-resolucion-4k-30hz-cat-6-soporta-conexion-uno-a-uno-y-uno-a-muchos-soporta-hasta-253-rx-baja-latencia-uso-24-7-soporta-hdbitt-compatib\/"},"modified":"2026-03-20T15:57:02","modified_gmt":"2026-03-20T15:57:02","slug":"kit-extensor-hdmi-para-distancias-de-120-metros-resolucion-4k-30hz-cat-6-soporta-conexion-uno-a-uno-y-uno-a-muchos-soporta-hasta-253-rx-baja-latencia-uso-24-7-soporta-hdbitt-compatib","status":"publish","type":"product","link":"https:\/\/soydeaqui.ddns.net\/pachuca\/index.php\/producto\/kit-extensor-hdmi-para-distancias-de-120-metros-resolucion-4k-30hz-cat-6-soporta-conexion-uno-a-uno-y-uno-a-muchos-soporta-hasta-253-rx-baja-latencia-uso-24-7-soporta-hdbitt-compatib\/","title":{"rendered":"Kit Extensor HDMI para distancias de 120 metros \/ Resoluci\u00f3n 4K @ 30Hz \/ Cat 6 \/ Soporta conexi\u00f3n Uno a Uno y Uno a Muchos \/ Soporta hasta 253 Rx \/ Baja Latencia \/ Uso 24\/7 \/ Soporta HDbitT \/ Compatible con Switch Gigabit"},"content":{"rendered":"<div style='width: 100%; max-width: 1200px; margin: 0 auto; font-family: sans-serif; line-height: 1.6; color: inherit; background-color: transparent;'> <!-- Imagen principal --> <\/p>\n<div style='width: 100%; margin-bottom: 30px;'> <img style='width: 100%; height: auto; border: 1px solid rgba(150&comma;150&comma;150&comma;0.3); border-radius: 8px;' src='https:\/\/ftp3.syscom.mx\/usuarios\/luis.vargas\/EpcomTitanium\/titaniumup.jpg' alt=''> <\/div>\n<p> <!-- T\u00edtulos y descripci\u00f3n --> <\/p>\n<div style='text-align: center; margin-bottom: 30px;'>\n<h1 style='font-size: 28px; margin: 0; color: inherit;'><strong>TT683-4.0<\/strong><\/h1>\n<h3 style='font-size: 18px; color: inherit; opacity: 0.7; margin: 10px 0;'>Extensor HDMI 4k x 2k por cable Cat6 a 120 metros&comma; protocolo HDbitT&comma; compatible con HDCP.<\/h3>\n<p style='margin: 10px auto 30px auto; max-width: 800px; font-size: 15px; color: inherit;'>El Kit extensor TT683-4.0 utiliza la tecnolog\u00eda HDbitT&comma; para transmitir video y audio de un dispositivo a otro a trav\u00e9s de cable Cat6 a una distancia de 394 pies (120 metros)&comma; permite la conexi\u00f3n mediante Switch Gigabit en cascada para extender la se\u00f1al de video fuente ilimitadamente o bien la conexi\u00f3n de 1 transmisor a muchos receptores de tal manera que se pueden colocar en una red de manera flexible.<\/p>\n<\/p><\/div>\n<p> <!-- Secci\u00f3n de caracter\u00edsticas --> <\/p>\n<div style='display: flex; flex-wrap: wrap; gap: 30px; margin-bottom: 30px;'> <!-- Caracter\u00edsticas Principales --> <\/p>\n<div style='flex: 1 1 300px; min-width: 280px;'>\n<div style='border: 1px solid rgba(150&comma; 150&comma; 150&comma; 0.4); border-radius: 8px; overflow: hidden; display: flex; flex-direction: column;'>\n<div style='padding: 15px; border-bottom: 1px solid rgba(150&comma; 150&comma; 150&comma; 0.2); font-weight: bold; font-size: 18px; color: inherit;'>Caracter\u00edsticas Principales:<\/div>\n<div style='padding: 15px; color: inherit;'> <img style='width: 100%; height: auto; border: 1px solid rgba(150&comma;150&comma;150&comma;0.3); border-radius: 8px; margin-bottom: 15px;' src='https:\/\/ftp3.syscom.mx\/usuarios\/hallende\/EPCOM%20Titanium\/TT-683-4.0\/TT6834.0-1.png' alt=''> <\/p>\n<ul style='padding-left: 20px; margin: 0; font-size: 14px; list-style-type: disc; color: inherit;'>\n<li style='margin-bottom: 5px;'>Extiende la se\u00f1al HDMI utilizando cable de red CAT6: 120m.<\/li>\n<li style='margin-bottom: 5px;'>Resoluci\u00f3n: 4K a 30 Hz (3840&#215;2160 a 24\/25\/30 Hz).<\/li>\n<li style='margin-bottom: 5px;'>Soporta la conexi\u00f3n de 1 transmisor a muchos receptores&comma; permitiendo dividir y extender la se\u00f1al de video fuente.<\/li>\n<li style='margin-bottom: 5px;'>Permite la conexi\u00f3n mediante Switch Gigabit en cascada para extender ilimitadamente.<\/li>\n<li style='margin-bottom: 5px;'>Admite transmisi\u00f3n LAN para construir una red de manera flexible.<\/li>\n<li style='margin-bottom: 5px;'>Baja latencia en la transmisi\u00f3n de v\u00eddeo.<\/li>\n<li style='margin-bottom: 5px;'>Cumplimiento HDbitT&comma; HDMI1.4&comma; HDCP1.3.<\/li>\n<li style='margin-bottom: 5px;'>Ancho de banda de v\u00eddeo: 18 Mbps (10.2G).<\/li>\n<\/ul><\/div>\n<\/p><\/div>\n<\/p><\/div>\n<p> <!-- Caracter\u00edsticas F\u00edsicas y El\u00e9ctricas --> <\/p>\n<div style='flex: 1 1 300px; min-width: 280px;'>\n<div style='border: 1px solid rgba(150&comma; 150&comma; 150&comma; 0.4); border-radius: 8px; overflow: hidden; display: flex; flex-direction: column;'>\n<div style='padding: 15px; border-bottom: 1px solid rgba(150&comma; 150&comma; 150&comma; 0.2); font-weight: bold; font-size: 18px; color: inherit;'>Caracter\u00edsticas F\u00edsicas y El\u00e9ctricas:<\/div>\n<div style='padding: 15px; color: inherit;'> <img style='width: 100%; height: auto; border: 1px solid rgba(150&comma;150&comma;150&comma;0.3); border-radius: 8px; margin-bottom: 15px;' src='https:\/\/ftp3.syscom.mx\/usuarios\/hallende\/EPCOM%20Titanium\/TT-683-4.0\/TT6834.0-2.png' alt=''> <\/p>\n<ul style='padding-left: 20px; margin: 0; font-size: 14px; list-style-type: disc; color: inherit;'>\n<li style='margin-bottom: 5px;'>Alimentaci\u00f3n: 5 Vcc&comma; 2 A (Fuentes de alimentaci\u00f3n incluidas).<\/li>\n<li style='margin-bottom: 5px;'>Potencia de consumo: TX: 6 W RX: 4 W.<\/li>\n<li style='margin-bottom: 5px;'>Dimensiones TX;RX: 107&comma;3 mm (largo) x 94 mm (ancho) x 23&comma;7 mm (alto).<\/li>\n<li style='margin-bottom: 5px;'>Peso: TX: 170 g; RX: 167 g.<\/li>\n<li style='margin-bottom: 5px;'>Temperatura de operaci\u00f3n: 0~60\u00b0.<\/li>\n<li style='margin-bottom: 5px;'>Temperatura de almacenamiento: -20~70\u00b0C.<\/li>\n<li style='margin-bottom: 5px;'>1 A\u00f1o de Garant\u00eda por defectos de f\u00e1brica.<\/li>\n<\/ul><\/div>\n<\/p><\/div>\n<\/p><\/div>\n<p> <!-- Caracter\u00edsticas Destacadas --> <\/p>\n<div style='flex: 1 1 300px; min-width: 280px;'>\n<div style='border: 1px solid rgba(150&comma; 150&comma; 150&comma; 0.4); border-radius: 8px; overflow: hidden; display: flex; flex-direction: column;'>\n<div style='padding: 15px; border-bottom: 1px solid rgba(150&comma; 150&comma; 150&comma; 0.2); font-weight: bold; font-size: 18px; color: inherit;'>Caracter\u00edsticas Destacadas:<\/div>\n<div style='padding: 15px; color: inherit;'> <img style='width: 100%; height: auto; border: 1px solid rgba(150&comma;150&comma;150&comma;0.3); border-radius: 8px; margin-bottom: 15px;' src='https:\/\/ftp3.syscom.mx\/usuarios\/hallende\/EPCOM%20Titanium\/TT-683-4.0\/TT6834.0-3.png' alt=''> <\/p>\n<ul style='padding-left: 20px; margin: 0; font-size: 14px; list-style-type: disc; color: inherit;'>\n<li style='margin-bottom: 5px;'>Adopta una nueva tecnolog\u00eda de transmisi\u00f3n digital de s\u00faper alta definici\u00f3n.<\/li>\n<li style='margin-bottom: 5px;'>Admite la funci\u00f3n de transferencia de infrarrojos (con el control remoto del equipo fuente) para controlar a larga distancia.<\/li>\n<li style='margin-bottom: 5px;'>Alto rendimiento&comma; uso 24\/7.<\/li>\n<li style='margin-bottom: 5px;'>Formato de audio: PCM.<\/li>\n<li style='margin-bottom: 5px;'>Plug and play sin ning\u00fan ajuste manual.<\/li>\n<li style='margin-bottom: 5px;'>Protecci\u00f3n contra rayos&comma; protecci\u00f3n contra sobretensiones&comma; protecci\u00f3n ESD.<\/li>\n<li style='margin-bottom: 5px;'>Dise\u00f1o de carcasa de aleaci\u00f3n de aluminio&comma; estable y duradero.<\/li>\n<li style='margin-bottom: 5px;'>Receptor compatible <a style='color: inherit; text-decoration: underline;' href='https:\/\/www.syscom.mx\/producto\/epcom_titanium-tt683-4.0-rx-197027.html' target='_blank'>TT683-4.0-RX<\/a>.<\/li>\n<\/ul><\/div>\n<\/p><\/div>\n<\/p><\/div>\n<\/p><\/div>\n<p> <!-- Imagen de soporte --> <\/p>\n<div style='width: 100%; margin-bottom: 30px;'> <img style='width: 100%; height: auto; border: 1px solid rgba(150&comma;150&comma;150&comma;0.3); border-radius: 8px;' src='http:\/\/ftp3.syscom.mx\/usuarios\/hallende\/EPCOM%20Titanium\/TT-683-4.0\/TT683-4.0%20Esp..jpg' alt=''> <\/div>\n<p> <!-- PDF Embed --> <\/p>\n<div style='position: relative; width: 100%; margin-bottom: 30px;'>   <\/div>\n<\/p><\/div>\n","protected":false},"excerpt":{"rendered":"<p>Kit Extensor HDMI para distancias de 120 metros \/ Resoluci\u00f3n 4K @ 30Hz \/ Cat 6 \/ Soporta conexi\u00f3n Uno a Uno y Uno a Muchos \/ Soporta hasta 253 Rx \/ Baja Latencia \/ Uso 24\/7 \/ Soporta HDbitT \/ Compatible con Switch Gigabit<\/p>\n","protected":false},"featured_media":106066,"comment_status":"open","ping_status":"closed","template":"","meta":[],"product_brand":[],"product_cat":[2073,2074,2077,2075,2072,2076],"product_tag":[417,2079,2080,2083,507,2081,2078,2082],"class_list":{"0":"post-106067","1":"product","2":"type-product","3":"status-publish","4":"has-post-thumbnail","6":"product_cat-convertidores","7":"product_cat-divisores","8":"product_cat-dvi","9":"product_cat-hdmi","10":"product_cat-kits-extensores","11":"product_cat-vga","12":"product_tag-accesorios-generales","13":"product_tag-convertidores","14":"product_tag-divisores","15":"product_tag-dvi","16":"product_tag-epcom-titanium","17":"product_tag-hdmi","18":"product_tag-kits-extensores","19":"product_tag-vga","21":"first","22":"instock","23":"sale","24":"shipping-taxable","25":"purchasable","26":"product-type-simple"},"_links":{"self":[{"href":"https:\/\/soydeaqui.ddns.net\/pachuca\/index.php\/wp-json\/wp\/v2\/product\/106067","targetHints":{"allow":["GET"]}}],"collection":[{"href":"https:\/\/soydeaqui.ddns.net\/pachuca\/index.php\/wp-json\/wp\/v2\/product"}],"about":[{"href":"https:\/\/soydeaqui.ddns.net\/pachuca\/index.php\/wp-json\/wp\/v2\/types\/product"}],"replies":[{"embeddable":true,"href":"https:\/\/soydeaqui.ddns.net\/pachuca\/index.php\/wp-json\/wp\/v2\/comments?post=106067"}],"wp:featuredmedia":[{"embeddable":true,"href":"https:\/\/soydeaqui.ddns.net\/pachuca\/index.php\/wp-json\/wp\/v2\/media\/106066"}],"wp:attachment":[{"href":"https:\/\/soydeaqui.ddns.net\/pachuca\/index.php\/wp-json\/wp\/v2\/media?parent=106067"}],"wp:term":[{"taxonomy":"product_brand","embeddable":true,"href":"https:\/\/soydeaqui.ddns.net\/pachuca\/index.php\/wp-json\/wp\/v2\/product_brand?post=106067"},{"taxonomy":"product_cat","embeddable":true,"href":"https:\/\/soydeaqui.ddns.net\/pachuca\/index.php\/wp-json\/wp\/v2\/product_cat?post=106067"},{"taxonomy":"product_tag","embeddable":true,"href":"https:\/\/soydeaqui.ddns.net\/pachuca\/index.php\/wp-json\/wp\/v2\/product_tag?post=106067"}],"curies":[{"name":"wp","href":"https:\/\/api.w.org\/{rel}","templated":true}]}}