{"id":106002,"date":"2026-03-20T15:53:30","date_gmt":"2026-03-20T15:53:30","guid":{"rendered":"https:\/\/soydeaqui.ddns.net\/pachuca\/index.php\/producto\/fuente-de-poder-de-alta-fiabilidad-13-8v-20a-max-con-cargador-de-baterias\/"},"modified":"2026-03-20T15:53:35","modified_gmt":"2026-03-20T15:53:35","slug":"fuente-de-poder-de-alta-fiabilidad-13-8v-20a-max-con-cargador-de-baterias","status":"publish","type":"product","link":"https:\/\/soydeaqui.ddns.net\/pachuca\/index.php\/producto\/fuente-de-poder-de-alta-fiabilidad-13-8v-20a-max-con-cargador-de-baterias\/","title":{"rendered":"Fuente de Poder de Alta Fiabilidad 13.8v \/ 20A m\u00e1x con Cargador de Bater\u00edas"},"content":{"rendered":"<div style='width: 100%; max-width: 1200px; margin: 0 auto; font-family: sans-serif; line-height: 1.6; color: inherit; background-color: transparent;'> <!-- Imagen principal --> <\/p>\n<div style='width: 100%; margin-bottom: 30px;'> <img style='width: 100%; height: auto; border: 1px solid rgba(150&comma;150&comma;150&comma;0.3); border-radius: 8px;' src='https:\/\/ftp3.syscom.mx\/usuarios\/fotos\/ICTMPS12V1400W\/197980-banner_ict.png' alt='Banner ICT Fuente de Alimentaci\u00f3n'> <\/div>\n<p> <!-- Descripci\u00f3n general --> <\/p>\n<div style='margin-bottom: 30px;'>\n<p style='font-size: 15px; color: inherit;'>La gama Serie Comm Next Generation de fuentes de alimentaci\u00f3n de CC de ICT mantiene un legado de alta fiabilidad&comma; con el respaldo de asistencia t\u00e9cnica y servicio l\u00edderes del sector. La nueva Serie Comm ofrece un menor n\u00famero de modelos para facilitar la selecci\u00f3n&comma; la gesti\u00f3n del inventario y la implantaci\u00f3n&comma; adem\u00e1s de un modelo de 20 A con salidas de carga de bater\u00eda incorporadas.<\/p>\n<\/p><\/div>\n<p> <!-- Secci\u00f3n de aplicaciones --> <\/p>\n<div style='display: flex; flex-wrap: wrap; margin-bottom: 30px;'>\n<div style='flex: 1 1 300px; min-width: 280px;'>\n<div style='border-left: 5px solid #0091ff; border-radius: 8px; padding: 15px; box-shadow: 2px 2px 10px rgba(216&comma;216&comma;216&comma;0.3);'> <strong style='font-size: 16px; color: inherit;'>Aplicaciones:<\/strong> <\/p>\n<ul style='padding-left: 20px; margin-top: 10px; color: inherit;'>\n<li style='margin-bottom: 5px;'>Redes de Comunicaciones de Radio M\u00f3vil<\/li>\n<li style='margin-bottom: 5px;'>Peque\u00f1as Instalaciones de Banda Ancha<\/li>\n<li style='margin-bottom: 5px;'>Seguridad y Vigilancia<\/li>\n<li style='margin-bottom: 5px;'>Amplificadores<\/li>\n<\/ul><\/div>\n<\/p><\/div>\n<\/p><\/div>\n<p> <!-- Secci\u00f3n de caracter\u00edsticas t\u00e9cnicas --> <\/p>\n<div style='display: flex; flex-wrap: wrap; gap: 30px; margin-bottom: 30px;'>\n<div style='flex: 1 1 300px; min-width: 280px;'>\n<h3 style='font-size: 20px; border-bottom: 2px solid currentColor; padding-bottom: 5px; margin-top: 0; color: inherit; opacity: 0.8;'>Caracter\u00edsticas T\u00e9cnicas Principales<\/h3>\n<ul style='padding-left: 20px; font-size: 15px; color: inherit;'>\n<li style='margin-bottom: 5px;'>Dise\u00f1o Compacto<\/li>\n<li style='margin-bottom: 5px;'><strong>Corriente Continua:<\/strong> 17A<\/li>\n<li style='margin-bottom: 5px;'><strong>Corriente M\u00e1xima:<\/strong> 20A<\/li>\n<li style='margin-bottom: 5px;'>Eficiencia (T\u00edpica): 86%<\/li>\n<li style='margin-bottom: 5px;'><strong>Voltaje de Salida:<\/strong> 13.8 Vcc<\/li>\n<li style='margin-bottom: 5px;'>Rango de Voltaje de Entrada: 100 &#8211; 130 Vca<\/li>\n<li style='margin-bottom: 5px;'>Rango de Frecuencia: 50\/60 Hz<\/li>\n<li style='margin-bottom: 5px;'><strong>Temperatura de Operaci\u00f3n:<\/strong> -20\u00b0C a +60\u00b0C<\/li>\n<li style='margin-bottom: 5px;'><strong>Salida para Cargar Bater\u00edas:<\/strong> 2A para carga a bater\u00eda<\/li>\n<\/ul><\/div>\n<\/p><\/div>\n<p> <!-- Secci\u00f3n de caracter\u00edsticas f\u00edsicas --> <\/p>\n<div style='display: flex; flex-wrap: wrap; gap: 30px; margin-bottom: 30px;'>\n<div style='flex: 1 1 300px; min-width: 280px;'>\n<h3 style='font-size: 20px; border-bottom: 2px solid currentColor; padding-bottom: 5px; margin-top: 0; color: inherit; opacity: 0.8;'>Caracter\u00edsticas F\u00edsicas<\/h3>\n<ul style='padding-left: 20px; font-size: 15px; color: inherit;'>\n<li style='margin-bottom: 5px;'><strong>Peso:<\/strong> 1.23 Kg<\/li>\n<li style='margin-bottom: 5px;'><strong>Dimensiones:<\/strong> 203 x 180 x 56 mm<\/li>\n<\/ul><\/div>\n<\/p><\/div>\n<\/p><\/div>\n","protected":false},"excerpt":{"rendered":"<p>Fuente de Poder de Alta Fiabilidad 13.8v \/ 20A m\u00e1x con Cargador de Bater\u00edas<\/p>\n","protected":false},"featured_media":106001,"comment_status":"open","ping_status":"closed","template":"","meta":[],"product_brand":[],"product_cat":[874],"product_tag":[142,875,1340],"class_list":{"0":"post-106002","1":"product","2":"type-product","3":"status-publish","4":"has-post-thumbnail","6":"product_cat-fuentes-industriales-de-cd","7":"product_tag-energia","8":"product_tag-fuentes-industriales-de-cd","9":"product_tag-ict","11":"first","12":"outofstock","13":"sale","14":"shipping-taxable","15":"purchasable","16":"product-type-simple"},"_links":{"self":[{"href":"https:\/\/soydeaqui.ddns.net\/pachuca\/index.php\/wp-json\/wp\/v2\/product\/106002","targetHints":{"allow":["GET"]}}],"collection":[{"href":"https:\/\/soydeaqui.ddns.net\/pachuca\/index.php\/wp-json\/wp\/v2\/product"}],"about":[{"href":"https:\/\/soydeaqui.ddns.net\/pachuca\/index.php\/wp-json\/wp\/v2\/types\/product"}],"replies":[{"embeddable":true,"href":"https:\/\/soydeaqui.ddns.net\/pachuca\/index.php\/wp-json\/wp\/v2\/comments?post=106002"}],"wp:featuredmedia":[{"embeddable":true,"href":"https:\/\/soydeaqui.ddns.net\/pachuca\/index.php\/wp-json\/wp\/v2\/media\/106001"}],"wp:attachment":[{"href":"https:\/\/soydeaqui.ddns.net\/pachuca\/index.php\/wp-json\/wp\/v2\/media?parent=106002"}],"wp:term":[{"taxonomy":"product_brand","embeddable":true,"href":"https:\/\/soydeaqui.ddns.net\/pachuca\/index.php\/wp-json\/wp\/v2\/product_brand?post=106002"},{"taxonomy":"product_cat","embeddable":true,"href":"https:\/\/soydeaqui.ddns.net\/pachuca\/index.php\/wp-json\/wp\/v2\/product_cat?post=106002"},{"taxonomy":"product_tag","embeddable":true,"href":"https:\/\/soydeaqui.ddns.net\/pachuca\/index.php\/wp-json\/wp\/v2\/product_tag?post=106002"}],"curies":[{"name":"wp","href":"https:\/\/api.w.org\/{rel}","templated":true}]}}