{"id":105953,"date":"2026-03-20T15:50:59","date_gmt":"2026-03-20T15:50:59","guid":{"rendered":"https:\/\/soydeaqui.ddns.net\/pachuca\/index.php\/producto\/camara-de-tablero-camara-frontal-de-4-megapixel-2k-y-trasera-de-2-megapixel-1080p-entrada-de-alarma-para-cambio-a-camara-de-reversa-h-265-pantalla-tactil-3-wifi-g-sensor-microfono\/"},"modified":"2026-03-20T15:51:12","modified_gmt":"2026-03-20T15:51:12","slug":"camara-de-tablero-camara-frontal-de-4-megapixel-2k-y-trasera-de-2-megapixel-1080p-entrada-de-alarma-para-cambio-a-camara-de-reversa-h-265-pantalla-tactil-3-wifi-g-sensor-microfono","status":"publish","type":"product","link":"https:\/\/soydeaqui.ddns.net\/pachuca\/index.php\/producto\/camara-de-tablero-camara-frontal-de-4-megapixel-2k-y-trasera-de-2-megapixel-1080p-entrada-de-alarma-para-cambio-a-camara-de-reversa-h-265-pantalla-tactil-3-wifi-g-sensor-microfono\/","title":{"rendered":"C\u00e1mara de Tablero \/ C\u00e1mara Frontal de 4 Megapixel (2K) y Trasera de 2 Megapixel (1080p) \/ Entrada de alarma para cambio a c\u00e1mara de reversa \/ H.265 \/  Pantalla T\u00e1ctil 3&#8243; \/ WiFi \/ G-Sensor \/ Micr\u00f3fono y Bocina Integr"},"content":{"rendered":"<div style='width: 100%; max-width: 1200px; margin: 0 auto; font-family: sans-serif; line-height: 1.6; color: inherit; background-color: transparent;'> <!-- Logo Hikvision --> <\/p>\n<p style='text-align: center; margin: 20px 0;'><img style='width: 45%; height: auto; border: 1px solid rgba(150&comma;150&comma;150&comma;0.3); border-radius: 8px;' src='https:\/\/ftp3.syscom.mx\/usuarios\/jsosa\/HIKVISION\/imagenes\/logo\/hikvision%20see%20far.png' alt='Logo Hikvision'><\/p>\n<p> <!-- Video principal --> <\/p>\n<div style='position: relative; padding-bottom: 56.25%; height: 0; overflow: hidden; margin: 30px 0;'>   <\/div>\n<p> <!-- Secci\u00f3n de caracter\u00edsticas --> <\/p>\n<div style='display: flex; flex-wrap: wrap; gap: 30px; margin: 30px 0;'>\n<div style='flex: 1 1 300px; min-width: 280px;'>\n<h3 style='font-size: 22px; border-bottom: 2px solid currentColor; padding-bottom: 5px; margin-top: 0; color: inherit; opacity: 0.8;'>Caracter\u00edsticas principales<\/h3>\n<ul style='padding-left: 20px; font-size: 15px; color: inherit;'>\n<li style='margin-bottom: 5px;'><strong>C\u00e1mara frontal:<\/strong> 4 Megapixel (2560 x 1440p)&comma; gran angular 123\u00b0 de visi\u00f3n<\/li>\n<li style='margin-bottom: 5px;'><strong>C\u00e1mara trasera:<\/strong> 2 Megapixel (1080p)<\/li>\n<li style='margin-bottom: 5px;'><strong>Compresi\u00f3n de video:<\/strong> H.265<\/li>\n<li style='margin-bottom: 5px;'><strong>Micr\u00f3fono y altavoz:<\/strong> Integrados<\/li>\n<li style='margin-bottom: 5px;'><strong>Pantalla:<\/strong> T\u00e1ctil de 3&#8242;<\/li>\n<li style='margin-bottom: 5px;'><strong>Conectividad:<\/strong> M\u00f3dulo Wi-Fi (genera un AP con la App para revisar grabaciones)<\/li>\n<li style='margin-bottom: 5px;'><strong>G-Sensor:<\/strong> M\u00f3dulo incorporado&comma; compatible con enlace de grabaci\u00f3n en caso de accidente o vibraci\u00f3n fuerte<\/li>\n<li style='margin-bottom: 5px;'><strong>Memoria:<\/strong> Soporta tarjeta micro SD hasta 128 GB (no incluida)<\/li>\n<li style='margin-bottom: 5px;'><strong>Aplicaci\u00f3n:<\/strong> Visualizaci\u00f3n en vivo&comma; reproducci\u00f3n de grabaciones y configuraci\u00f3n de par\u00e1metros (solo local&comma; no soporta visualizaci\u00f3n remota)<\/li>\n<li style='margin-bottom: 5px;'><strong>Instalaci\u00f3n:<\/strong> F\u00e1cil instalaci\u00f3n y uso&comma; plug and play (grabaci\u00f3n autom\u00e1tica despu\u00e9s de encender)<\/li>\n<\/ul><\/div>\n<div style='flex: 1 1 300px; min-width: 280px;'>\n<h3 style='font-size: 22px; border-bottom: 2px solid currentColor; padding-bottom: 5px; margin-top: 0; color: inherit; opacity: 0.8;'>Caracter\u00edsticas F\u00edsicas y El\u00e9ctricas<\/h3>\n<ul style='padding-left: 20px; font-size: 15px; color: inherit;'>\n<li style='margin-bottom: 5px;'><strong>Puerto USB:<\/strong> Para alimentaci\u00f3n (incluye adaptador y cable de 3.4 mts)<\/li>\n<li style='margin-bottom: 5px;'><strong>Temperatura de operaci\u00f3n:<\/strong> -20\u00b0C a 70\u00b0C<\/li>\n<li style='margin-bottom: 5px;'><strong>Alimentaci\u00f3n:<\/strong> 5 Vcc \/ 2 A \/ 4 Watts<\/li>\n<li style='margin-bottom: 5px;'><strong>Dimensiones:<\/strong> 55.80 x 89.30 x 41.87 mm<\/li>\n<li style='margin-bottom: 5px;'><strong>Peso:<\/strong> 177 gramos<\/li>\n<li style='margin-bottom: 5px;'><strong>Entrada de alarma:<\/strong> En c\u00e1mara trasera para cambio de imagen en reversa<\/li>\n<li style='margin-bottom: 5px;'><strong>Garant\u00eda:<\/strong> 5 a\u00f1os<\/li>\n<\/ul><\/div>\n<\/p><\/div>\n<p> <!-- Consideraciones --> <\/p>\n<div style='margin: 30px 0;'>\n<h3 style='font-size: 22px; border-bottom: 2px solid currentColor; padding-bottom: 5px; margin-top: 0; color: inherit; opacity: 0.8;'>Consideraciones<\/h3>\n<ul style='padding-left: 20px; font-size: 15px; color: inherit;'>\n<li style='margin-bottom: 5px;'><strong>Cableado:<\/strong> Conector micro USB (3.4 metros de longitud) y adaptador para el cenicero (incluido)<\/li>\n<li style='margin-bottom: 5px;'><strong>Cable de c\u00e1mara trasera:<\/strong> 5.5 metros de longitud<\/li>\n<li style='margin-bottom: 5px;'><strong>Aplicaci\u00f3n m\u00f3vil:<\/strong> Hik-Dashcam&comma; disponible mediante c\u00f3digo QR en el manual de usuario <a style='color: #005cb9; text-decoration: none;' href='https:\/\/ftp3.syscom.mx\/usuarios\/jmolinar\/JonathanMolinar\/Hikvision\/UD25220B_Baseline_Dashcam%20K5_User%20Manual_V1.0.0_20210831.pdf' target='_blank'>(manual de usuario)<\/a><\/li>\n<li style='margin-bottom: 5px;'><strong>Conectividad:<\/strong> No soporta transmisi\u00f3n remota&comma; solo funciona en red local para visualizaci\u00f3n y configuraci\u00f3n<\/li>\n<\/ul><\/div>\n<p> <!-- Imagen y video adicionales --> <\/p>\n<div style='display: flex; flex-wrap: wrap; gap: 20px; margin: 30px 0;'>\n<div style='flex: 1 1 49%; min-width: 300px;'> <img style='width: 100%; height: auto; border: 1px solid rgba(150&comma;150&comma;150&comma;0.3); border-radius: 8px;' src='http:\/\/ftp3.syscom.mx\/usuarios\/ftp\/2025\/10\/28\/1313\/K5_preview__2_.png_froala_690101903720e' alt='Vista frontal del producto'> <\/div>\n<div style='flex: 1 1 49%; min-width: 300px;'>\n<div style='position: relative; padding-bottom: 56.25%; height: 0; overflow: hidden;'>   <\/div>\n<\/p><\/div>\n<\/p><\/div>\n<p> <!-- Banner final --> <\/p>\n<div style='margin: 30px 0;'> <img style='width: 100%; height: auto; border: 1px solid rgba(150&comma;150&comma;150&comma;0.3); border-radius: 8px;' src='https:\/\/ftp3.syscom.mx\/usuarios\/jsosa\/HIKVISION\/imagenes\/banners\/solution%20complete.png' alt='Soluci\u00f3n completa Hikvision'> <\/div>\n<p> <!-- Separador final --> <\/p>\n<hr style='border: 0; border-top: 1px solid rgba(150&comma; 150&comma; 150&comma; 0.3); margin: 30px 0;'> <\/div>\n","protected":false},"excerpt":{"rendered":"<p>C\u00e1mara de Tablero \/ C\u00e1mara Frontal de 4 Megapixel (2K) y Trasera de 2 Megapixel (1080p) \/ Entrada de alarma para cambio a c\u00e1mara de reversa \/ H.265 \/  Pantalla T\u00e1ctil 3&#8243; \/ WiFi \/ G-Sensor \/ Micr\u00f3fono y Bocina Integr<\/p>\n","protected":false},"featured_media":105952,"comment_status":"open","ping_status":"closed","template":"","meta":[],"product_brand":[],"product_cat":[1343],"product_tag":[54,1345,1344],"class_list":{"0":"post-105953","1":"product","2":"type-product","3":"status-publish","4":"has-post-thumbnail","6":"product_cat-videograbadoras-moviles","7":"product_tag-hikvision","8":"product_tag-videograbadoras-moviles","9":"product_tag-videograbadoras-moviles-y-portatiles","11":"first","12":"instock","13":"sale","14":"shipping-taxable","15":"purchasable","16":"product-type-simple"},"_links":{"self":[{"href":"https:\/\/soydeaqui.ddns.net\/pachuca\/index.php\/wp-json\/wp\/v2\/product\/105953","targetHints":{"allow":["GET"]}}],"collection":[{"href":"https:\/\/soydeaqui.ddns.net\/pachuca\/index.php\/wp-json\/wp\/v2\/product"}],"about":[{"href":"https:\/\/soydeaqui.ddns.net\/pachuca\/index.php\/wp-json\/wp\/v2\/types\/product"}],"replies":[{"embeddable":true,"href":"https:\/\/soydeaqui.ddns.net\/pachuca\/index.php\/wp-json\/wp\/v2\/comments?post=105953"}],"wp:featuredmedia":[{"embeddable":true,"href":"https:\/\/soydeaqui.ddns.net\/pachuca\/index.php\/wp-json\/wp\/v2\/media\/105952"}],"wp:attachment":[{"href":"https:\/\/soydeaqui.ddns.net\/pachuca\/index.php\/wp-json\/wp\/v2\/media?parent=105953"}],"wp:term":[{"taxonomy":"product_brand","embeddable":true,"href":"https:\/\/soydeaqui.ddns.net\/pachuca\/index.php\/wp-json\/wp\/v2\/product_brand?post=105953"},{"taxonomy":"product_cat","embeddable":true,"href":"https:\/\/soydeaqui.ddns.net\/pachuca\/index.php\/wp-json\/wp\/v2\/product_cat?post=105953"},{"taxonomy":"product_tag","embeddable":true,"href":"https:\/\/soydeaqui.ddns.net\/pachuca\/index.php\/wp-json\/wp\/v2\/product_tag?post=105953"}],"curies":[{"name":"wp","href":"https:\/\/api.w.org\/{rel}","templated":true}]}}