{"id":105576,"date":"2026-03-20T15:31:26","date_gmt":"2026-03-20T15:31:26","guid":{"rendered":"https:\/\/soydeaqui.ddns.net\/pachuca\/index.php\/producto\/timbre-con-camara-wi-fi-doorbell-de-bateria-recargable-libre-de-cables-uso-exterior-con-proteccion-ip65-camara-3-megapixel-llamada-a-la-app-incluye-timbre-para-interior-con-timbres-sele\/"},"modified":"2026-03-20T15:31:49","modified_gmt":"2026-03-20T15:31:49","slug":"timbre-con-camara-wi-fi-doorbell-de-bateria-recargable-libre-de-cables-uso-exterior-con-proteccion-ip65-camara-3-megapixel-llamada-a-la-app-incluye-timbre-para-interior-con-timbres-sele","status":"publish","type":"product","link":"https:\/\/soydeaqui.ddns.net\/pachuca\/index.php\/producto\/timbre-con-camara-wi-fi-doorbell-de-bateria-recargable-libre-de-cables-uso-exterior-con-proteccion-ip65-camara-3-megapixel-llamada-a-la-app-incluye-timbre-para-interior-con-timbres-sele\/","title":{"rendered":"Timbre con C\u00e1mara Wi-Fi (Doorbell) de Bater\u00eda Recargable  \/ Libre de Cables \/ Uso Exterior Con Protecci\u00f3n (IP65) \/ C\u00e1mara 3 Megap\u00edxel \/ Llamada a la App \/ Incluye Timbre Para Interior Con Timbres Seleccionables \/ Ranura"},"content":{"rendered":"<div style='width: 100%; max-width: 1200px; margin: 0 auto; font-family: sans-serif; line-height: 1.6; color: inherit; background-color: transparent;'> <!-- Banner promocional --> <\/p>\n<div style='width: 100%; margin-bottom: 30px;'> <a href='#link' target='_blank' rel='noopener' style='display: block;'> <img style='width: 100%; height: auto; border: 1px solid rgba(150&comma;150&comma;150&comma;0.3); border-radius: 8px;' src='https:\/\/ftp3.syscom.mx\/usuarios\/rcovarrubias\/EZVIZ\/IMAGENES\/Banner%20iconos%20EZVIZ.jpg' alt='Banner promocional'> <\/a> <\/div>\n<p> <!-- Secci\u00f3n de caracter\u00edsticas en grid --> <\/p>\n<div style='display: grid; grid-template-columns: repeat(auto-fill&comma; minmax(280px&comma; 1fr)); gap: 30px; margin-bottom: 30px;'> <!-- Caracter\u00edsticas principales --> <\/p>\n<div style='border-left: 5px solid #42BB1A; border-radius: 8px; padding: 15px; background: rgba(66&comma; 187&comma; 26&comma; 0.05);'>\n<h3 style='font-size: 18px; margin-top: 0; margin-bottom: 15px; color: inherit; opacity: 0.8;'>Caracter\u00edsticas principales<\/h3>\n<ul style='padding-left: 20px; margin: 0; font-size: 14px; color: inherit;'>\n<li style='margin-bottom: 8px;'>Videoportero<\/li>\n<li style='margin-bottom: 8px;'>C\u00e1mara de 3 Megapixel (2000 x 1504)<\/li>\n<li style='margin-bottom: 8px;'>\u00c1ngulo de visi\u00f3n 176\u00b0 diagonal<\/li>\n<li style='margin-bottom: 8px;'>Lente 2 mm<\/li>\n<li style='margin-bottom: 8px;'>Sensor PIR con detecci\u00f3n de 100\u00b0&comma; hasta 5 mts<\/li>\n<li style='margin-bottom: 8px;'>Detecci\u00f3n de movimiento<\/li>\n<li style='margin-bottom: 8px;'>Micr\u00f3fono y bocina de alta sensibilidad (audio de dos v\u00edas)<\/li>\n<li style='margin-bottom: 8px;'>Protecci\u00f3n IP65&comma; uso en exterior con protecci\u00f3n<\/li>\n<li style='margin-bottom: 8px;'>Bater\u00eda Litio 5200 mAh recargable&comma; 5 Vcc \/ 2 Amp<\/li>\n<li style='margin-bottom: 8px; color: #e74c3c;'><strong>Duraci\u00f3n de la bater\u00eda:<\/strong> aprox. 1 mes<\/li>\n<li style='margin-bottom: 8px; color: #e74c3c;'><strong>Tiempo de carga:<\/strong> 3 horas en promedio<\/li>\n<li style='margin-bottom: 8px;'>Consumo 10 W<\/li>\n<li style='margin-bottom: 8px;'>Peso: 241.35 gr<\/li>\n<li style='margin-bottom: 8px;'>Dimensiones: 150 \u00d7 58 \u00d7 32 mm<\/li>\n<li style='margin-bottom: 8px;'>Operaci\u00f3n: -20\u00b0C hasta 50\u00b0C<\/li>\n<\/ul><\/div>\n<p> <!-- Caracter\u00edsticas del timbre --> <\/p>\n<div style='border-left: 5px solid #42BB1A; border-radius: 8px; padding: 15px; background: rgba(66&comma; 187&comma; 26&comma; 0.05);'>\n<h3 style='font-size: 18px; margin-top: 0; margin-bottom: 15px; color: inherit; opacity: 0.8;'>Caracter\u00edsticas del timbre<\/h3>\n<ul style='padding-left: 20px; margin: 0; font-size: 14px; color: inherit;'>\n<li style='margin-bottom: 8px;'>Timbre inteligente (Chime)<\/li>\n<li style='margin-bottom: 8px;'>M\u00faltiples tonos<\/li>\n<li style='margin-bottom: 8px;'>Sirena integrada 72 dB a 1 metro<\/li>\n<li style='margin-bottom: 8px;'>Antena Wi-Fi 2.4 GHz<\/li>\n<li style='margin-bottom: 8px;'>Alimentaci\u00f3n: 100V &#8211; 240 VAC&comma; 5 W<\/li>\n<li style='margin-bottom: 8px;'>Condiciones de operaci\u00f3n: -20\u00b0C a 50\u00b0C (-4\u00b0F a 122\u00b0F)<\/li>\n<li style='margin-bottom: 8px;'>Soporta Micro SD hasta 256 GB <span style='color: #e74c3c;'>(memoria no incluida)<\/span><\/li>\n<li style='margin-bottom: 8px;'>Compresi\u00f3n H.264 \/ H.265<\/li>\n<li style='margin-bottom: 8px;'>Bot\u00f3n de reset<\/li>\n<li style='margin-bottom: 8px;'>Incluye hasta 20 agradables tonos seleccionables<\/li>\n<li style='margin-bottom: 8px;'>Posibilidad de silenciar el timbre<\/li>\n<li style='margin-bottom: 8px;'>Dise\u00f1o compacto<\/li>\n<li style='margin-bottom: 8px;'>Peso: 120 g<\/li>\n<\/ul><\/div>\n<p> <!-- Caracter\u00edsticas destacadas --> <\/p>\n<div style='border-left: 5px solid #42BB1A; border-radius: 8px; padding: 15px; background: rgba(66&comma; 187&comma; 26&comma; 0.05);'>\n<h3 style='font-size: 18px; margin-top: 0; margin-bottom: 15px; color: inherit; opacity: 0.8;'>Caracter\u00edsticas destacadas<\/h3>\n<ul style='padding-left: 20px; margin: 0; font-size: 14px; color: inherit;'>\n<li style='margin-bottom: 8px;'>Grabaci\u00f3n en la nube EZVIZ (se brindan 7 d\u00edas gratis de prueba)<\/li>\n<li style='margin-bottom: 8px;'>El videoportero soporta llamada a la App de EZVIZ y sonido en el timbre interno (Chime) de manera instant\u00e1nea cuando llega un visitante<\/li>\n<\/ul>\n<h4 style='margin-top: 25px; margin-bottom: 15px; font-size: 16px; color: inherit; opacity: 0.8;'>Notas:<\/h4>\n<ul style='padding-left: 20px; margin: 0; font-size: 14px; color: inherit; list-style-type: square;'>\n<li style='margin-bottom: 8px; color: #e74c3c;'><strong>La duraci\u00f3n de bater\u00eda es variable&comma; depende de la frecuencia de uso<\/strong><\/li>\n<li style='margin-bottom: 8px; color: #e74c3c;'><strong>Configuraci\u00f3n \u00fanicamente mediante aplicaci\u00f3n EZVIZ<\/strong><\/li>\n<li style='margin-bottom: 8px; color: #e74c3c;'><strong>Se puede instalar en exterior con protecci\u00f3n<\/strong><\/li>\n<li style='margin-bottom: 8px; color: #e74c3c;'><strong>Ideal para departamentos y hogares<\/strong><\/li>\n<\/ul><\/div>\n<\/p><\/div>\n<p> <!-- Secci\u00f3n de im\u00e1genes --> <\/p>\n<div style='width: 100%; margin-bottom: 30px;'>\n<h2 style='font-size: 24px; text-align: center; margin-bottom: 20px; color: inherit;'>Elija uno de los 20 diferentes tonos<\/h2>\n<p> <img style='width: 100%; height: auto; border: 1px solid rgba(150&comma;150&comma;150&comma;0.3); border-radius: 8px;' src='https:\/\/ftp3.syscom.mx\/usuarios\/rcovarrubias\/EZVIZ\/IMAGENES\/DB2C\/db2c2.png' alt='Opciones de tonos'> <\/div>\n<p> <!-- Im\u00e1genes adicionales --> <\/p>\n<div style='display: grid; grid-template-columns: repeat(auto-fill&comma; minmax(280px&comma; 1fr)); gap: 20px; margin-bottom: 30px;'>\n<div style='width: 100%;'>\n<h3 style='font-size: 18px; text-align: center; margin-bottom: 15px; color: inherit;'>Rango de Detecci\u00f3n PIR<\/h3>\n<p> <img style='width: 100%; height: auto; border: 1px solid rgba(150&comma;150&comma;150&comma;0.3); border-radius: 8px;' src='https:\/\/ftp3.syscom.mx\/usuarios\/rcovarrubias\/EZVIZ\/Manual%20esp-ing\/CS-DB2KIT\/imag1db2k.png' alt='Rango de detecci\u00f3n PIR'> <\/div>\n<div style='width: 100%;'>\n<h3 style='font-size: 18px; text-align: center; margin-bottom: 15px; color: inherit;'>Audio Bidireccional<\/h3>\n<p> <img style='width: 100%; height: auto; border: 1px solid rgba(150&comma;150&comma;150&comma;0.3); border-radius: 8px;' src='https:\/\/ftp3.syscom.mx\/usuarios\/rcovarrubias\/EZVIZ\/Manual%20esp-ing\/CS-DB2KIT\/audio%20biddb2k.png' alt='Audio bidireccional'> <\/div>\n<div style='width: 100%;'> <img style='width: 100%; height: auto; border: 1px solid rgba(150&comma;150&comma;150&comma;0.3); border-radius: 8px;' src='https:\/\/ftp3.syscom.mx\/usuarios\/rcovarrubias\/EZVIZ\/Manual%20esp-ing\/CS-DB2KIT\/imag2db2k.png' alt=''> <\/div>\n<div style='width: 100%;'> <img style='width: 100%; height: auto; border: 1px solid rgba(150&comma;150&comma;150&comma;0.3); border-radius: 8px;' src='https:\/\/ftp3.syscom.mx\/usuarios\/rcovarrubias\/EZVIZ\/Manual%20esp-ing\/CS-DB2KIT\/iamg3db2k.png' alt=''> <\/div>\n<div style='width: 100%;'> <img style='width: 100%; height: auto; border: 1px solid rgba(150&comma;150&comma;150&comma;0.3); border-radius: 8px;' src='https:\/\/ftp3.syscom.mx\/usuarios\/rcovarrubias\/EZVIZ\/Manual%20esp-ing\/CS-DB2KIT\/alarmdb2kit.png' alt=''> <\/div>\n<div style='width: 100%;'> <img style='width: 100%; height: auto; border: 1px solid rgba(150&comma;150&comma;150&comma;0.3); border-radius: 8px;' src='https:\/\/ftp3.syscom.mx\/usuarios\/rcovarrubias\/EZVIZ\/Manual%20esp-ing\/CS-DB2KIT\/diagramadb2k.png' alt=''> <\/div>\n<div style='width: 100%;'> <img style='width: 100%; height: auto; border: 1px solid rgba(150&comma;150&comma;150&comma;0.3); border-radius: 8px;' src='https:\/\/ftp3.syscom.mx\/usuarios\/rcovarrubias\/EZVIZ\/Manual%20esp-ing\/CS-DB2KIT\/iamg4db2k.png' alt=''> <\/div>\n<\/p><\/div>\n<\/p><\/div>\n","protected":false},"excerpt":{"rendered":"<p>Timbre con C\u00e1mara Wi-Fi (Doorbell) de Bater\u00eda Recargable  \/ Libre de Cables \/ Uso Exterior Con Protecci\u00f3n (IP65) \/ C\u00e1mara 3 Megap\u00edxel \/ Llamada a la App \/ Incluye Timbre Para Interior Con Timbres Seleccionables \/ Ranura<\/p>\n","protected":false},"featured_media":105575,"comment_status":"open","ping_status":"closed","template":"","meta":[],"product_brand":[],"product_cat":[856],"product_tag":[111,557,857],"class_list":{"0":"post-105576","1":"product","2":"type-product","3":"status-publish","4":"has-post-thumbnail","6":"product_cat-videoporteros-ip","7":"product_tag-ezviz","8":"product_tag-videoporteros-e-interfonos","9":"product_tag-videoporteros-ip","11":"first","12":"instock","13":"sale","14":"shipping-taxable","15":"purchasable","16":"product-type-simple"},"_links":{"self":[{"href":"https:\/\/soydeaqui.ddns.net\/pachuca\/index.php\/wp-json\/wp\/v2\/product\/105576","targetHints":{"allow":["GET"]}}],"collection":[{"href":"https:\/\/soydeaqui.ddns.net\/pachuca\/index.php\/wp-json\/wp\/v2\/product"}],"about":[{"href":"https:\/\/soydeaqui.ddns.net\/pachuca\/index.php\/wp-json\/wp\/v2\/types\/product"}],"replies":[{"embeddable":true,"href":"https:\/\/soydeaqui.ddns.net\/pachuca\/index.php\/wp-json\/wp\/v2\/comments?post=105576"}],"wp:featuredmedia":[{"embeddable":true,"href":"https:\/\/soydeaqui.ddns.net\/pachuca\/index.php\/wp-json\/wp\/v2\/media\/105575"}],"wp:attachment":[{"href":"https:\/\/soydeaqui.ddns.net\/pachuca\/index.php\/wp-json\/wp\/v2\/media?parent=105576"}],"wp:term":[{"taxonomy":"product_brand","embeddable":true,"href":"https:\/\/soydeaqui.ddns.net\/pachuca\/index.php\/wp-json\/wp\/v2\/product_brand?post=105576"},{"taxonomy":"product_cat","embeddable":true,"href":"https:\/\/soydeaqui.ddns.net\/pachuca\/index.php\/wp-json\/wp\/v2\/product_cat?post=105576"},{"taxonomy":"product_tag","embeddable":true,"href":"https:\/\/soydeaqui.ddns.net\/pachuca\/index.php\/wp-json\/wp\/v2\/product_tag?post=105576"}],"curies":[{"name":"wp","href":"https:\/\/api.w.org\/{rel}","templated":true}]}}