{"id":105497,"date":"2026-03-20T15:27:24","date_gmt":"2026-03-20T15:27:24","guid":{"rendered":"https:\/\/soydeaqui.ddns.net\/pachuca\/index.php\/producto\/llave-13mm-y-10-mm-con-rach-para-instalacion-de-antenas\/"},"modified":"2026-03-20T15:27:35","modified_gmt":"2026-03-20T15:27:35","slug":"llave-13mm-y-10-mm-con-rach-para-instalacion-de-antenas","status":"publish","type":"product","link":"https:\/\/soydeaqui.ddns.net\/pachuca\/index.php\/producto\/llave-13mm-y-10-mm-con-rach-para-instalacion-de-antenas\/","title":{"rendered":"Llave 13mm y 10 mm con rach para instalacion de antenas"},"content":{"rendered":"<div style='width: 100%; max-width: 1200px; margin: 0 auto; font-family: sans-serif; line-height: 1.6; color: inherit; background-color: transparent;'>\n<div style='display: flex; flex-wrap: wrap; gap: 30px; margin-bottom: 30px;'>\n<div style='flex: 1 1 300px; min-width: 280px;'>\n<h3 style='font-size: 22px; border-bottom: 2px solid currentColor; padding-bottom: 5px; margin-top: 0; color: inherit; opacity: 0.8;'>Caracter\u00edsticas principales<\/h3>\n<ul style='padding-left: 20px; font-size: 15px; color: inherit;'>\n<li style='margin-bottom: 5px;'>Llave combinada 13mm y 10mm para versatilidad<\/li>\n<li style='margin-bottom: 5px;'>Mecanismo de trinquete para instalaci\u00f3n r\u00e1pida<\/li>\n<li style='margin-bottom: 5px;'>Dise\u00f1o ergon\u00f3mico para mayor comodidad<\/li>\n<li style='margin-bottom: 5px;'>Fabricada en acero de alta resistencia<\/li>\n<li style='margin-bottom: 5px;'>Ideal para instalaciones de antenas<\/li>\n<\/ul>\n<\/div>\n<div style='flex: 1 1 300px; min-width: 280px;'>\n<h3 style='font-size: 22px; border-bottom: 2px solid currentColor; padding-bottom: 5px; margin-top: 0; color: inherit; opacity: 0.8;'>Especificaciones t\u00e9cnicas<\/h3>\n<ul style='padding-left: 20px; font-size: 15px; color: inherit;'>\n<li style='margin-bottom: 5px;'><strong>Materiales:<\/strong> Acero cromado<\/li>\n<li style='margin-bottom: 5px;'><strong>Peso:<\/strong> 0.1 kg (0.22 lbs) &#8211; una unidad<\/li>\n<li style='margin-bottom: 5px;'><strong>Peso con paquete:<\/strong> 0.15 kg (0.24 lbs)<\/li>\n<li style='margin-bottom: 5px;'><strong>Peso por caja (8 unidades):<\/strong> 1.0 kg (2.2 lbs)<\/li>\n<li style='margin-bottom: 5px;'><strong>Peso por caja (160 unidades):<\/strong> 22 kg (48.5 lbs)<\/li>\n<\/ul>\n<\/div>\n<div style='flex: 1 1 300px; min-width: 280px;'>\n<h3 style='font-size: 22px; border-bottom: 2px solid currentColor; padding-bottom: 5px; margin-top: 0; color: inherit; opacity: 0.8;'>Dimensiones<\/h3>\n<ul style='padding-left: 20px; font-size: 15px; color: inherit;'>\n<li style='margin-bottom: 5px;'><strong>Unidad con paquete:<\/strong> 22 \u00d7 7.6 \u00d7 1.7 cm (8.3 \u00d7 3.0 \u00d7 0.7 pulg)<\/li>\n<li style='margin-bottom: 5px;'><strong>Caja de 8 unidades:<\/strong> 23 \u00d7 12 \u00d7 8.5 cm (9.0 \u00d7 4.8 \u00d7 3.3 pulg)<\/li>\n<li style='margin-bottom: 5px;'><strong>Caja de 160 unidades:<\/strong> 50.5 \u00d7 41.5 \u00d7 24.5 cm (19.9 \u00d7 16.3 \u00d7 9.6 pulg)<\/li>\n<\/ul>\n<\/div>\n<\/div>\n<div style='display: flex; flex-wrap: wrap; gap: 20px; margin-bottom: 30px;'>\n<div style='flex: 1 1 250px; border: 1px solid rgba(150&comma; 150&comma; 150&comma; 0.4); border-radius: 8px; overflow: hidden; display: flex; flex-direction: column;'>\n<div style='padding: 15px; border-bottom: 1px solid rgba(150&comma; 150&comma; 150&comma; 0.2); font-weight: bold; font-size: 18px; color: inherit;'>Dimensiones de la llave<\/div>\n<div style='padding: 15px; color: inherit;'>\n<ul style='padding-left: 20px; margin: 0; font-size: 14px; list-style-type: disc;'>\n<li style='margin-bottom: 5px;'><strong>Longitud:<\/strong> 27 mm (1.06 pulg)<\/li>\n<li style='margin-bottom: 5px;'><strong>Ancho:<\/strong> 28 mm (1.1 pulg)<\/li>\n<\/ul>\n<\/div>\n<\/div>\n<\/div>\n<hr style='border: 0; border-top: 1px solid rgba(150&comma; 150&comma; 150&comma; 0.3); margin: 30px 0;'>\n<div style='display: flex; flex-wrap: wrap; gap: 30px; margin-bottom: 30px;'>\n<div style='flex: 1 1 300px; min-width: 280px;'>\n<h3 style='font-size: 22px; border-bottom: 2px solid currentColor; padding-bottom: 5px; margin-top: 0; color: inherit; opacity: 0.8;'>Contenido del paquete<\/h3>\n<ul style='padding-left: 20px; font-size: 15px; color: inherit;'>\n<li style='margin-bottom: 5px;'>Llave de trinquete reversible<\/li>\n<\/ul>\n<\/div>\n<\/div>\n<\/div>\n","protected":false},"excerpt":{"rendered":"<p>Llave 13mm y 10 mm con rach para instalacion de antenas<\/p>\n","protected":false},"featured_media":105496,"comment_status":"open","ping_status":"closed","template":"","meta":[],"product_brand":[],"product_cat":[1983],"product_tag":[93,1404,1988],"class_list":{"0":"post-105497","1":"product","2":"type-product","3":"status-publish","4":"has-post-thumbnail","6":"product_cat-accesorios-antenas-redes-e-it","7":"product_tag-accesorios","8":"product_tag-antenas","9":"product_tag-rf-elements","11":"first","12":"instock","13":"sale","14":"shipping-taxable","15":"purchasable","16":"product-type-simple"},"_links":{"self":[{"href":"https:\/\/soydeaqui.ddns.net\/pachuca\/index.php\/wp-json\/wp\/v2\/product\/105497","targetHints":{"allow":["GET"]}}],"collection":[{"href":"https:\/\/soydeaqui.ddns.net\/pachuca\/index.php\/wp-json\/wp\/v2\/product"}],"about":[{"href":"https:\/\/soydeaqui.ddns.net\/pachuca\/index.php\/wp-json\/wp\/v2\/types\/product"}],"replies":[{"embeddable":true,"href":"https:\/\/soydeaqui.ddns.net\/pachuca\/index.php\/wp-json\/wp\/v2\/comments?post=105497"}],"wp:featuredmedia":[{"embeddable":true,"href":"https:\/\/soydeaqui.ddns.net\/pachuca\/index.php\/wp-json\/wp\/v2\/media\/105496"}],"wp:attachment":[{"href":"https:\/\/soydeaqui.ddns.net\/pachuca\/index.php\/wp-json\/wp\/v2\/media?parent=105497"}],"wp:term":[{"taxonomy":"product_brand","embeddable":true,"href":"https:\/\/soydeaqui.ddns.net\/pachuca\/index.php\/wp-json\/wp\/v2\/product_brand?post=105497"},{"taxonomy":"product_cat","embeddable":true,"href":"https:\/\/soydeaqui.ddns.net\/pachuca\/index.php\/wp-json\/wp\/v2\/product_cat?post=105497"},{"taxonomy":"product_tag","embeddable":true,"href":"https:\/\/soydeaqui.ddns.net\/pachuca\/index.php\/wp-json\/wp\/v2\/product_tag?post=105497"}],"curies":[{"name":"wp","href":"https:\/\/api.w.org\/{rel}","templated":true}]}}