{"id":105005,"date":"2026-03-20T15:02:16","date_gmt":"2026-03-20T15:02:16","guid":{"rendered":"https:\/\/soydeaqui.ddns.net\/pachuca\/index.php\/producto\/panel-led-full-color-para-videowall-pixel-pitch-1-8-mm-resolucion-256-x-288-uso-en-interior\/"},"modified":"2026-03-20T15:02:21","modified_gmt":"2026-03-20T15:02:21","slug":"panel-led-full-color-para-videowall-pixel-pitch-1-8-mm-resolucion-256-x-288-uso-en-interior","status":"publish","type":"product","link":"https:\/\/soydeaqui.ddns.net\/pachuca\/index.php\/producto\/panel-led-full-color-para-videowall-pixel-pitch-1-8-mm-resolucion-256-x-288-uso-en-interior\/","title":{"rendered":"Panel LED Full Color para Videowall \/ Pixel Pitch 1.8 mm \/ Resoluci\u00f3n 256 X 288 \/ Uso en Interior"},"content":{"rendered":"<div style='width: 100%; max-width: 1200px; margin: 0 auto; font-family: sans-serif; line-height: 1.6; color: inherit; background-color: transparent;'> <!-- Imagen principal --> <\/p>\n<div style='display: flex; justify-content: center; margin-bottom: 20px;'> <img style='width: 100%; max-width: 540px; height: auto; border: 1px solid rgba(150&comma;150&comma;150&comma;0.3); border-radius: 8px;' src='https:\/\/ftp3.syscom.mx\/usuarios\/nortega\/hikvision\/HPD.png' alt='Panel LED Full Color para Videowall'> <\/div>\n<p> <!-- Grid de caracter\u00edsticas --> <\/p>\n<div style='display: flex; flex-wrap: wrap; gap: 30px; margin-bottom: 30px;'> <!-- Caracter\u00edsticas principales --> <\/p>\n<div style='flex: 1 1 300px; min-width: 280px;'>\n<h3 style='font-size: 22px; border-bottom: 2px solid currentColor; padding-bottom: 5px; margin-top: 0; color: inherit; opacity: 0.8;'>Caracter\u00edsticas principales<\/h3>\n<ul style='padding-left: 20px; font-size: 15px; color: inherit;'>\n<li style='margin-bottom: 5px;'>Resoluci\u00f3n: 256 X 288 pixeles \/ 60 Hz<\/li>\n<li style='margin-bottom: 5px;'>Angulo de visi\u00f3n: Horizontal: 160\u00b0&comma; vertical: 160\u00b0<\/li>\n<li style='margin-bottom: 5px;'>Tiempo de respuesta en nanosegundos<\/li>\n<li style='margin-bottom: 5px;'>Distancia de visualizacion minima recomendada: \u22652 m<\/li>\n<li style='margin-bottom: 5px;'>Distancia de visualizacion optima: \u22656 m<\/li>\n<li style='margin-bottom: 5px;'>Larga vida \u00fatil<\/li>\n<li style='margin-bottom: 5px;'>Mantiene la unifomidad del color<\/li>\n<li style='margin-bottom: 5px;'>Brillo y nitidez superior de alta calidad<\/li>\n<li style='margin-bottom: 5px;'>Excelente relaci\u00f3n de contraste<\/li>\n<\/ul><\/div>\n<p> <!-- Caracter\u00edsticas F\u00edsicas y El\u00e9ctricas --> <\/p>\n<div style='flex: 1 1 300px; min-width: 280px;'>\n<h3 style='font-size: 22px; border-bottom: 2px solid currentColor; padding-bottom: 5px; margin-top: 0; color: inherit; opacity: 0.8;'>Caracter\u00edsticas F\u00edsicas y El\u00e9ctricas<\/h3>\n<ul style='padding-left: 20px; font-size: 15px; color: inherit;'>\n<li style='margin-bottom: 5px;'>Alimentacion: 100 &#8211; 240 VAC \/ 60 Hz<\/li>\n<li style='margin-bottom: 5px;'>Consumo: M\u00e1ximo 700 Watts<\/li>\n<li style='margin-bottom: 5px;'>Temperatura de operacion: -10\u00b0 a 40\u00b0<\/li>\n<li style='margin-bottom: 5px;'>Dimensiones: 480 \u00d7 540 \u00d7 70 mm (18&comma;9 \u00d7 21&comma;2 \u00d7 2&comma;6 pulgadas)<\/li>\n<li style='margin-bottom: 5px;'>Uso en interior<\/li>\n<\/ul><\/div>\n<\/p><\/div>\n<p> <!-- Nota sobre controlador --> <\/p>\n<div style='margin: 30px 0; font-size: 15px; color: inherit;'>\n<p style='margin: 0;'><strong>Se requiere controlador de videowall<\/strong>&comma; el cual depende del tama\u00f1o del videowall deseado (consultar con ingenieria)<\/p>\n<\/p><\/div>\n<p> <!-- Videos de YouTube --> <\/p>\n<div style='display: flex; flex-wrap: wrap; gap: 20px; margin-bottom: 30px;'> <!-- Video 1 --> <\/p>\n<div style='flex: 1 1 300px; min-width: 280px;'>\n<div style='position: relative; padding-bottom: 56.25%; height: 0; overflow: hidden; margin-bottom: 10px;'>   <\/div>\n<p style='font-size: 14px; color: inherit; margin: 0; text-align: center;'>Hikvision 3rd Generation LED Unboxing &#038; Installation<\/p>\n<\/p><\/div>\n<p> <!-- Video 2 --> <\/p>\n<div style='flex: 1 1 300px; min-width: 280px;'>\n<div style='position: relative; padding-bottom: 56.25%; height: 0; overflow: hidden; margin-bottom: 10px;'>   <\/div>\n<p style='font-size: 14px; color: inherit; margin: 0; text-align: center;'>Hikvision Indoor LED Cabinet Structure<\/p>\n<\/p><\/div>\n<p> <!-- Video 3 --> <\/p>\n<div style='flex: 1 1 300px; min-width: 280px;'>\n<div style='position: relative; padding-bottom: 56.25%; height: 0; overflow: hidden; margin-bottom: 10px;'>   <\/div>\n<p style='font-size: 14px; color: inherit; margin: 0; text-align: center;'>Introduction to the Manufacturing Line of Hikvision LED Displays<\/p>\n<\/p><\/div>\n<\/p><\/div>\n<p> <!-- Imagen final --> <\/p>\n<div style='display: flex; justify-content: center; margin-bottom: 20px;'> <img style='width: 100%; max-width: 800px; height: auto; border: 1px solid rgba(150&comma;150&comma;150&comma;0.3); border-radius: 8px;' src='https:\/\/ftp3.syscom.mx\/usuarios\/nortega\/hikvision\/HIKVISION-PRODUCTOS-VIDEOWALL.png' alt='Productos Hikvision Videowall'> <\/div>\n<\/p><\/div>\n","protected":false},"excerpt":{"rendered":"<p>Panel LED Full Color para Videowall \/ Pixel Pitch 1.8 mm \/ Resoluci\u00f3n 256 X 288 \/ Uso en Interior<\/p>\n","protected":false},"featured_media":105004,"comment_status":"open","ping_status":"closed","template":"","meta":[],"product_brand":[],"product_cat":[2088],"product_tag":[54,2089,2090],"class_list":{"0":"post-105005","1":"product","2":"type-product","3":"status-publish","4":"has-post-thumbnail","6":"product_cat-videowall-seguridad","7":"product_tag-hikvision","8":"product_tag-monitores-pantallas-y-mobiliario","9":"product_tag-videowall-seguridad","11":"first","12":"outofstock","13":"sale","14":"shipping-taxable","15":"purchasable","16":"product-type-simple"},"_links":{"self":[{"href":"https:\/\/soydeaqui.ddns.net\/pachuca\/index.php\/wp-json\/wp\/v2\/product\/105005","targetHints":{"allow":["GET"]}}],"collection":[{"href":"https:\/\/soydeaqui.ddns.net\/pachuca\/index.php\/wp-json\/wp\/v2\/product"}],"about":[{"href":"https:\/\/soydeaqui.ddns.net\/pachuca\/index.php\/wp-json\/wp\/v2\/types\/product"}],"replies":[{"embeddable":true,"href":"https:\/\/soydeaqui.ddns.net\/pachuca\/index.php\/wp-json\/wp\/v2\/comments?post=105005"}],"wp:featuredmedia":[{"embeddable":true,"href":"https:\/\/soydeaqui.ddns.net\/pachuca\/index.php\/wp-json\/wp\/v2\/media\/105004"}],"wp:attachment":[{"href":"https:\/\/soydeaqui.ddns.net\/pachuca\/index.php\/wp-json\/wp\/v2\/media?parent=105005"}],"wp:term":[{"taxonomy":"product_brand","embeddable":true,"href":"https:\/\/soydeaqui.ddns.net\/pachuca\/index.php\/wp-json\/wp\/v2\/product_brand?post=105005"},{"taxonomy":"product_cat","embeddable":true,"href":"https:\/\/soydeaqui.ddns.net\/pachuca\/index.php\/wp-json\/wp\/v2\/product_cat?post=105005"},{"taxonomy":"product_tag","embeddable":true,"href":"https:\/\/soydeaqui.ddns.net\/pachuca\/index.php\/wp-json\/wp\/v2\/product_tag?post=105005"}],"curies":[{"name":"wp","href":"https:\/\/api.w.org\/{rel}","templated":true}]}}