{"id":104887,"date":"2026-03-20T14:56:16","date_gmt":"2026-03-20T14:56:16","guid":{"rendered":"https:\/\/soydeaqui.ddns.net\/pachuca\/index.php\/producto\/videograbadora-analoga-32-canales-32-entradas-de-audio-resolucion-de-grabacion-2-mp-windows-8-embebido-64bit\/"},"modified":"2026-03-20T14:56:18","modified_gmt":"2026-03-20T14:56:18","slug":"videograbadora-analoga-32-canales-32-entradas-de-audio-resolucion-de-grabacion-2-mp-windows-8-embebido-64bit","status":"publish","type":"product","link":"https:\/\/soydeaqui.ddns.net\/pachuca\/index.php\/producto\/videograbadora-analoga-32-canales-32-entradas-de-audio-resolucion-de-grabacion-2-mp-windows-8-embebido-64bit\/","title":{"rendered":"Videograbadora An\u00e1loga 32 canales | 32 Entradas de Audio | Resoluci\u00f3n de Grabaci\u00f3n 2 MP | Windows 8 Embebido 64bit"},"content":{"rendered":"<div style='width: 100%; max-width: 1200px; margin: 0 auto; font-family: sans-serif; line-height: 1.6; color: inherit; background-color: transparent;'> <!-- Im\u00e1genes del producto --> <\/p>\n<div style='display: flex; flex-wrap: wrap; gap: 15px; margin-bottom: 30px;'>\n<div style='flex: 1 1 440px; min-width: 280px;'> <img style='width: 100%; height: auto; border: 1px solid rgba(150&comma;150&comma;150&comma;0.3); border-radius: 8px;' src='http:\/\/ftp3.syscom.mx\/usuarios\/adelatorre\/Banners\/IDIS-Home-Page-Banner.png' alt=''> <\/div>\n<div style='flex: 1 1 440px; min-width: 280px;'> <img style='width: 100%; height: auto; border: 1px solid rgba(150&comma;150&comma;150&comma;0.3); border-radius: 8px;' src='http:\/\/ftp3.syscom.mx\/usuarios\/adelatorre\/Banners\/IDIS-Intersec-2015.jpg' alt=''> <\/div>\n<\/p><\/div>\n<p> <!-- Descripci\u00f3n principal --> <\/p>\n<div style='margin-bottom: 30px;'>\n<h3 style='font-size: 22px; border-bottom: 2px solid currentColor; padding-bottom: 5px; margin-top: 0; color: inherit; opacity: 0.8;'>Grabaci\u00f3n Digital<\/h3>\n<p style='font-size: 15px; color: inherit;'>La Serie ID de SYSCOM es la m\u00e1s avanzada del mundo&comma; con un excelente video que mejora considerablemente la eficiencia de monitoreo adem\u00e1s de recopilar informaci\u00f3n valiosa. Calidad superior de imagen sin afectar el desempe\u00f1o a\u00fan en condiciones complicadas de grabaci\u00f3n&comma; utilizando su procesador dedicado de compresi\u00f3n H.264&comma; que entrega una diferencia notable en video comparado con el H.264 est\u00e1ndar.<\/p>\n<\/p><\/div>\n<p> <!-- Especificaciones principales --> <\/p>\n<div style='display: flex; flex-wrap: wrap; gap: 20px; margin-bottom: 30px;'>\n<div style='flex: 1 1 250px; border: 1px solid rgba(150&comma; 150&comma; 150&comma; 0.4); border-radius: 8px; overflow: hidden; display: flex; flex-direction: column;'>\n<div style='padding: 15px; border-bottom: 1px solid rgba(150&comma; 150&comma; 150&comma; 0.2); font-weight: bold; font-size: 18px; color: inherit;'>Caracter\u00edsticas T\u00e9cnicas<\/div>\n<div style='padding: 15px; color: inherit;'>\n<ul style='padding-left: 20px; margin: 0; font-size: 14px; list-style-type: disc;'>\n<li style='margin-bottom: 5px;'><strong>Entrada de video:<\/strong> 32 BNC<\/li>\n<li style='margin-bottom: 5px;'><strong>Resoluci\u00f3n de pantalla:<\/strong> 1920 x 1080 (admite modo de pantalla completa)&comma; 1280 x 1024<\/li>\n<li style='margin-bottom: 5px;'><strong>Compresi\u00f3n de video:<\/strong> H.264&comma; H.265<\/li>\n<li style='margin-bottom: 5px;'><strong>Velocidad de grabaci\u00f3n m\u00e1xima:<\/strong> 960\/800 ips @ 4CIF (N \/ P)<\/li>\n<li style='margin-bottom: 5px;'><strong>SO:<\/strong> Windows 8 integrado de 64 bits<\/li>\n<li style='margin-bottom: 5px;'><strong>Capacidad de almacenamiento:<\/strong> M\u00e1x. 5 (5 SATA 3.0) \/ e-SATA HDD<\/li>\n<\/ul><\/div>\n<\/p><\/div>\n<div style='flex: 1 1 250px; border: 1px solid rgba(150&comma; 150&comma; 150&comma; 0.4); border-radius: 8px; overflow: hidden; display: flex; flex-direction: column;'>\n<div style='padding: 15px; border-bottom: 1px solid rgba(150&comma; 150&comma; 150&comma; 0.2); font-weight: bold; font-size: 18px; color: inherit;'>Conectividad<\/div>\n<div style='padding: 15px; color: inherit;'>\n<ul style='padding-left: 20px; margin: 0; font-size: 14px; list-style-type: disc;'>\n<li style='margin-bottom: 5px;'><strong>Puerto USB:<\/strong> 2 USB 2.0 frontales + 2 USB 2.0 posteriores + 2 USB 3.0 frontales<\/li>\n<li style='margin-bottom: 5px;'><strong>Entrada \/ Salida de Audio:<\/strong> 32 \/ 1<\/li>\n<li style='margin-bottom: 5px;'><strong>Entrada \/ Salida de Alarma:<\/strong> 16 \/ 4<\/li>\n<li style='margin-bottom: 5px;'><strong>Resoluci\u00f3n de Despliegue pix:<\/strong> 1920 x 1080<\/li>\n<li style='margin-bottom: 5px;'><strong>Acceso remoto:<\/strong> Control PTZ remoto<\/li>\n<li style='margin-bottom: 5px;'><strong>Compatibilidad:<\/strong> iPHONE y Android<\/li>\n<\/ul><\/div>\n<\/p><\/div>\n<div style='flex: 1 1 250px; border: 1px solid rgba(150&comma; 150&comma; 150&comma; 0.4); border-radius: 8px; overflow: hidden; display: flex; flex-direction: column;'>\n<div style='padding: 15px; border-bottom: 1px solid rgba(150&comma; 150&comma; 150&comma; 0.2); font-weight: bold; font-size: 18px; color: inherit;'>Especificaciones F\u00edsicas<\/div>\n<div style='padding: 15px; color: inherit;'>\n<ul style='padding-left: 20px; margin: 0; font-size: 14px; list-style-type: disc;'>\n<li style='margin-bottom: 5px;'><strong>Dimensiones:<\/strong> 17.3&#8221; x 7.0&#8221; x 18.2&#8221;<\/li>\n<li style='margin-bottom: 5px;'><strong>Peso:<\/strong> 16.7 Kg<\/li>\n<li style='margin-bottom: 5px;'><strong>Consumo de energ\u00eda:<\/strong> 100 W<\/li>\n<li style='margin-bottom: 5px;'><strong>Energ\u00eda de entrada:<\/strong> CA 100 &#8211; 240V ~&comma; 50\/60 Hz&comma; 3.0 &#8211; 1.5A<\/li>\n<\/ul><\/div>\n<\/p><\/div>\n<\/p><\/div>\n<p> <!-- Funciones de red --> <\/p>\n<div style='margin-bottom: 30px;'>\n<h3 style='font-size: 22px; border-bottom: 2px solid currentColor; padding-bottom: 5px; margin-top: 0; color: inherit; opacity: 0.8;'>Funciones de Red de Datos<\/h3>\n<ul style='padding-left: 20px; font-size: 15px; color: inherit;'>\n<li style='margin-bottom: 5px;'>Compatible con DVRNS (DDNS gratuito) y SYSCOM Cloud (FEN)<\/li>\n<li style='margin-bottom: 5px;'>Descarga y reproducci\u00f3n de videos por red<\/li>\n<li style='margin-bottom: 5px;'>Control PTZ remoto<\/li>\n<li style='margin-bottom: 5px;'>Compatible con iPHONE y Android<\/li>\n<\/ul><\/div>\n<p> <!-- Garant\u00eda --> <\/p>\n<div style='margin-bottom: 30px;'>\n<p style='font-size: 16px; color: inherit; font-weight: bold;'>*3 A\u00f1os de garant\u00eda<\/p>\n<\/p><\/div>\n<p> <!-- Video y imagen adicional --> <\/p>\n<div style='display: flex; flex-wrap: wrap; gap: 15px; margin-bottom: 30px;'>\n<div style='flex: 1 1 560px; min-width: 280px;'>\n<div style='position: relative; padding-bottom: 56.25%; height: 0; overflow: hidden;'>   <\/div>\n<\/p><\/div>\n<div style='flex: 1 1 440px; min-width: 280px;'> <img style='width: 100%; height: auto; border: 1px solid rgba(150&comma;150&comma;150&comma;0.3); border-radius: 8px;' src='http:\/\/ftp3.syscom.mx\/usuarios\/fotos\/ID2932HD\/ID2932HD-F.jpg' alt=''> <\/div>\n<\/p><\/div>\n<p> <!-- Separador final --> <\/p>\n<hr style='border: 0; border-top: 1px solid rgba(150&comma; 150&comma; 150&comma; 0.3); margin: 30px 0;'> <\/div>\n","protected":false},"excerpt":{"rendered":"<p>Videograbadora An\u00e1loga 32 canales | 32 Entradas de Audio | Resoluci\u00f3n de Grabaci\u00f3n 2 MP | Windows 8 Embebido 64bit<\/p>\n","protected":false},"featured_media":104886,"comment_status":"open","ping_status":"closed","template":"","meta":[],"product_brand":[],"product_cat":[2254],"product_tag":[2255,2276,2256],"class_list":{"0":"post-104887","1":"product","2":"type-product","3":"status-publish","4":"has-post-thumbnail","6":"product_cat-videograbadoras-analogicas-turbohd-tvi-ahd-cvi","7":"product_tag-camaras-y-dvrs-hd-turbohd-ahd-hd-tvi","8":"product_tag-idis","9":"product_tag-videograbadoras-analogicas-turbohd-tvi-ahd-cvi","11":"first","12":"outofstock","13":"sale","14":"shipping-taxable","15":"purchasable","16":"product-type-simple"},"_links":{"self":[{"href":"https:\/\/soydeaqui.ddns.net\/pachuca\/index.php\/wp-json\/wp\/v2\/product\/104887","targetHints":{"allow":["GET"]}}],"collection":[{"href":"https:\/\/soydeaqui.ddns.net\/pachuca\/index.php\/wp-json\/wp\/v2\/product"}],"about":[{"href":"https:\/\/soydeaqui.ddns.net\/pachuca\/index.php\/wp-json\/wp\/v2\/types\/product"}],"replies":[{"embeddable":true,"href":"https:\/\/soydeaqui.ddns.net\/pachuca\/index.php\/wp-json\/wp\/v2\/comments?post=104887"}],"wp:featuredmedia":[{"embeddable":true,"href":"https:\/\/soydeaqui.ddns.net\/pachuca\/index.php\/wp-json\/wp\/v2\/media\/104886"}],"wp:attachment":[{"href":"https:\/\/soydeaqui.ddns.net\/pachuca\/index.php\/wp-json\/wp\/v2\/media?parent=104887"}],"wp:term":[{"taxonomy":"product_brand","embeddable":true,"href":"https:\/\/soydeaqui.ddns.net\/pachuca\/index.php\/wp-json\/wp\/v2\/product_brand?post=104887"},{"taxonomy":"product_cat","embeddable":true,"href":"https:\/\/soydeaqui.ddns.net\/pachuca\/index.php\/wp-json\/wp\/v2\/product_cat?post=104887"},{"taxonomy":"product_tag","embeddable":true,"href":"https:\/\/soydeaqui.ddns.net\/pachuca\/index.php\/wp-json\/wp\/v2\/product_tag?post=104887"}],"curies":[{"name":"wp","href":"https:\/\/api.w.org\/{rel}","templated":true}]}}